{"id":20012,"date":"2017-06-08T12:04:14","date_gmt":"2017-06-08T15:04:14","guid":{"rendered":"https:\/\/kpn.com.uy\/web\/?product=sensores-de-cultivo-optrx"},"modified":"2017-11-30T10:58:37","modified_gmt":"2017-11-30T13:58:37","slug":"sensores-de-cultivo-optrx","status":"publish","type":"product","link":"https:\/\/kpn.com.uy\/web\/producto\/sensores-de-cultivo-optrx\/","title":{"rendered":"Sensores de Cultivo OPTRX"},"content":{"rendered":"<ul>\n<li><strong>Tira de referencia virtual.\u00a0<\/strong>A diferencia de muchos otros sensores de cultivo en el mercado, el OptRx Crop Sensor no requiere una tira rica en nitr\u00f3geno para hacer recomendaciones de aplicaci\u00f3n de nitr\u00f3geno.\u00a0En cambio, OptRx se basa en una nueva tecnolog\u00eda llamada tira de referencia virtual.\u00a0Los productores simplemente identifican el \u00e1rea m\u00e1s saludable del campo y escanean esa \u00e1rea en tiempo real, en lugar de aplicar el exceso de nitr\u00f3geno a un \u00e1rea de la pretemporada de campo y mapear ese punto.<\/li>\n<li><strong>Facilidad de uso<\/strong>\u00a0.\u00a0El sensor OptRx ofrece una interfaz de usuario que supera los sensores anteriores.\u00a0OptRx se conecta directamente con la pantalla InCommand \u2122 1200 para mostrar las lecturas de los sensores y la asignaci\u00f3n en pantalla junto con otros datos de la aplicaci\u00f3n, como el control de frecuencia y el control de barrido autom\u00e1tico.<\/li>\n<li><strong>Onda de luz de borde rojo<\/strong>\u00a0.\u00a0OptRx usa una onda de luz de borde rojo para escanear plantas.\u00a0La mayor\u00eda de los productos de la competencia usan solo una longitud de onda roja, que se ha demostrado en estudios que no responde a una densidad de planta alta.\u00a0La onda de luz roja se mantiene receptiva al estr\u00e9s de salud en las plantas en etapas de crecimiento posteriores a otros productos de la competencia.<\/li>\n<li><strong>Algoritmo simple<\/strong>\u00a0.\u00a0Los sensores de cosecha OptRx usan una sola aplicaci\u00f3n de algoritmo.\u00a0Se han realizado ensayos en m\u00faltiples estados que han mostrado resultados positivos al usar un solo algoritmo en comparaci\u00f3n con m\u00faltiples algoritmos.<\/li>\n<\/ul>\n","protected":false},"excerpt":{"rendered":"<p>Los sensores de cosecha OptRx miden y registran datos sobre cultivos en tiempo real utilizando la reflectancia de la luz que brilla sobre las plantas en crecimiento.\u00a0Los sensores se pueden instalar a lo largo del auge de la aplicaci\u00f3n para recopilar informaci\u00f3n mientras se conduce por el campo.\u00a0Los datos se registran y mapean para ser utilizados en an\u00e1lisis posteriores, o para aplicaciones de velocidad variable en tiempo real.\u00a0Este tipo de datos es la clave para la agricultura de precisi\u00f3n.\u00a0Re\u00fana informaci\u00f3n en los campos, analice y luego tome decisiones basadas en los datos.<\/p>\n<ul>\n<li>Reduzca la aplicaci\u00f3n de nitr\u00f3geno en \u00e1reas ricas en nitr\u00f3geno.<\/li>\n<li>Aumentar el potencial de rendimiento en \u00e1reas pobres en nitr\u00f3geno del campo.<\/li>\n<li>Registre los datos de variaci\u00f3n de vigor del cultivo en todo el campo.<\/li>\n<li>Equilibre los efectos de la variabilidad del material org\u00e1nico en todo el campo.<\/li>\n<li>Mejore el rendimiento potencial para los cultivos da\u00f1ados por la desnitrificaci\u00f3n debido al drenaje deficiente.<\/li>\n<\/ul>\n","protected":false},"featured_media":20340,"template":"","meta":{"_exactmetrics_skip_tracking":false,"_exactmetrics_sitenote_active":false,"_exactmetrics_sitenote_note":"","_exactmetrics_sitenote_category":0,"_monsterinsights_skip_tracking":false,"_monsterinsights_sitenote_active":false,"_monsterinsights_sitenote_note":"","_monsterinsights_sitenote_category":0},"product_brand":[],"product_cat":[94,67,64],"product_tag":[],"class_list":{"0":"post-20012","1":"product","2":"type-product","3":"status-publish","4":"has-post-thumbnail","6":"product_cat-agleader","7":"product_cat-aplicacionvariable","8":"product_cat-monitoresdisplay","10":"first","11":"instock","12":"shipping-taxable","13":"product-type-simple","14":"col-xxl","15":"col-xl-4","16":"col-lg-6","17":"col-sm-6"},"_links":{"self":[{"href":"https:\/\/kpn.com.uy\/web\/wp-json\/wp\/v2\/product\/20012","targetHints":{"allow":["GET"]}}],"collection":[{"href":"https:\/\/kpn.com.uy\/web\/wp-json\/wp\/v2\/product"}],"about":[{"href":"https:\/\/kpn.com.uy\/web\/wp-json\/wp\/v2\/types\/product"}],"wp:featuredmedia":[{"embeddable":true,"href":"https:\/\/kpn.com.uy\/web\/wp-json\/wp\/v2\/media\/20340"}],"wp:attachment":[{"href":"https:\/\/kpn.com.uy\/web\/wp-json\/wp\/v2\/media?parent=20012"}],"wp:term":[{"taxonomy":"product_brand","embeddable":true,"href":"https:\/\/kpn.com.uy\/web\/wp-json\/wp\/v2\/product_brand?post=20012"},{"taxonomy":"product_cat","embeddable":true,"href":"https:\/\/kpn.com.uy\/web\/wp-json\/wp\/v2\/product_cat?post=20012"},{"taxonomy":"product_tag","embeddable":true,"href":"https:\/\/kpn.com.uy\/web\/wp-json\/wp\/v2\/product_tag?post=20012"}],"curies":[{"name":"wp","href":"https:\/\/api.w.org\/{rel}","templated":true}]}}