{"id":20154,"date":"2017-06-08T12:05:25","date_gmt":"2017-06-08T15:05:25","guid":{"rendered":"https:\/\/kpn.com.uy\/web\/?product=tripode-tri-max-doble-pinza"},"modified":"2017-07-29T19:19:12","modified_gmt":"2017-07-29T22:19:12","slug":"tripode-tri-max-doble-pinza","status":"publish","type":"product","link":"https:\/\/kpn.com.uy\/web\/producto\/tripode-tri-max-doble-pinza\/","title":{"rendered":"Tr\u00edpode Tri-Max doble pinza"},"content":{"rendered":"<p>El Tri-Max por Crain es sin duda el tr\u00edpode mejor instrumento en el mercado hoy en d\u00eda. Es el \u00fanico levantamiento de grado tr\u00edpode con precisi\u00f3n garantizada &#8211; muy recomendable para todas las estaciones totales servoaccionados y rob\u00f3tica y 3-D esc\u00e1neres l\u00e1ser.<\/p>\n","protected":false},"excerpt":{"rendered":"<p>El Tri-Max por Crain es sin duda el tr\u00edpode mejor instrumento en el mercado hoy en d\u00eda. Es el \u00fanico levantamiento de grado tr\u00edpode con precisi\u00f3n garantizada &#8211; muy recomendable para todas las estaciones totales servoaccionados y rob\u00f3tica y 3-D esc\u00e1neres l\u00e1ser.<\/p>\n","protected":false},"featured_media":20411,"template":"","meta":{"_exactmetrics_skip_tracking":false,"_exactmetrics_sitenote_active":false,"_exactmetrics_sitenote_note":"","_exactmetrics_sitenote_category":0,"_monsterinsights_skip_tracking":false,"_monsterinsights_sitenote_active":false,"_monsterinsights_sitenote_note":"","_monsterinsights_sitenote_category":0},"product_brand":[],"product_cat":[77,102],"product_tag":[],"class_list":{"0":"post-20154","1":"product","2":"type-product","3":"status-publish","4":"has-post-thumbnail","6":"product_cat-accesorios","7":"product_cat-seco","9":"first","10":"instock","11":"shipping-taxable","12":"product-type-simple","13":"col-xxl","14":"col-xl-4","15":"col-lg-6","16":"col-sm-6"},"_links":{"self":[{"href":"https:\/\/kpn.com.uy\/web\/wp-json\/wp\/v2\/product\/20154","targetHints":{"allow":["GET"]}}],"collection":[{"href":"https:\/\/kpn.com.uy\/web\/wp-json\/wp\/v2\/product"}],"about":[{"href":"https:\/\/kpn.com.uy\/web\/wp-json\/wp\/v2\/types\/product"}],"wp:featuredmedia":[{"embeddable":true,"href":"https:\/\/kpn.com.uy\/web\/wp-json\/wp\/v2\/media\/20411"}],"wp:attachment":[{"href":"https:\/\/kpn.com.uy\/web\/wp-json\/wp\/v2\/media?parent=20154"}],"wp:term":[{"taxonomy":"product_brand","embeddable":true,"href":"https:\/\/kpn.com.uy\/web\/wp-json\/wp\/v2\/product_brand?post=20154"},{"taxonomy":"product_cat","embeddable":true,"href":"https:\/\/kpn.com.uy\/web\/wp-json\/wp\/v2\/product_cat?post=20154"},{"taxonomy":"product_tag","embeddable":true,"href":"https:\/\/kpn.com.uy\/web\/wp-json\/wp\/v2\/product_tag?post=20154"}],"curies":[{"name":"wp","href":"https:\/\/api.w.org\/{rel}","templated":true}]}}