{"id":21004,"date":"2017-07-29T15:38:27","date_gmt":"2017-07-29T18:38:27","guid":{"rendered":"https:\/\/kpn.com.uy\/web\/?post_type=product&#038;p=21004"},"modified":"2017-08-23T17:33:44","modified_gmt":"2017-08-23T20:33:44","slug":"echocat-plataforma-catamaran-para-levantamientos-hidrograficos","status":"publish","type":"product","link":"https:\/\/kpn.com.uy\/web\/producto\/echocat-plataforma-catamaran-para-levantamientos-hidrograficos\/","title":{"rendered":"EchoCat Plataforma Catamar\u00e1n para Levantamientos Hidrogr\u00e1ficos"},"content":{"rendered":"<p style=\"background: white; margin: 0cm 0cm 11.25pt 0cm;\"><strong><span lang=\"ES-UY\" style=\"font-size: 11.5pt; font-family: 'Verdana',sans-serif; color: #666666;\">Caracter\u00edsticas:<\/span><\/strong><span lang=\"ES-UY\" style=\"font-size: 11.5pt; font-family: 'Verdana',sans-serif; color: #666666;\"><br \/>\n\u2022 El sistema de ecosonda singlebeam<span class=\"apple-converted-space\">\u00a0<\/span><br \/>\n\u2022 batimetr\u00eda interna y los datos DGPS madereras<span class=\"apple-converted-space\">\u00a0<\/span><br \/>\n\u2022 alto rendimiento del receptor DGPS<span class=\"apple-converted-space\">\u00a0<\/span><br \/>\n\u2022 probado en el campo, construido s\u00f3lidamente, a prueba de salpicaduras de construcci\u00f3n<\/span><\/p>\n<p style=\"background: white; margin: 0cm 0cm 11.25pt 0cm;\"><strong><span lang=\"ES-UY\" style=\"font-size: 11.5pt; font-family: 'Verdana',sans-serif; color: #666666;\">Opciones:<\/span><\/strong><span lang=\"ES-UY\" style=\"font-size: 11.5pt; font-family: 'Verdana',sans-serif; color: #666666;\"><br \/>\n\u2022 generador de perfiles a velocidad del sonido<span class=\"apple-converted-space\">\u00a0<\/span><br \/>\n\u2022 RTK GPS<span class=\"apple-converted-space\">\u00a0<\/span><br \/>\n\u2022 radio para telemetr\u00eda<span class=\"apple-converted-space\">\u00a0<\/span><br \/>\n\u2022 m\u00f3dulo opcional de barrido lateral<\/span><\/p>\n","protected":false},"excerpt":{"rendered":"<p style=\"background: white; margin: 0cm 0cm 11.25pt 0cm;\"><span style=\"font-size: 11.5pt;\"><strong><span lang=\"ES-UY\" style=\"font-family: Verdana, sans-serif; color: #666666;\">SEA9009<\/span><\/strong><\/span><\/p>\n<p style=\"background: white; margin: 0cm 0cm 11.25pt 0cm;\"><span lang=\"ES-UY\" style=\"font-size: 11.5pt; font-family: &#039;Verdana&#039;,sans-serif; color: #666666;\">El sistema de sonda EchoCat \u2122 es un sistema port\u00e1til de mano, integrado hidrogr\u00e1ficos encuesta sonar capaz de hacer mediciones para la peque\u00f1a perfiles canal de flujo.<span class=\"apple-converted-space\">\u00a0<\/span>La plataforma catamar\u00e1n fue desarrollado para hacer frente a la necesidad de hacer tales levantamientos en lugares remotos, como los bosques o parques nacionales.<\/span><\/p>\n<p style=\"background: white; margin: 0cm 0cm 11.25pt 0cm;\"><strong><span lang=\"ES-UY\" style=\"font-size: 11.5pt; font-family: &#039;Verdana&#039;,sans-serif; color: #666666;\">Volumen de suministro:<\/span><\/strong><span lang=\"ES-UY\" style=\"font-size: 11.5pt; font-family: &#039;Verdana&#039;,sans-serif; color: #666666;\"><br \/>\n\u2022 dos pontones<span class=\"apple-converted-space\">\u00a0<\/span><br \/>\n\u2022 un cuadro<span class=\"apple-converted-space\">\u00a0<\/span><br \/>\n\u2022 remolque bridel<span class=\"apple-converted-space\">\u00a0<\/span><br \/>\n\u2022 Campo probados, robustos, a prueba de salpicaduras de construcci\u00f3n<\/span><\/p>\n","protected":false},"featured_media":21708,"template":"","meta":{"_exactmetrics_skip_tracking":false,"_exactmetrics_sitenote_active":false,"_exactmetrics_sitenote_note":"","_exactmetrics_sitenote_category":0,"_monsterinsights_skip_tracking":false,"_monsterinsights_sitenote_active":false,"_monsterinsights_sitenote_note":"","_monsterinsights_sitenote_category":0},"product_brand":[],"product_cat":[112,246],"product_tag":[],"class_list":{"0":"post-21004","1":"product","2":"type-product","3":"status-publish","4":"has-post-thumbnail","6":"product_cat-hidrografia","7":"product_cat-seafloor","9":"first","10":"instock","11":"shipping-taxable","12":"product-type-simple","13":"col-xxl","14":"col-xl-4","15":"col-lg-6","16":"col-sm-6"},"_links":{"self":[{"href":"https:\/\/kpn.com.uy\/web\/wp-json\/wp\/v2\/product\/21004","targetHints":{"allow":["GET"]}}],"collection":[{"href":"https:\/\/kpn.com.uy\/web\/wp-json\/wp\/v2\/product"}],"about":[{"href":"https:\/\/kpn.com.uy\/web\/wp-json\/wp\/v2\/types\/product"}],"wp:featuredmedia":[{"embeddable":true,"href":"https:\/\/kpn.com.uy\/web\/wp-json\/wp\/v2\/media\/21708"}],"wp:attachment":[{"href":"https:\/\/kpn.com.uy\/web\/wp-json\/wp\/v2\/media?parent=21004"}],"wp:term":[{"taxonomy":"product_brand","embeddable":true,"href":"https:\/\/kpn.com.uy\/web\/wp-json\/wp\/v2\/product_brand?post=21004"},{"taxonomy":"product_cat","embeddable":true,"href":"https:\/\/kpn.com.uy\/web\/wp-json\/wp\/v2\/product_cat?post=21004"},{"taxonomy":"product_tag","embeddable":true,"href":"https:\/\/kpn.com.uy\/web\/wp-json\/wp\/v2\/product_tag?post=21004"}],"curies":[{"name":"wp","href":"https:\/\/api.w.org\/{rel}","templated":true}]}}