{"id":21006,"date":"2017-07-29T15:46:34","date_gmt":"2017-07-29T18:46:34","guid":{"rendered":"https:\/\/kpn.com.uy\/web\/?post_type=product&#038;p=21006"},"modified":"2017-07-29T15:48:55","modified_gmt":"2017-07-29T18:48:55","slug":"hydrolite-dfx-frecuencia-dual-kit-ecosonda","status":"publish","type":"product","link":"https:\/\/kpn.com.uy\/web\/producto\/hydrolite-dfx-frecuencia-dual-kit-ecosonda\/","title":{"rendered":"Hydrolite-DFX Frecuencia Dual Kit ecosonda"},"content":{"rendered":"<p><strong>Volumen de suministro:<\/strong><\/p>\n<ul>\n<li>SonarMite DFX sistema de ecosonda Bluetooth (Parte N\u00ba SEA1102)<\/li>\n<li>Seafloor Hydrolite-TM Soporte de montaje \/ Kit Pole (Parte No. SEA1003)<\/li>\n<li>Gran caja de transporte robusta (Parte N\u00ba SEA1007)<\/li>\n<\/ul>\n<p><strong>Opciones<\/strong><\/p>\n<ul>\n<li>GPS<\/li>\n<li>Barra de chequeo digital<\/li>\n<li>Mare\u00f3grafo<\/li>\n<li>Sensor de movimiento<\/li>\n<\/ul>\n<p><a href=\"https:\/\/kpn.com.uy\/web\/wp-content\/uploads\/2017\/07\/folleto.pdf\" target=\"_blank\" rel=\"noopener noreferrer\"><span class=\"btn btn-sm btn-primary\">Descargar PDF<\/span><\/a><\/p>\n","protected":false},"excerpt":{"rendered":"<p><strong>SEA1101<\/strong><\/p>\n<p>El Hydrolite-DFX \u2122 es un ecosonda doble frecuencia port\u00e1til.\u00a0El sistema combina tanto de baja frecuencia (30 kHz) y de alta frecuencia (200 kHz) transductores en una unidad que permite la penetraci\u00f3n a trav\u00e9s de los sedimentos blandos para detectar capas m\u00e1s duras, as\u00ed como la detecci\u00f3n de la capa superficial.\u00a0El dise\u00f1o \u00fanico es una herramienta \u00fatil para la clasificaci\u00f3n final tambi\u00e9n.\u00a0GPS y datos de colector se vende por separado.<\/p>\n","protected":false},"featured_media":21009,"template":"","meta":{"_exactmetrics_skip_tracking":false,"_exactmetrics_sitenote_active":false,"_exactmetrics_sitenote_note":"","_exactmetrics_sitenote_category":0,"_monsterinsights_skip_tracking":false,"_monsterinsights_sitenote_active":false,"_monsterinsights_sitenote_note":"","_monsterinsights_sitenote_category":0},"product_brand":[],"product_cat":[112,246],"product_tag":[],"class_list":{"0":"post-21006","1":"product","2":"type-product","3":"status-publish","4":"has-post-thumbnail","6":"product_cat-hidrografia","7":"product_cat-seafloor","9":"first","10":"instock","11":"shipping-taxable","12":"product-type-simple","13":"col-xxl","14":"col-xl-4","15":"col-lg-6","16":"col-sm-6"},"_links":{"self":[{"href":"https:\/\/kpn.com.uy\/web\/wp-json\/wp\/v2\/product\/21006","targetHints":{"allow":["GET"]}}],"collection":[{"href":"https:\/\/kpn.com.uy\/web\/wp-json\/wp\/v2\/product"}],"about":[{"href":"https:\/\/kpn.com.uy\/web\/wp-json\/wp\/v2\/types\/product"}],"wp:featuredmedia":[{"embeddable":true,"href":"https:\/\/kpn.com.uy\/web\/wp-json\/wp\/v2\/media\/21009"}],"wp:attachment":[{"href":"https:\/\/kpn.com.uy\/web\/wp-json\/wp\/v2\/media?parent=21006"}],"wp:term":[{"taxonomy":"product_brand","embeddable":true,"href":"https:\/\/kpn.com.uy\/web\/wp-json\/wp\/v2\/product_brand?post=21006"},{"taxonomy":"product_cat","embeddable":true,"href":"https:\/\/kpn.com.uy\/web\/wp-json\/wp\/v2\/product_cat?post=21006"},{"taxonomy":"product_tag","embeddable":true,"href":"https:\/\/kpn.com.uy\/web\/wp-json\/wp\/v2\/product_tag?post=21006"}],"curies":[{"name":"wp","href":"https:\/\/api.w.org\/{rel}","templated":true}]}}