{"id":21058,"date":"2017-07-29T17:16:57","date_gmt":"2017-07-29T20:16:57","guid":{"rendered":"https:\/\/kpn.com.uy\/web\/?post_type=product&#038;p=21058"},"modified":"2017-08-23T13:55:10","modified_gmt":"2017-08-23T16:55:10","slug":"nivel-ll-400-spectra","status":"publish","type":"product","link":"https:\/\/kpn.com.uy\/web\/producto\/nivel-ll-400-spectra\/","title":{"rendered":"Nivel LL 400 Spectra"},"content":{"rendered":"<p>El l\u00e1ser Spectra Precision\u00ae Laser LL400 autonivelante y totalmente autom\u00e1tico establece un nuevo est\u00e1ndar en fiabilidad y resistencia para diversas aplicaciones de construcci\u00f3n general y construcci\u00f3n con hormig\u00f3n.<br \/>\nIncluso en las condiciones de trabajo m\u00e1s exigentes, el LL400 ofrece un rendimiento seguro y preciso de forma uniforme que permite ahorrar y mejorar la productividad general.<\/p>\n<p><a href=\"https:\/\/kpn.com.uy\/web\/wp-content\/uploads\/2017\/08\/ll400.pdf\" target=\"_blank\" rel=\"noopener noreferrer\"><span class=\"btn btn-sm btn-primary\">Descargar PDF<\/span><\/a><\/p>\n","protected":false},"excerpt":{"rendered":"<p><strong>Un nuevo est\u00e1ndar en construcci\u00f3n robusta, exactitud y precisi\u00f3n.<\/strong><br \/>\nNivel l\u00e1ser resistente, altamente preciso que soporta las condiciones de trabajo m\u00e1s dif\u00edciles.<\/p>\n","protected":false},"featured_media":21059,"template":"","meta":{"_exactmetrics_skip_tracking":false,"_exactmetrics_sitenote_active":false,"_exactmetrics_sitenote_note":"","_exactmetrics_sitenote_category":0,"_monsterinsights_skip_tracking":false,"_monsterinsights_sitenote_active":false,"_monsterinsights_sitenote_note":"","_monsterinsights_sitenote_category":0},"product_brand":[],"product_cat":[109,82,104],"product_tag":[],"class_list":{"0":"post-21058","1":"product","2":"type-product","3":"status-publish","4":"has-post-thumbnail","6":"product_cat-ingenieria","7":"product_cat-nivellaser","8":"product_cat-spectra","10":"first","11":"instock","12":"shipping-taxable","13":"product-type-simple","14":"col-xxl","15":"col-xl-4","16":"col-lg-6","17":"col-sm-6"},"_links":{"self":[{"href":"https:\/\/kpn.com.uy\/web\/wp-json\/wp\/v2\/product\/21058","targetHints":{"allow":["GET"]}}],"collection":[{"href":"https:\/\/kpn.com.uy\/web\/wp-json\/wp\/v2\/product"}],"about":[{"href":"https:\/\/kpn.com.uy\/web\/wp-json\/wp\/v2\/types\/product"}],"wp:featuredmedia":[{"embeddable":true,"href":"https:\/\/kpn.com.uy\/web\/wp-json\/wp\/v2\/media\/21059"}],"wp:attachment":[{"href":"https:\/\/kpn.com.uy\/web\/wp-json\/wp\/v2\/media?parent=21058"}],"wp:term":[{"taxonomy":"product_brand","embeddable":true,"href":"https:\/\/kpn.com.uy\/web\/wp-json\/wp\/v2\/product_brand?post=21058"},{"taxonomy":"product_cat","embeddable":true,"href":"https:\/\/kpn.com.uy\/web\/wp-json\/wp\/v2\/product_cat?post=21058"},{"taxonomy":"product_tag","embeddable":true,"href":"https:\/\/kpn.com.uy\/web\/wp-json\/wp\/v2\/product_tag?post=21058"}],"curies":[{"name":"wp","href":"https:\/\/api.w.org\/{rel}","templated":true}]}}