{"id":21487,"date":"2017-08-17T12:03:56","date_gmt":"2017-08-17T15:03:56","guid":{"rendered":"https:\/\/kpn.com.uy\/web\/?post_type=product&#038;p=21487"},"modified":"2017-08-17T12:03:56","modified_gmt":"2017-08-17T15:03:56","slug":"zdl700","status":"publish","type":"product","link":"https:\/\/kpn.com.uy\/web\/producto\/zdl700\/","title":{"rendered":"ZDL700"},"content":{"rendered":"<p>R\u00e1pido, f\u00e1cil y sin errores<br \/>\nLa velocidad de medici\u00f3n s\u00faper r\u00e1pida de menos de 3 seg. En combinaci\u00f3n con la simplicidad de la medici\u00f3n de un solo empuje y la funcionalidad de almac\u00e9n proporciona un flujo de trabajo m\u00e1s r\u00e1pido y econ\u00f3mico. La lectura digital combinada con la memoria interna hace que las lecturas err\u00f3neas y los errores de interpretaci\u00f3n del operador sean cosa del pasado.<\/p>\n<p>Preciso<br \/>\nLas extensas pruebas de campo verifican la excelente precisi\u00f3n del ZDL700 de 0,7 mm para un nivel de doble carrera de 1 km. Esto hace que el ZDL700 sea un nivel ideal no s\u00f3lo para nivelar de alto nivel sino tambi\u00e9n medidas de deformaci\u00f3n y levantamientos precisos, as\u00ed como la construcci\u00f3n en general.<\/p>\n<p>Memoria interna grande<br \/>\nPara mejorar a\u00fan m\u00e1s su nivelaci\u00f3n, la memoria de hasta 2&#8217;000 puntos est\u00e1 integrada en el ZDL700. Caracter\u00edsticas como la capacidad de cambiar entre la numeraci\u00f3n manual y autom\u00e1tica punto de aumentar no s\u00f3lo su flexibilidad, sino tambi\u00e9n le permiten documentar su trabajo sobre la marcha.<\/p>\n<p>Flujo de datos sin fisuras<br \/>\nLos datos registrados en el sitio de trabajo se pueden descargar simplemente conectando el ZDL700 con un PC o un ordenador port\u00e1til. Se garantiza un flujo de datos sin fisuras de un campo a otro. Adem\u00e1s, los recolectores de datos externos o PDA le proporcionan un grado adicional de flexibilidad para descargar o procesar sus mediciones en l\u00ednea.<\/p>\n<p><a href=\"https:\/\/kpn.com.uy\/web\/wp-content\/uploads\/2017\/08\/GeoMax-ZDL700-BRO_es.pdf\" target=\"_blank\" rel=\"noopener noreferrer\"><span class=\"btn btn-sm btn-primary\">Descargar PDF<\/span><\/a><\/p>\n","protected":false},"excerpt":{"rendered":"<p>En GeoMax entendemos que requiere resultados precisos y demanda facilidad de uso en combinaci\u00f3n con una operaci\u00f3n r\u00e1pida. Es por eso que hemos introducido el nivel digital ZDL700 para el mundo de topograf\u00eda y construcci\u00f3n. Ahora usted puede &#8216;ir digital&#8217; para toda su tarea de nivelaci\u00f3n con un producto que ofrece excelente rendimiento de precio y &#8220;funciona cuando lo hace!&#8221;.<\/p>\n","protected":false},"featured_media":21490,"template":"","meta":{"_exactmetrics_skip_tracking":false,"_exactmetrics_sitenote_active":false,"_exactmetrics_sitenote_note":"","_exactmetrics_sitenote_category":0,"_monsterinsights_skip_tracking":false,"_monsterinsights_sitenote_active":false,"_monsterinsights_sitenote_note":"","_monsterinsights_sitenote_category":0},"product_brand":[],"product_cat":[248,109,249],"product_tag":[],"class_list":{"0":"post-21487","1":"product","2":"type-product","3":"status-publish","4":"has-post-thumbnail","6":"product_cat-geomax","7":"product_cat-ingenieria","8":"product_cat-nivel-digital","10":"first","11":"instock","12":"shipping-taxable","13":"product-type-simple","14":"col-xxl","15":"col-xl-4","16":"col-lg-6","17":"col-sm-6"},"_links":{"self":[{"href":"https:\/\/kpn.com.uy\/web\/wp-json\/wp\/v2\/product\/21487","targetHints":{"allow":["GET"]}}],"collection":[{"href":"https:\/\/kpn.com.uy\/web\/wp-json\/wp\/v2\/product"}],"about":[{"href":"https:\/\/kpn.com.uy\/web\/wp-json\/wp\/v2\/types\/product"}],"wp:featuredmedia":[{"embeddable":true,"href":"https:\/\/kpn.com.uy\/web\/wp-json\/wp\/v2\/media\/21490"}],"wp:attachment":[{"href":"https:\/\/kpn.com.uy\/web\/wp-json\/wp\/v2\/media?parent=21487"}],"wp:term":[{"taxonomy":"product_brand","embeddable":true,"href":"https:\/\/kpn.com.uy\/web\/wp-json\/wp\/v2\/product_brand?post=21487"},{"taxonomy":"product_cat","embeddable":true,"href":"https:\/\/kpn.com.uy\/web\/wp-json\/wp\/v2\/product_cat?post=21487"},{"taxonomy":"product_tag","embeddable":true,"href":"https:\/\/kpn.com.uy\/web\/wp-json\/wp\/v2\/product_tag?post=21487"}],"curies":[{"name":"wp","href":"https:\/\/api.w.org\/{rel}","templated":true}]}}