{"id":21704,"date":"2017-08-23T16:39:20","date_gmt":"2017-08-23T19:39:20","guid":{"rendered":"https:\/\/kpn.com.uy\/web\/?post_type=product&#038;p=21704"},"modified":"2017-08-23T16:39:20","modified_gmt":"2017-08-23T19:39:20","slug":"nomad-900","status":"publish","type":"product","link":"https:\/\/kpn.com.uy\/web\/producto\/nomad-900\/","title":{"rendered":"Nomad 900"},"content":{"rendered":"<p><strong>PRINCIPALES CARACTER\u00cdSTICAS:<\/strong><br \/>\n&#8211; Robusto dise\u00f1o para exteriores<br \/>\n&#8211; Bater\u00eda de larga duraci\u00f3n<br \/>\n&#8211; Procesador de 806 MHz<br \/>\n&#8211; Capacidad WWAN integrada<br \/>\n&#8211; GPS integrado con SiRFstarIII y SiRFInstantFixII<br \/>\n&#8211; Esc\u00e1ner de c\u00f3digos de barras integrado<br \/>\n&#8211; C\u00e1mara de 5 MP integrada, con flash y geoetiquetado<br \/>\n&#8211; Capacidad inal\u00e1mbrica Bluetooth y Wi-Fi integradas<br \/>\n&#8211; Pantalla VGA completa<br \/>\n&#8211; Windows Mobile 6.1<br \/>\n&#8211; Peque\u00f1a y ligera<\/p>\n<p><a href=\"https:\/\/kpn.com.uy\/web\/wp-content\/uploads\/2017\/08\/82525-04B-E_MCS_Nomad900_DS_0911_sec.pdf\" target=\"_blank\" rel=\"noopener noreferrer\"><span class=\"btn btn-sm btn-primary\">Descargar PDF<\/span><\/a><\/p>\n","protected":false},"excerpt":{"rendered":"<p>La Trimble\u00ae Nomad\u00ae 900 series integra a\u00fan m\u00e1s funciones en una de las m\u00e1s potentes y completas computadoras robustas disponibles. Entre las caracter\u00edsticas est\u00e1ndares se incluyen un procesador de 806 MHz, una bater\u00eda de i\u00f3n-litio de larga duraci\u00f3n, de 512 MB a 2 GB de memoria Flash y capacidades inal\u00e1mbricas integradas como GPS, Wi-Fi y Bluetooth\u00ae1. La pantalla VGA de alta resoluci\u00f3n visible a la luz solar muestra im\u00e1genes, mapas y datos con detalles n\u00edtidos. Entre las caracter\u00edsticas opcionales se incluyen WWAN m\u00f3vil integrada, esc\u00e1ner l\u00e1ser de c\u00f3digos de barras y una c\u00e1mara digital color de 5 MP.<\/p>\n","protected":false},"featured_media":21705,"template":"","meta":{"_exactmetrics_skip_tracking":false,"_exactmetrics_sitenote_active":false,"_exactmetrics_sitenote_note":"","_exactmetrics_sitenote_category":0,"_monsterinsights_skip_tracking":false,"_monsterinsights_sitenote_active":false,"_monsterinsights_sitenote_note":"","_monsterinsights_sitenote_category":0},"product_brand":[],"product_cat":[83,109,93],"product_tag":[],"class_list":{"0":"post-21704","1":"product","2":"type-product","3":"status-publish","4":"has-post-thumbnail","6":"product_cat-gpstopografia","7":"product_cat-ingenieria","8":"product_cat-trimble","10":"first","11":"instock","12":"shipping-taxable","13":"product-type-simple","14":"col-xxl","15":"col-xl-4","16":"col-lg-6","17":"col-sm-6"},"_links":{"self":[{"href":"https:\/\/kpn.com.uy\/web\/wp-json\/wp\/v2\/product\/21704","targetHints":{"allow":["GET"]}}],"collection":[{"href":"https:\/\/kpn.com.uy\/web\/wp-json\/wp\/v2\/product"}],"about":[{"href":"https:\/\/kpn.com.uy\/web\/wp-json\/wp\/v2\/types\/product"}],"wp:featuredmedia":[{"embeddable":true,"href":"https:\/\/kpn.com.uy\/web\/wp-json\/wp\/v2\/media\/21705"}],"wp:attachment":[{"href":"https:\/\/kpn.com.uy\/web\/wp-json\/wp\/v2\/media?parent=21704"}],"wp:term":[{"taxonomy":"product_brand","embeddable":true,"href":"https:\/\/kpn.com.uy\/web\/wp-json\/wp\/v2\/product_brand?post=21704"},{"taxonomy":"product_cat","embeddable":true,"href":"https:\/\/kpn.com.uy\/web\/wp-json\/wp\/v2\/product_cat?post=21704"},{"taxonomy":"product_tag","embeddable":true,"href":"https:\/\/kpn.com.uy\/web\/wp-json\/wp\/v2\/product_tag?post=21704"}],"curies":[{"name":"wp","href":"https:\/\/api.w.org\/{rel}","templated":true}]}}