{"id":21733,"date":"2017-08-31T11:18:44","date_gmt":"2017-08-31T14:18:44","guid":{"rendered":"https:\/\/kpn.com.uy\/web\/?post_type=product&#038;p=21733"},"modified":"2017-11-03T12:57:45","modified_gmt":"2017-11-03T15:57:45","slug":"incommand-800","status":"publish","type":"product","link":"https:\/\/kpn.com.uy\/web\/producto\/incommand-800\/","title":{"rendered":"InCommand 800"},"content":{"rendered":"<p>Caracter\u00edsticas:<\/p>\n<ul>\n<li>Interacci\u00f3n tipo tableta<\/li>\n<li>Soporte para deslizar, pellizcar, panor\u00e1mica y zoom<\/li>\n<li>Aplicaciones t\u00e1ctiles y de pantalla principal<\/li>\n<li>Fondo de im\u00e1genes de sat\u00e9lite<\/li>\n<li>Pantalla para mostrar la comunicaci\u00f3n<\/li>\n<li>Barra de luces integrada<\/li>\n<li>Funcionalidad durante todo el a\u00f1o<\/li>\n<li>ISOBUS \/ Terminal Universal \/ Controlador de tareas<\/li>\n<li>Adaptador WiFi incluido<\/li>\n<li>Sincroniza datos, mapas con iPad usando AgFiniti\u00a0<sup>\u00ae<\/sup>Mobile<\/li>\n<\/ul>\n","protected":false},"excerpt":{"rendered":"<p>La pantalla InCommand 800, con una pantalla t\u00e1ctil de 8,4 pulgadas, es ideal para el productor que busca una sola pantalla que pueda manejar las operaciones m\u00e1s comunes de plantaci\u00f3n, aplicaci\u00f3n, orientaci\u00f3n de la m\u00e1quina y cosecha.<\/p>\n","protected":false},"featured_media":21734,"template":"","meta":{"_exactmetrics_skip_tracking":false,"_exactmetrics_sitenote_active":false,"_exactmetrics_sitenote_note":"","_exactmetrics_sitenote_category":0,"_monsterinsights_skip_tracking":false,"_monsterinsights_sitenote_active":false,"_monsterinsights_sitenote_note":"","_monsterinsights_sitenote_category":0},"product_brand":[],"product_cat":[94,108,64],"product_tag":[],"class_list":{"0":"post-21733","1":"product","2":"type-product","3":"status-publish","4":"has-post-thumbnail","6":"product_cat-agleader","7":"product_cat-agricultura","8":"product_cat-monitoresdisplay","10":"first","11":"instock","12":"shipping-taxable","13":"product-type-simple","14":"col-xxl","15":"col-xl-4","16":"col-lg-6","17":"col-sm-6"},"_links":{"self":[{"href":"https:\/\/kpn.com.uy\/web\/wp-json\/wp\/v2\/product\/21733","targetHints":{"allow":["GET"]}}],"collection":[{"href":"https:\/\/kpn.com.uy\/web\/wp-json\/wp\/v2\/product"}],"about":[{"href":"https:\/\/kpn.com.uy\/web\/wp-json\/wp\/v2\/types\/product"}],"wp:featuredmedia":[{"embeddable":true,"href":"https:\/\/kpn.com.uy\/web\/wp-json\/wp\/v2\/media\/21734"}],"wp:attachment":[{"href":"https:\/\/kpn.com.uy\/web\/wp-json\/wp\/v2\/media?parent=21733"}],"wp:term":[{"taxonomy":"product_brand","embeddable":true,"href":"https:\/\/kpn.com.uy\/web\/wp-json\/wp\/v2\/product_brand?post=21733"},{"taxonomy":"product_cat","embeddable":true,"href":"https:\/\/kpn.com.uy\/web\/wp-json\/wp\/v2\/product_cat?post=21733"},{"taxonomy":"product_tag","embeddable":true,"href":"https:\/\/kpn.com.uy\/web\/wp-json\/wp\/v2\/product_tag?post=21733"}],"curies":[{"name":"wp","href":"https:\/\/api.w.org\/{rel}","templated":true}]}}