{"id":21738,"date":"2017-08-31T11:25:57","date_gmt":"2017-08-31T14:25:57","guid":{"rendered":"https:\/\/kpn.com.uy\/web\/?post_type=product&#038;p=21738"},"modified":"2017-08-31T11:28:26","modified_gmt":"2017-08-31T14:28:26","slug":"incommand-1200","status":"publish","type":"product","link":"https:\/\/kpn.com.uy\/web\/producto\/incommand-1200\/","title":{"rendered":"InCommand  1200"},"content":{"rendered":"<p>InCommand 1200 es el buque insignia de la l\u00ednea InCommand, basada en la tecnolog\u00eda de Ag Leader.\u00a0Con InCommand 1200, obtiene un control de m\u00e1quina eficiente durante todo el a\u00f1o e informaci\u00f3n instant\u00e1nea para simplificar decisiones cruciales que afectan su rendimiento y rentabilidad.\u00a0Vea la informaci\u00f3n vital en la cabina del tractor para ayudarle a manejar la funcionalidad de la m\u00e1quina y reaccionar en cualquier momento a las cambiantes condiciones de campo.\u00a0\u00a1Adem\u00e1s, lleve sus datos de campo y mapas con usted en su tableta cuando salga de la cabina!<\/p>\n<p><strong>Caracter\u00edsticas:<\/strong><\/p>\n<ul>\n<li>Interacci\u00f3n tipo tableta<\/li>\n<li>Aplicaciones t\u00e1ctiles y de pantalla principal<\/li>\n<li>Vista de pantalla dividida<\/li>\n<li>Mapeo de fila por fila<\/li>\n<li>Pantalla para mostrar la comunicaci\u00f3n<\/li>\n<li>Fondo de im\u00e1genes de sat\u00e9lite<\/li>\n<li>Barra de luces integrada<\/li>\n<li>Control avanzado del plantador<\/li>\n<li>Funcionalidad durante todo el a\u00f1o<\/li>\n<li>ISOBUS \/ Terminal Universal \/ Controlador de tareas<\/li>\n<li>Adaptador WiFi incluido<\/li>\n<li>Sincroniza datos, mapas con iPad usando AgFiniti Mobile<\/li>\n<\/ul>\n","protected":false},"excerpt":{"rendered":"<p>InCommand 1200 es el buque insignia de la l\u00ednea InCommand, basada en la tecnolog\u00eda de Ag Leader.\u00a0Con InCommand 1200, obtiene un control de m\u00e1quina eficiente durante todo el a\u00f1o e informaci\u00f3n instant\u00e1nea para simplificar decisiones cruciales que afectan su rendimiento y rentabilidad.\u00a0Vea la informaci\u00f3n vital en la cabina del tractor para ayudarle a manejar la funcionalidad de la m\u00e1quina y reaccionar en cualquier momento a las cambiantes condiciones de campo.\u00a0\u00a1Adem\u00e1s, lleve sus datos de campo y mapas con usted en su tableta cuando salga de la cabina.<\/p>\n","protected":false},"featured_media":21745,"template":"","meta":{"_exactmetrics_skip_tracking":false,"_exactmetrics_sitenote_active":false,"_exactmetrics_sitenote_note":"","_exactmetrics_sitenote_category":0,"_monsterinsights_skip_tracking":false,"_monsterinsights_sitenote_active":false,"_monsterinsights_sitenote_note":"","_monsterinsights_sitenote_category":0},"product_brand":[],"product_cat":[94,108,64],"product_tag":[],"class_list":{"0":"post-21738","1":"product","2":"type-product","3":"status-publish","4":"has-post-thumbnail","6":"product_cat-agleader","7":"product_cat-agricultura","8":"product_cat-monitoresdisplay","10":"first","11":"instock","12":"shipping-taxable","13":"product-type-simple","14":"col-xxl","15":"col-xl-4","16":"col-lg-6","17":"col-sm-6"},"_links":{"self":[{"href":"https:\/\/kpn.com.uy\/web\/wp-json\/wp\/v2\/product\/21738","targetHints":{"allow":["GET"]}}],"collection":[{"href":"https:\/\/kpn.com.uy\/web\/wp-json\/wp\/v2\/product"}],"about":[{"href":"https:\/\/kpn.com.uy\/web\/wp-json\/wp\/v2\/types\/product"}],"wp:featuredmedia":[{"embeddable":true,"href":"https:\/\/kpn.com.uy\/web\/wp-json\/wp\/v2\/media\/21745"}],"wp:attachment":[{"href":"https:\/\/kpn.com.uy\/web\/wp-json\/wp\/v2\/media?parent=21738"}],"wp:term":[{"taxonomy":"product_brand","embeddable":true,"href":"https:\/\/kpn.com.uy\/web\/wp-json\/wp\/v2\/product_brand?post=21738"},{"taxonomy":"product_cat","embeddable":true,"href":"https:\/\/kpn.com.uy\/web\/wp-json\/wp\/v2\/product_cat?post=21738"},{"taxonomy":"product_tag","embeddable":true,"href":"https:\/\/kpn.com.uy\/web\/wp-json\/wp\/v2\/product_tag?post=21738"}],"curies":[{"name":"wp","href":"https:\/\/api.w.org\/{rel}","templated":true}]}}