{"id":21794,"date":"2017-09-08T14:55:44","date_gmt":"2017-09-08T17:55:44","guid":{"rendered":"https:\/\/kpn.com.uy\/web\/?post_type=product&#038;p=21794"},"modified":"2021-05-06T13:23:58","modified_gmt":"2021-05-06T16:23:58","slug":"motoniveladora","status":"publish","type":"product","link":"https:\/\/kpn.com.uy\/web\/producto\/motoniveladora\/","title":{"rendered":"MOBA GS-506 MOTONIVELADORA"},"content":{"rendered":"<p>Como sistema de nivelaci\u00f3n 2D, el GS-506 ofrece control de altura y pendiente preciso y fiable y un alto nivel de flexibilidad en la elecci\u00f3n de sensores y campos de aplicaci\u00f3n.<\/p>\n<p>El aumento de la productividad asegura que todo el nivelado se realice de forma m\u00e1s r\u00e1pida y precisa. El sistema ahorra tiempo y dinero. Con su precisi\u00f3n de altura, se elimina la necesidad de estacar y para trabajos de correcci\u00f3n.<\/p>\n<p>Con el sistema de nivelaci\u00f3n MOBA 3D-matic, los archivos de nivelaci\u00f3n obtienen resultados muy precisos. Este sistema es f\u00e1cil de operar y usar. El proceso de trabajo se acelera, haciendo que el trabajo de topograf\u00eda y las medidas de control manual ya no sean necesarias. En la bien organizada pantalla t\u00e1ctil de 7 pulgadas, el conductor ve la posici\u00f3n real y la derivaci\u00f3n al modelo digital. Si no hay datos de proyecto disponibles, tambi\u00e9n se pueden crear perfiles sencillos con el sistema.<\/p>\n<p><strong>Uso con la estaci\u00f3n total:<\/strong>\u00a0es posible un nivelado preciso incluso cuando no hay recepci\u00f3n de sat\u00e9lite (es decir, en t\u00faneles, ya que s\u00f3lo se garantiza contacto visual desde el prisma hasta la estaci\u00f3n total). Con la estaci\u00f3n total, el sistema alcanza la m\u00e1xima precisi\u00f3n en el rango de mil\u00edmetros.<\/p>\n<p><strong>Uso con sensor GNSS:<\/strong>\u00a0es posible un nivelado preciso incluso sin contacto visual, y en todas las condiciones meteorol\u00f3gicas. No hay restricciones, ya que la m\u00e1quina puede moverse con flexibilidad en terrenos dif\u00edciles.<\/p>\n<p align=\"center\"><strong>SISTEMA DE MOTONIVELADORA<\/strong><\/p>\n<p>El sistema \u00a0de nivelaci\u00f3n MOBA GS-506 encaja perfectamente, ya que los compo- nentes individuales est\u00e1n \u00f3ptimamente \u00a0dise\u00f1ados para cada m\u00e1quina \u00a0y su aplica- ci\u00f3n. El resultado \u00a0es una combinaci\u00f3n de precisi\u00f3n y velocidad que aseguran \u00a0el fun- \u00a0cionamiento m\u00e1s eficiente de las m\u00e1quinas. \u00a0Un software inteligente gu\u00eda al usuario r\u00e1pidamente \u00a0y de forma intuitiva a trav\u00e9s de todos los procesos. Esto proporciona fiabilidad y ayuda a prevenir errores.<\/p>\n<p align=\"center\"><strong>VIDEO<\/strong><\/p>\n<p align=\"center\"><strong><iframe src=\"http:\/\/www.youtube.com\/embed\/XngMc9S0JfU\" width=\"425\" height=\"350\" frameborder=\"0\" data-mce-fragment=\"1\"><\/iframe><br \/>\n<\/strong><\/p>\n","protected":false},"excerpt":{"rendered":"[maxbutton id=\"1\" url=\"https:\/\/drive.google.com\/file\/d\/1F0Fsh73-9TylFzbNwPj_mQB45YfaT-9t\/view?usp=sharing\" text=\"DESCARGAR CAT\u00c1LOGO\" ]\n<p>Como sistema de nivelaci\u00f3n 2D, el GS-506 ofrece control de altura y pendiente preciso y fiable y un alto nivel de flexibilidad en la elecci\u00f3n de sensores y campos de aplicaci\u00f3n. El aumento de la productividad asegura que todo el nivelado se realice de forma m\u00e1s r\u00e1pida y precisa. El sistema ahorra tiempo y dinero. Con su precisi\u00f3n de altura, se elimina la necesidad de estacar y para trabajos de correcci\u00f3n.<\/p>\n","protected":false},"featured_media":23763,"template":"","meta":{"_exactmetrics_skip_tracking":false,"_exactmetrics_sitenote_active":false,"_exactmetrics_sitenote_note":"","_exactmetrics_sitenote_category":0,"_monsterinsights_skip_tracking":false,"_monsterinsights_sitenote_active":false,"_monsterinsights_sitenote_note":"","_monsterinsights_sitenote_category":0},"product_brand":[],"product_cat":[254,355,288],"product_tag":[],"class_list":{"0":"post-21794","1":"product","2":"type-product","3":"status-publish","4":"has-post-thumbnail","6":"product_cat-moba-marcas","7":"product_cat-motoniveladora","8":"product_cat-movimientodesuelo","10":"first","11":"instock","12":"shipping-taxable","13":"product-type-simple","14":"col-xxl","15":"col-xl-4","16":"col-lg-6","17":"col-sm-6"},"_links":{"self":[{"href":"https:\/\/kpn.com.uy\/web\/wp-json\/wp\/v2\/product\/21794","targetHints":{"allow":["GET"]}}],"collection":[{"href":"https:\/\/kpn.com.uy\/web\/wp-json\/wp\/v2\/product"}],"about":[{"href":"https:\/\/kpn.com.uy\/web\/wp-json\/wp\/v2\/types\/product"}],"wp:featuredmedia":[{"embeddable":true,"href":"https:\/\/kpn.com.uy\/web\/wp-json\/wp\/v2\/media\/23763"}],"wp:attachment":[{"href":"https:\/\/kpn.com.uy\/web\/wp-json\/wp\/v2\/media?parent=21794"}],"wp:term":[{"taxonomy":"product_brand","embeddable":true,"href":"https:\/\/kpn.com.uy\/web\/wp-json\/wp\/v2\/product_brand?post=21794"},{"taxonomy":"product_cat","embeddable":true,"href":"https:\/\/kpn.com.uy\/web\/wp-json\/wp\/v2\/product_cat?post=21794"},{"taxonomy":"product_tag","embeddable":true,"href":"https:\/\/kpn.com.uy\/web\/wp-json\/wp\/v2\/product_tag?post=21794"}],"curies":[{"name":"wp","href":"https:\/\/api.w.org\/{rel}","templated":true}]}}