{"id":21885,"date":"2017-10-05T12:56:48","date_gmt":"2017-10-05T15:56:48","guid":{"rendered":"https:\/\/kpn.com.uy\/web\/?post_type=product&#038;p=21885"},"modified":"2022-05-23T16:50:08","modified_gmt":"2022-05-23T19:50:08","slug":"pd58n","status":"publish","type":"product","link":"https:\/\/kpn.com.uy\/web\/producto\/pd58n\/","title":{"rendered":"PD58N"},"content":{"rendered":"<p>&nbsp;<\/p>\n<p><a href=\"https:\/\/kpn.com.uy\/web\/wp-content\/uploads\/2017\/10\/Hoja-de-datos_Kolida-PD58.pdf\" target=\"_blank\" rel=\"noopener noreferrer\"><span class=\"btn btn-sm btn-primary\">Descargar PDF<\/span><\/a><\/p>\n","protected":false},"excerpt":{"rendered":"<p>Distanci\u00f3metro L\u00e1ser de \u00faltima generaci\u00f3n marca Kolida, modelo PD -58N. Equipo peque\u00f1o y liviano, de dise\u00f1o ergon\u00f3mico, con amplia pantalla iluminable, robusto, resistente a polvo y agua. F\u00e1cil de transportar.<\/p>\n<p><strong>Caracter\u00edsticas t\u00e9cnicas:<\/strong><\/p>\n<ul>\n<li>Rango de medici\u00f3n: 0,05m<\/li>\n<li>Precisi\u00f3n: +\/- 1,5mm.<\/li>\n<li>M\u00ednima lectura:<\/li>\n<li>Autoapagado: despu\u00e9s de 3 minutos sinoperaci\u00f3n.<\/li>\n<li>Medici\u00f3n de super\ufb01cies yvol\u00famenes.<\/li>\n<li>Resoluci\u00f3n de tri\u00e1ngulos porPit\u00e1goras.<\/li>\n<li>Medici\u00f3n simple o continua (tracking) con determinaci\u00f3nde distancias m\u00ednimas ym\u00e1ximas.<\/li>\n<li>Funciones de adici\u00f3n y sustracci\u00f3n de distancias, \u00e1reas yvol\u00famenes.<\/li>\n<li>Dos puntos seleccionables desde donde se realiza la medici\u00f3n: frente y fondo. Aleta rebatible con reconocimiento autom\u00e1tico, p ara medici\u00f3n en aristas.<\/li>\n<li>Capacidad de<\/li>\n<li>La duraci\u00f3n de la bater\u00eda es de 5000<\/li>\n<li>Alimentaci\u00f3n con dos pilas AAA<\/li>\n<li>Sus dimensiones y peso: 12 x 4.5 x 2.5 cm ; 150Gramos<\/li>\n<li>Garantia 2 a\u00f1os<\/li>\n<\/ul>\n<p><strong><em>Incluye funda de transporte, correa, pilas y manual.<\/em><\/strong><\/p>\n","protected":false},"featured_media":21894,"template":"","meta":{"_exactmetrics_skip_tracking":false,"_exactmetrics_sitenote_active":false,"_exactmetrics_sitenote_note":"","_exactmetrics_sitenote_category":0,"_monsterinsights_skip_tracking":false,"_monsterinsights_sitenote_active":false,"_monsterinsights_sitenote_note":"","_monsterinsights_sitenote_category":0},"product_brand":[],"product_cat":[258,262,395,269,96],"product_tag":[],"class_list":{"0":"post-21885","1":"product","2":"type-product","3":"status-publish","4":"has-post-thumbnail","6":"product_cat-arquitectura","7":"product_cat-distanciometro","8":"product_cat-distanciometros-kolida","9":"product_cat-distanciometros-laser","10":"product_cat-kolida","12":"first","13":"instock","14":"shipping-taxable","15":"product-type-simple","16":"col-xxl","17":"col-xl-4","18":"col-lg-6","19":"col-sm-6"},"_links":{"self":[{"href":"https:\/\/kpn.com.uy\/web\/wp-json\/wp\/v2\/product\/21885","targetHints":{"allow":["GET"]}}],"collection":[{"href":"https:\/\/kpn.com.uy\/web\/wp-json\/wp\/v2\/product"}],"about":[{"href":"https:\/\/kpn.com.uy\/web\/wp-json\/wp\/v2\/types\/product"}],"wp:featuredmedia":[{"embeddable":true,"href":"https:\/\/kpn.com.uy\/web\/wp-json\/wp\/v2\/media\/21894"}],"wp:attachment":[{"href":"https:\/\/kpn.com.uy\/web\/wp-json\/wp\/v2\/media?parent=21885"}],"wp:term":[{"taxonomy":"product_brand","embeddable":true,"href":"https:\/\/kpn.com.uy\/web\/wp-json\/wp\/v2\/product_brand?post=21885"},{"taxonomy":"product_cat","embeddable":true,"href":"https:\/\/kpn.com.uy\/web\/wp-json\/wp\/v2\/product_cat?post=21885"},{"taxonomy":"product_tag","embeddable":true,"href":"https:\/\/kpn.com.uy\/web\/wp-json\/wp\/v2\/product_tag?post=21885"}],"curies":[{"name":"wp","href":"https:\/\/api.w.org\/{rel}","templated":true}]}}