{"id":21916,"date":"2017-11-02T11:20:07","date_gmt":"2017-11-02T14:20:07","guid":{"rendered":"https:\/\/kpn.com.uy\/web\/?post_type=product&#038;p=21916"},"modified":"2017-11-30T14:30:45","modified_gmt":"2017-11-30T17:30:45","slug":"serie-trupulse-360","status":"publish","type":"product","link":"https:\/\/kpn.com.uy\/web\/producto\/serie-trupulse-360\/","title":{"rendered":"Serie TruPulse 360"},"content":{"rendered":"<p><strong><u>TruPulse 360 \/ B<\/u><\/strong><\/p>\n<p>El modelo TruPulse 360 \u200b\u200bmide distancias, altura y acimut y est\u00e1 disponible en amarillo y gris. Viene de serie con un puerto serie, ofrece visualizaci\u00f3n de datos en el alcance con \u00f3ptica de potencia 7x y funciona con 2 pilas AA o 1 bater\u00eda CRV3.<\/p>\n<p>Las principales caracter\u00edsticas del TruPulse 360 \u200b\u200b\/ B incluyen:<\/p>\n<ul>\n<li>Proporciona una capacidad de medici\u00f3n completa con azimut, inclinaci\u00f3n y distancia de pendiente<\/li>\n<li>Resuelve los c\u00e1lculos de l\u00edneas perdidas en 3D entre dos puntos remotos<\/li>\n<li>Se integra con el GPS para una captura de datos GIS eficiente<\/li>\n<li>Capacidades Bluetooth\u00ae para la recopilaci\u00f3n de datos inal\u00e1mbricos (solo para modelo 360 B)<\/li>\n<li>LTI TruVector 360 \u00b0 Compass Technology\u00ae<\/li>\n<\/ul>\n<p>&nbsp;<\/p>\n<p><strong><u>TruPulse 360 R<\/u><\/strong><\/p>\n<p>El TruPulse 360 \u200b\u200bR ofrece la misma funcionalidad que el modelo 360 B, pero se ve un poco diferente con un dise\u00f1o horizontal y la ventaja a\u00f1adida de ser resistente e impermeable. Este modelo est\u00e1 disponible en negro solamente.<\/p>\n<p>Las principales caracter\u00edsticas del TruPulse 360 \u200b\u200bR incluyen:<\/p>\n<ul>\n<li>Proporciona una capacidad de medici\u00f3n completa con AZ + INC + SD<\/li>\n<li>Resuelve los c\u00e1lculos de l\u00edneas perdidas en 3D entre dos puntos remotos<\/li>\n<li>Se integra con el GPS para una captura de datos GIS eficiente<\/li>\n<li>Capacidades Bluetooth\u00ae para la recopilaci\u00f3n de datos inal\u00e1mbricos<\/li>\n<li>Tecnolog\u00eda LTI TruVector 360 \u00b0 Compass<\/li>\n<li>Resiste condiciones duras con una carcasa robusta e impermeable<\/li>\n<\/ul>\n<p>&nbsp;<\/p>\n<p><strong>Principales caracter\u00edsticas de LTI TruVector 360 \u00b0 Compass Technology\u00ae:<\/strong><\/p>\n<ul>\n<li>Produce resultados precisos y repetibles de Azimut (AZ) independientemente de la inclinaci\u00f3n o afinaci\u00f3n que use para apuntar el l\u00e1ser<\/li>\n<li>Reconoce las condiciones que afectar\u00e1n la fiabilidad de la precisi\u00f3n de la br\u00fajula y le pedir\u00e1 que vuelva a calibrar<\/li>\n<li>Calibra f\u00e1cilmente con una simple rutina de campo que se puede completar en menos de un minuto<\/li>\n<\/ul>\n<p>&nbsp;<\/p>\n<p>CONSULTE POR LOS ACCESORIOS PARA LOS DISTINTOS MODELOS!!<\/p>\n<p>&nbsp;<\/p>\n<p><a href=\"https:\/\/kpn.com.uy\/web\/wp-content\/uploads\/2017\/11\/Serie_TruPulse360.pdf\">Descargar PDF<\/a><\/p>\n","protected":false},"excerpt":{"rendered":"<p>El tel\u00e9metro l\u00e1ser TruPulse toma las medidas que necesita en un instante.\u00a0A partir de la distancia, la altura, la l\u00ednea 3D faltante, grado de pendiente 2D, el LTI TruPulse proporciona las soluciones de medici\u00f3n l\u00e1ser para obtener lo que necesita medido hecho de forma r\u00e1pida, f\u00e1cil y segura<\/p>\n<p>Estas poderosas herramientas de medici\u00f3n son mucho m\u00e1s que un simple &#8220;tel\u00e9metro l\u00e1ser&#8221; porque sus capacidades van mucho m\u00e1s all\u00e1 de s\u00f3lo medir un rango. Pueden medir instant\u00e1neamente la distancia de inclinaci\u00f3n, la inclinaci\u00f3n en grados o porcentaje y el acimut\u00a0 (solo para TruPulse 360) as\u00ed como calcular la distancia horizontal y vertical con un solo empuje de un bot\u00f3n.<\/p>\n<p>Todos los modelos TruPulse distinguen el objetivo deseado de las obstrucciones circundantes con los modos: m\u00e1s cercano, m\u00e1s lejano, continuo y de filtro.<\/p>\n<p>La serie TruPulse 360 \u200b\u200btiene una br\u00fajula integrada que le permite medir el acimut, lo que mejora la rutina de la L\u00ednea Perdida.\u00a0Esta es una simple rutina de 2 disparos que calcula instant\u00e1neamente la distancia, la inclinaci\u00f3n y el valor de direcci\u00f3n azimutal entre dos puntos remotos.<\/p>\n<p>Utilizando nuestra exclusiva tecnolog\u00eda de br\u00fajula 360 \u00b0 TruVector integrada en la serie TruPulse 360, ahora puede obtener la mejor precisi\u00f3n de acimut posible, independientemente del \u00e1ngulo desde el que dispare.\u00a0Ning\u00fan otro buscador de l\u00e1ser puede hacer eso.<\/p>\n","protected":false},"featured_media":22202,"template":"","meta":{"_exactmetrics_skip_tracking":false,"_exactmetrics_sitenote_active":false,"_exactmetrics_sitenote_note":"","_exactmetrics_sitenote_category":0,"_monsterinsights_skip_tracking":false,"_monsterinsights_sitenote_active":false,"_monsterinsights_sitenote_note":"","_monsterinsights_sitenote_category":0},"product_brand":[],"product_cat":[262,78,269],"product_tag":[],"class_list":{"0":"post-21916","1":"product","2":"type-product","3":"status-publish","4":"has-post-thumbnail","6":"product_cat-distanciometro","7":"product_cat-distanciometros","8":"product_cat-distanciometros-laser","10":"first","11":"instock","12":"shipping-taxable","13":"product-type-simple","14":"col-xxl","15":"col-xl-4","16":"col-lg-6","17":"col-sm-6"},"_links":{"self":[{"href":"https:\/\/kpn.com.uy\/web\/wp-json\/wp\/v2\/product\/21916","targetHints":{"allow":["GET"]}}],"collection":[{"href":"https:\/\/kpn.com.uy\/web\/wp-json\/wp\/v2\/product"}],"about":[{"href":"https:\/\/kpn.com.uy\/web\/wp-json\/wp\/v2\/types\/product"}],"wp:featuredmedia":[{"embeddable":true,"href":"https:\/\/kpn.com.uy\/web\/wp-json\/wp\/v2\/media\/22202"}],"wp:attachment":[{"href":"https:\/\/kpn.com.uy\/web\/wp-json\/wp\/v2\/media?parent=21916"}],"wp:term":[{"taxonomy":"product_brand","embeddable":true,"href":"https:\/\/kpn.com.uy\/web\/wp-json\/wp\/v2\/product_brand?post=21916"},{"taxonomy":"product_cat","embeddable":true,"href":"https:\/\/kpn.com.uy\/web\/wp-json\/wp\/v2\/product_cat?post=21916"},{"taxonomy":"product_tag","embeddable":true,"href":"https:\/\/kpn.com.uy\/web\/wp-json\/wp\/v2\/product_tag?post=21916"}],"curies":[{"name":"wp","href":"https:\/\/api.w.org\/{rel}","templated":true}]}}