{"id":21990,"date":"2017-11-13T15:16:46","date_gmt":"2017-11-13T18:16:46","guid":{"rendered":"https:\/\/kpn.com.uy\/web\/?post_type=product&#038;p=21990"},"modified":"2017-11-26T12:12:46","modified_gmt":"2017-11-26T15:12:46","slug":"quasar6","status":"publish","type":"product","link":"https:\/\/kpn.com.uy\/web\/producto\/quasar6\/","title":{"rendered":"QUASAR6"},"content":{"rendered":"<p><strong>Caracter\u00edsticas:<br \/>\n<\/strong>\u2013 Rayos l\u00e1ser de excelente visibilidad, conmutables individualmente<br \/>\n\u2013 Funci\u00f3n de autonivelaci\u00f3n<br \/>\n\u2013 Bloqueo de seguridad para el transporte<br \/>\n\u2013 Accionamiento de ajuste preciso para una alineaci\u00f3n sencilla<br \/>\n\u2013 Amortiguaci\u00f3n magn\u00e9tica fiable<br \/>\n\u2013 Funci\u00f3n de impulsos para la utilizaci\u00f3n con el receptor l\u00e1ser opcional ACCEPTORline<em><br \/>\n<\/em>\u2013 Funci\u00f3n de carga r\u00e1pida; tiempo m\u00e1x. de carga 2,5 horas (estando el QUASAR6 desconectado)<br \/>\n\u2013 Acoplamiento r\u00e1pido Quick-Fix para la fijaci\u00f3n r\u00e1pida y c\u00f3moda en un tr\u00edpode con rosca de<br \/>\nconexi\u00f3n de 5\/8\u201d<br \/>\n\u2013 Construcci\u00f3n s\u00f3lida con Shock Protection System (sistema de protecci\u00f3n contra impactos)<br \/>\n\u2013 Posibilidad de funcionamiento mediante alimentaci\u00f3n de red<\/p>\n<p>&nbsp;<\/p>\n<p>Ideal para nivelar, alinear, aplomar y aplanar \u00e1ngulos rectos con rapidez y precisi\u00f3n.<strong><br \/>\n<\/strong><\/p>\n<p><strong>Perfecto para las siguientes aplicaciones:<\/strong><\/p>\n<p><strong>\u2013 <\/strong>Construcci\u00f3n en seco<strong><br \/>\n<\/strong><strong>\u2013 <\/strong>Obras interiores<strong><br \/>\n<\/strong><strong>\u2013 <\/strong>Embaldosar<strong><br \/>\n<\/strong><strong>\u2013 <\/strong>Montaje de puertas y ventanas<br \/>\n<strong>\u2013 <\/strong>Construcci\u00f3n de techos<strong><br \/>\n<\/strong><strong>\u2013 <\/strong>Trabajos de pintura<strong><br \/>\n<\/strong><strong>\u2013 <\/strong>Instalaciones el\u00e9ctricas y sanitarias<\/p>\n<p><strong>Caracter\u00edsticas t\u00e9cnicas:<\/strong><\/p>\n<ul>\n<li><strong>Precisi\u00f3n \u00b1 3 mm\/10 m<\/strong><\/li>\n<li><strong>Rango de autonivelaci\u00f3n \u00b1 3,5\u00b0<\/strong><\/li>\n<li><strong>Rango operativo aprox. 50 m sin receptor aprox. 100 m con receptor<\/strong><\/li>\n<li><strong>L\u00e1ser 635 nm, clase de l\u00e1ser 2M<\/strong><\/li>\n<li><strong>Suministro de tensi\u00f3n juego de pilas recargables NiMH 2300 mAh<\/strong><\/li>\n<li><strong>Autonom\u00eda aprox. 15 h<\/strong><\/li>\n<\/ul>\n<p>&nbsp;<\/p>\n<a class=\"maxbutton-1 maxbutton maxbutton-descargarpdf\" target=\"_blank\" rel=\"noopener\" href=\"https:\/\/kpn.com.uy\/web\/wp-content\/uploads\/2017\/11\/quasar6.pdf\"><span class='mb-text'>DESCARGAR PDF<\/span><\/a>\n","protected":false},"excerpt":{"rendered":"<p>L\u00e1ser de l\u00edneas m\u00faltiples de autonivelaci\u00f3n para, nivelar, alinear, aplomar y replanteos sobre 90\u00b0. Cuatro l\u00edneas l\u00e1ser verticales y una horizontal generan en la pared y en el techo una cruz en cada una. Un rayo de plomada adiciona transmite la cruz del techo sobre el suelo. Apropiado para la construcci\u00f3n en seco.<\/p>\n<p>1\/L\u00edneas l\u00e1ser luminosas y claramente visibles. Ideal para alinear y para marcar \u00e1ngulos rectos en la construcci\u00f3n en seco. Con la ayuda del accionamiento de ajuste de precisi\u00f3n tambi\u00e9n es posible alinear con sencillez y precisi\u00f3n la direcci\u00f3n de alineaci\u00f3n a grandes distancias.<\/p>\n<p>2\/Gracias al pr\u00e1ctico tr\u00edpode, el QUASAR6 puede posicionarse por encima del perfil de construcci\u00f3n en seco. Debido a que el punto de plomada, el eje de giro y el punto de corte de las l\u00edneas verticales coinciden, al manejo del QUASAR6 especialmente sencillo.<\/p>\n<p>3\/ Transmisi\u00f3n sencilla de puntos de plomada y l\u00edneas al techo<\/p>\n<p>4\/ El fiable sistema de autonivelaci\u00f3n posibilita un cambio r\u00e1pido de la posici\u00f3n del QUASAR6<strong>.<\/strong><br \/>\nFiable y robusto para la dura aplicaci\u00f3n en la obra.<\/p>\n","protected":false},"featured_media":21991,"template":"","meta":{"_exactmetrics_skip_tracking":false,"_exactmetrics_sitenote_active":false,"_exactmetrics_sitenote_note":"","_exactmetrics_sitenote_category":0,"_monsterinsights_skip_tracking":false,"_monsterinsights_sitenote_active":false,"_monsterinsights_sitenote_note":"","_monsterinsights_sitenote_category":0},"product_brand":[],"product_cat":[106,99,266,84],"product_tag":[],"class_list":{"0":"post-21990","1":"product","2":"type-product","3":"status-publish","4":"has-post-thumbnail","6":"product_cat-marcas","7":"product_cat-nedo","8":"product_cat-nivel-laser","9":"product_cat-nivel-laser-ingenieria","11":"first","12":"instock","13":"shipping-taxable","14":"product-type-simple","15":"col-xxl","16":"col-xl-4","17":"col-lg-6","18":"col-sm-6"},"_links":{"self":[{"href":"https:\/\/kpn.com.uy\/web\/wp-json\/wp\/v2\/product\/21990","targetHints":{"allow":["GET"]}}],"collection":[{"href":"https:\/\/kpn.com.uy\/web\/wp-json\/wp\/v2\/product"}],"about":[{"href":"https:\/\/kpn.com.uy\/web\/wp-json\/wp\/v2\/types\/product"}],"wp:featuredmedia":[{"embeddable":true,"href":"https:\/\/kpn.com.uy\/web\/wp-json\/wp\/v2\/media\/21991"}],"wp:attachment":[{"href":"https:\/\/kpn.com.uy\/web\/wp-json\/wp\/v2\/media?parent=21990"}],"wp:term":[{"taxonomy":"product_brand","embeddable":true,"href":"https:\/\/kpn.com.uy\/web\/wp-json\/wp\/v2\/product_brand?post=21990"},{"taxonomy":"product_cat","embeddable":true,"href":"https:\/\/kpn.com.uy\/web\/wp-json\/wp\/v2\/product_cat?post=21990"},{"taxonomy":"product_tag","embeddable":true,"href":"https:\/\/kpn.com.uy\/web\/wp-json\/wp\/v2\/product_tag?post=21990"}],"curies":[{"name":"wp","href":"https:\/\/api.w.org\/{rel}","templated":true}]}}