{"id":22035,"date":"2017-11-13T18:44:51","date_gmt":"2017-11-13T21:44:51","guid":{"rendered":"https:\/\/kpn.com.uy\/web\/?post_type=product&#038;p=22035"},"modified":"2017-11-13T18:45:58","modified_gmt":"2017-11-13T21:45:58","slug":"linus1-hv","status":"publish","type":"product","link":"https:\/\/kpn.com.uy\/web\/producto\/linus1-hv\/","title":{"rendered":"Linus1 HV"},"content":{"rendered":"<p><strong>Caracter\u00edsticas:<\/strong><br \/>\n\u2013 L\u00e1ser universal con autonivelaci\u00f3n para nivelar,<br \/>\nalinear, aplomar y transferir confortablemente<br \/>\n\u00e1ngulos rectos.<br \/>\n\u2013 Extremadamente robusto<br \/>\n\u2013 L\u00ednea l\u00e1ser horizontal de 360\u00b0<br \/>\n\u2013 Cuatro l\u00edneas l\u00e1ser verticales, conmutables indivi-<br \/>\ndualmente, situadas respectivamente a 90\u00b0<br \/>\nentre ellas y orientadas hacia abajo<br \/>\n\u2013 Punto de plomada en la base<br \/>\n\u2013 Nivelaci\u00f3n motorizada robusta<br \/>\n\u2013 Rango de autonivelaci\u00f3n \u00b1 5\u00b0<br \/>\n\u2013 Pie multifunci\u00f3n de aluminio inyectado a presi\u00f3n,<br \/>\ncon accionamiento microm\u00e9trico para la<br \/>\nalineaci\u00f3n precisa de ejes<br \/>\n\u2013 Carcasa robusta y a prueba de salpicaduras conforme<br \/>\na IP 65<br \/>\n\u2013 Rosca de conexi\u00f3n de 5\/8\u201c<br \/>\n\u2013 Receptor l\u00e1ser ACCEPTOR<sup>Line<\/sup>\u00a0con indicador<br \/>\nmilim\u00e9trico y mordaza de sujeci\u00f3n Heavy-Duty de<br \/>\naluminio inyectado a presi\u00f3n<\/p>\n<p><strong>En paisajismo, y acondicionamiento urbano:<\/strong><br \/>\n\u2013 Trabajos de pavimentaci\u00f3n<br \/>\n\u2013 Disposici\u00f3n de arriates<br \/>\n\u2013 Construcci\u00f3n de aparcamientos<br \/>\n\u2013 Montaje de terrazas y cubiertas para tomar el sol<\/p>\n<p><strong>En la construcci\u00f3n de estructuras de madera y techos<br \/>\nartesonados:<\/strong><br \/>\n\u2013 Construcci\u00f3n de estructuras de madera<br \/>\n\u2013 Construcci\u00f3n de la estructura de traviesas<br \/>\n\u2013 Construcci\u00f3n y edificaci\u00f3n de p\u00e9rgolas para<br \/>\ncoches, as\u00ed como en la proyecci\u00f3n vertical 1:1<\/p>\n<p><strong>En la construcci\u00f3n de edificios y en obras p\u00fablicas:<\/strong><br \/>\n\u2013 Replanteo de \u00e1ngulos rectos en el terreno<br \/>\n\u2013 Construcci\u00f3n de cimientos<br \/>\n\u2013 En la construcci\u00f3n y el control de encofrados y<br \/>\nparamentos verticales<\/p>\n<p><strong>En la construcci\u00f3n de estructuras met\u00e1licas:<\/strong><br \/>\n\u2013 Construcci\u00f3n de pilares<br \/>\n\u2013 Control de la disposici\u00f3n de zunchos<br \/>\n\u2013 Alineaci\u00f3n de placas de soldar<br \/>\n\u2013 Construcci\u00f3n de invernaderos<\/p>\n<p>&nbsp;<\/p>\n<a class=\"maxbutton-1 maxbutton maxbutton-descargarpdf\" target=\"_blank\" rel=\"noopener\" href=\"https:\/\/kpn.com.uy\/web\/wp-content\/uploads\/2017\/11\/Hoja-de-datos_LINUS_ES.pdf\"><span class='mb-text'>DESCARGAR PDF<\/span><\/a>\n","protected":false},"excerpt":{"rendered":"<p>Sus ideadas funciones tan demandadas en las obras y<br \/>\nsu equipamiento completo, el LINUS<sup>1<\/sup>\u00a0HV es el asistente<br \/>\nideal para todos aquellos obreros de la construcci\u00f3n que<br \/>\nnecesiten un l\u00e1ser universal robusto y fiable para nivelar,<br \/>\nalinear y transferir \u00e1ngulos rectos.<\/p>\n","protected":false},"featured_media":22036,"template":"","meta":{"_exactmetrics_skip_tracking":false,"_exactmetrics_sitenote_active":false,"_exactmetrics_sitenote_note":"","_exactmetrics_sitenote_category":0,"_monsterinsights_skip_tracking":false,"_monsterinsights_sitenote_active":false,"_monsterinsights_sitenote_note":"","_monsterinsights_sitenote_category":0},"product_brand":[],"product_cat":[258,99,265],"product_tag":[],"class_list":{"0":"post-22035","1":"product","2":"type-product","3":"status-publish","4":"has-post-thumbnail","6":"product_cat-arquitectura","7":"product_cat-nedo","8":"product_cat-nivel-laser-arquitectura","10":"first","11":"instock","12":"shipping-taxable","13":"product-type-simple","14":"col-xxl","15":"col-xl-4","16":"col-lg-6","17":"col-sm-6"},"_links":{"self":[{"href":"https:\/\/kpn.com.uy\/web\/wp-json\/wp\/v2\/product\/22035","targetHints":{"allow":["GET"]}}],"collection":[{"href":"https:\/\/kpn.com.uy\/web\/wp-json\/wp\/v2\/product"}],"about":[{"href":"https:\/\/kpn.com.uy\/web\/wp-json\/wp\/v2\/types\/product"}],"wp:featuredmedia":[{"embeddable":true,"href":"https:\/\/kpn.com.uy\/web\/wp-json\/wp\/v2\/media\/22036"}],"wp:attachment":[{"href":"https:\/\/kpn.com.uy\/web\/wp-json\/wp\/v2\/media?parent=22035"}],"wp:term":[{"taxonomy":"product_brand","embeddable":true,"href":"https:\/\/kpn.com.uy\/web\/wp-json\/wp\/v2\/product_brand?post=22035"},{"taxonomy":"product_cat","embeddable":true,"href":"https:\/\/kpn.com.uy\/web\/wp-json\/wp\/v2\/product_cat?post=22035"},{"taxonomy":"product_tag","embeddable":true,"href":"https:\/\/kpn.com.uy\/web\/wp-json\/wp\/v2\/product_tag?post=22035"}],"curies":[{"name":"wp","href":"https:\/\/api.w.org\/{rel}","templated":true}]}}