{"id":22059,"date":"2017-11-16T15:46:53","date_gmt":"2017-11-16T18:46:53","guid":{"rendered":"https:\/\/kpn.com.uy\/web\/?post_type=product&#038;p=22059"},"modified":"2017-11-16T15:46:53","modified_gmt":"2017-11-16T18:46:53","slug":"laser-tubus1","status":"publish","type":"product","link":"https:\/\/kpn.com.uy\/web\/producto\/laser-tubus1\/","title":{"rendered":"LASER TUBUS1"},"content":{"rendered":"<p><strong>Caracter\u00edsticas:<br \/>\n<\/strong>\u2013 L\u00e1ser para la construcci\u00f3n de canales extremadamente robusto<br \/>\n\u2013 Dimensiones compactas; posibilita la utilizaci\u00f3n en codos estrechos de tuber\u00edas<br \/>\n\u2013 Robusto motor de nivelaci\u00f3n<br \/>\n\u2013 Ajuste sencillo de una pendiente desde -10 % hasta +40 %<br \/>\n\u2013 Juego de pies para adaptar el l\u00e1ser al di\u00e1metro del canal en la construcci\u00f3n de canales<br \/>\n\u2013 Ayuda de alineaci\u00f3n: para la alineaci\u00f3n sencilla de ejes<br \/>\n\u2013 Excelente visualizaci\u00f3n del estado de funcionamiento: pantalla verde en subidas, pantalla<br \/>\nroja en bajadas<br \/>\n\u2013 Confortable alineaci\u00f3n manual del objetivo asistida por telecomando<br \/>\n\u2013 Diodo l\u00e1ser rojo High-Power de alta potencia para m\u00e1xima visibilidad del rayo l\u00e1ser<br \/>\n\u2013 Pilas recargables de iones de litio para una autonom\u00eda larga y tiempos de carga cortos<\/p>\n<p>&nbsp;<\/p>\n<p><strong>INCLUYE<\/strong><\/p>\n<p>L\u00e1ser para la construcci\u00f3n de canales TUBUS1, telecomando, pilas recargables, cargador, juego<br \/>\nde pies, diana ajustable en altura y maleta.<\/p>\n<p>&nbsp;<\/p>\n<p><strong>ESPECIFICACIONES<\/strong><\/p>\n<p>Precisi\u00f3n \u00b1 5 mm\/100 m<br \/>\nRango de autonivelaci\u00f3n -15 % hasta +45 %<br \/>\nRango de pendiente -10 % hasta +40 %<br \/>\nResoluci\u00f3n de la pantalla 0,001 %<br \/>\nL\u00e1ser max. 5 mW, l\u00e1ser clase 3R, 635 nm<br \/>\nTemperatura de servicio -20\u00b0C hasta +50\u00b0C<br \/>\nClase de protecci\u00f3n IP 68<br \/>\nAutonom\u00eda aprox. 40 h<br \/>\nPeso aprox. 3,5 kg<br \/>\nMedidas \u00f8 140 mm, longitud 300 mm<\/p>\n<a class=\"maxbutton-1 maxbutton maxbutton-descargarpdf\" target=\"_blank\" rel=\"noopener\" href=\"https:\/\/kpn.com.uy\/web\/wp-content\/uploads\/2017\/11\/es_-tubus1.pdf\"><span class='mb-text'>DESCARGAR PDF<\/span><\/a>\n","protected":false},"excerpt":{"rendered":"<p><strong>\u00d3ptimo para la dura aplicaci\u00f3n en la obra. Perfecto para las siguientes aplicaciones:<br \/>\n<\/strong>\u2013 Construcci\u00f3n de drenajes<br \/>\n\u2013 Construcci\u00f3n de alcantarillado<br \/>\n\u2013 Colocaci\u00f3n de cables de suministro el\u00e9ctrico<br \/>\n\u2013 Colocaci\u00f3n de conductos<\/p>\n","protected":false},"featured_media":22061,"template":"","meta":{"_exactmetrics_skip_tracking":false,"_exactmetrics_sitenote_active":false,"_exactmetrics_sitenote_note":"","_exactmetrics_sitenote_category":0,"_monsterinsights_skip_tracking":false,"_monsterinsights_sitenote_active":false,"_monsterinsights_sitenote_note":"","_monsterinsights_sitenote_category":0},"product_brand":[],"product_cat":[258,99,265,107],"product_tag":[],"class_list":{"0":"post-22059","1":"product","2":"type-product","3":"status-publish","4":"has-post-thumbnail","6":"product_cat-arquitectura","7":"product_cat-nedo","8":"product_cat-nivel-laser-arquitectura","9":"product_cat-rubros","11":"first","12":"instock","13":"shipping-taxable","14":"product-type-simple","15":"col-xxl","16":"col-xl-4","17":"col-lg-6","18":"col-sm-6"},"_links":{"self":[{"href":"https:\/\/kpn.com.uy\/web\/wp-json\/wp\/v2\/product\/22059","targetHints":{"allow":["GET"]}}],"collection":[{"href":"https:\/\/kpn.com.uy\/web\/wp-json\/wp\/v2\/product"}],"about":[{"href":"https:\/\/kpn.com.uy\/web\/wp-json\/wp\/v2\/types\/product"}],"wp:featuredmedia":[{"embeddable":true,"href":"https:\/\/kpn.com.uy\/web\/wp-json\/wp\/v2\/media\/22061"}],"wp:attachment":[{"href":"https:\/\/kpn.com.uy\/web\/wp-json\/wp\/v2\/media?parent=22059"}],"wp:term":[{"taxonomy":"product_brand","embeddable":true,"href":"https:\/\/kpn.com.uy\/web\/wp-json\/wp\/v2\/product_brand?post=22059"},{"taxonomy":"product_cat","embeddable":true,"href":"https:\/\/kpn.com.uy\/web\/wp-json\/wp\/v2\/product_cat?post=22059"},{"taxonomy":"product_tag","embeddable":true,"href":"https:\/\/kpn.com.uy\/web\/wp-json\/wp\/v2\/product_tag?post=22059"}],"curies":[{"name":"wp","href":"https:\/\/api.w.org\/{rel}","templated":true}]}}