{"id":22206,"date":"2017-12-01T10:45:14","date_gmt":"2017-12-01T13:45:14","guid":{"rendered":"https:\/\/kpn.com.uy\/web\/?post_type=product&#038;p=22206"},"modified":"2023-07-27T19:02:25","modified_gmt":"2023-07-27T22:02:25","slug":"imajing","status":"publish","type":"product","link":"https:\/\/kpn.com.uy\/web\/producto\/imajing\/","title":{"rendered":"Imajbox 360"},"content":{"rendered":"<p>imajbox\u00ae 360 es un sistema de mapeo m\u00f3vil standalone produciendo datos 3D desde im\u00e1genes 360\u00b0 para adquirir<br \/>\ninformaci\u00f3n a alta velocidad para gesti\u00f3n de infraestructuras.<br \/>\nDise\u00f1ado para ser eficiente en todos los aspectos:<br \/>\n&#8211; Sencillo\u00a0: Montaje seguro y r\u00e1pido en cualquier tipo de veh\u00edculo, sin cables, setup r\u00e1pido, control completamente<br \/>\nremoto desde un smartphone o un tablet y puede ser manejado por una sola persona.<br \/>\n&#8211; Presico\u00a0: Plataforma de posicionamiento altamente preciso combinando GPS, GLONASS, GALILEO, BEIDU<br \/>\nmultifrecuencia. Receptor GNSS, IMU de alta gama con 6 ejes, y algoritmos InertialVision de IMAJING.<br \/>\nPosicionamiento RTK y PPK para precisi\u00f3n centimetrica.<br \/>\n&#8211; Productivo\u00a0: Alta capacidad de almacenamiento, operando con una bater\u00eda standalone de 2h o con conexi\u00f3n al<br \/>\nencendedor de cigarrillo del coche. Auto calibraci\u00f3n y captura continua. Para proyectos de gran escala y hasta<br \/>\n130km\/h.<br \/>\nSoluci\u00f3n integral \u00abtodo-en-uno \u00bb<br \/>\nImajbox\u00ae 360, listo para sus levantamientos, entregado con:<br \/>\n&#8211; 1TB de almacenamiento SSD<br \/>\n&#8211; Una bater\u00eda interna de 2h para levantamientos aut\u00f3nomos<br \/>\n&#8211; Un sistema de fijaci\u00f3n completo (ventosas, cinta de seguridad)<br \/>\n&#8211; Un cable para encendedor<\/p>\n<p><iframe title=\"imajbox\u00ae 360\" width=\"1136\" height=\"639\" src=\"https:\/\/www.youtube.com\/embed\/cajqJdb1NsE?start=2&#038;feature=oembed\" frameborder=\"0\" allow=\"accelerometer; autoplay; clipboard-write; encrypted-media; gyroscope; picture-in-picture; web-share\" allowfullscreen><\/iframe><\/p>\n","protected":false},"excerpt":{"rendered":"<p>Combinando el SIG con im\u00e1genes de campo, el objetivo de imajing consiste en dar vida a los SIG, ofreciendo<br \/>\nuna cadena de herramientas para recoger f\u00e1cilmente los datos de campo, producir datos SIG y alimentar la basede datos con informaci\u00f3n siempre actualizada.<\/p>\n<p>Imajbox\u00ae es un\u00a0<strong>sistema de mobile mapping compacto, aut\u00f3nomo<\/strong>\u00a0y listo para usar dise\u00f1ado para realizar captura de informaci\u00f3n a alta velocidad para gesti\u00f3n de infraestructuras de transporte.<br \/>\nGracias a una integraci\u00f3n de alto nivel, un posicionamiento innovador y tecnolog\u00edas de procesamiento de im\u00e1genes,\u00a0<strong>imajbox\u00ae ha sido dimensionada para dar flexibilidad y facilidad de uso a sus usuarios<\/strong>, y se puede instalar en cualquier medio de transporte (coche, cami\u00f3n, quad, bicicleta, moto, bicicleta, tren o barco).<\/p>\n<p><strong>Combinando el SIG con im\u00e1genes de la realidad de campo<\/strong>, el objetivo de imajing consiste en dar vida a los SIG, ofreciendo una cadena de herramientas para\u00a0<strong>recoger f\u00e1cilmente<\/strong>\u00a0los datos de campo, producir datos SIG y alimentar\u00a0<strong>la base de datos con informaci\u00f3n siempre actualizada<\/strong>.<\/p>\n","protected":false},"featured_media":24752,"template":"","meta":{"_exactmetrics_skip_tracking":false,"_exactmetrics_sitenote_active":false,"_exactmetrics_sitenote_note":"","_exactmetrics_sitenote_category":0,"_monsterinsights_skip_tracking":false,"_monsterinsights_sitenote_active":false,"_monsterinsights_sitenote_note":"","_monsterinsights_sitenote_category":0},"product_brand":[],"product_cat":[294,281],"product_tag":[],"class_list":{"0":"post-22206","1":"product","2":"type-product","3":"status-publish","4":"has-post-thumbnail","6":"product_cat-imajing","7":"product_cat-sistemasmapeomovil","9":"first","10":"instock","11":"shipping-taxable","12":"product-type-simple","13":"col-xxl","14":"col-xl-4","15":"col-lg-6","16":"col-sm-6"},"_links":{"self":[{"href":"https:\/\/kpn.com.uy\/web\/wp-json\/wp\/v2\/product\/22206","targetHints":{"allow":["GET"]}}],"collection":[{"href":"https:\/\/kpn.com.uy\/web\/wp-json\/wp\/v2\/product"}],"about":[{"href":"https:\/\/kpn.com.uy\/web\/wp-json\/wp\/v2\/types\/product"}],"wp:featuredmedia":[{"embeddable":true,"href":"https:\/\/kpn.com.uy\/web\/wp-json\/wp\/v2\/media\/24752"}],"wp:attachment":[{"href":"https:\/\/kpn.com.uy\/web\/wp-json\/wp\/v2\/media?parent=22206"}],"wp:term":[{"taxonomy":"product_brand","embeddable":true,"href":"https:\/\/kpn.com.uy\/web\/wp-json\/wp\/v2\/product_brand?post=22206"},{"taxonomy":"product_cat","embeddable":true,"href":"https:\/\/kpn.com.uy\/web\/wp-json\/wp\/v2\/product_cat?post=22206"},{"taxonomy":"product_tag","embeddable":true,"href":"https:\/\/kpn.com.uy\/web\/wp-json\/wp\/v2\/product_tag?post=22206"}],"curies":[{"name":"wp","href":"https:\/\/api.w.org\/{rel}","templated":true}]}}