{"id":22475,"date":"2018-04-13T14:08:49","date_gmt":"2018-04-13T17:08:49","guid":{"rendered":"https:\/\/kpn.com.uy\/web\/?post_type=product&#038;p=22475"},"modified":"2018-04-13T14:14:37","modified_gmt":"2018-04-13T17:14:37","slug":"tablet-qpad-x5","status":"publish","type":"product","link":"https:\/\/kpn.com.uy\/web\/producto\/tablet-qpad-x5\/","title":{"rendered":"Tablet Qpad X5"},"content":{"rendered":"<div class=\"warp\"><\/div>\n<div>\n<p><strong>El m\u00f3dulo GNSS de alta precisi\u00f3n realiza el rendimiento RTK\u00a0<\/strong><\/p>\n<ul>\n<li>Conectado con un m\u00f3dulo GNSS opcional de alta precisi\u00f3n, el Qpad X5 puede alcanzar el rendimiento RTK con una precisi\u00f3n de 2 cm.<\/li>\n<li>Soluci\u00f3n de 2 cent\u00edmetros, soluci\u00f3n de metro<\/li>\n<\/ul>\n<p>&nbsp;<\/p>\n<p><strong>Dise\u00f1o robusto de la industria para el trabajo de campo\u00a0<\/strong><\/p>\n<ul>\n<li>La pantalla destacada de 7 pulgadas le brinda una experiencia c\u00f3moda de trabajo y visualizaci\u00f3n<\/li>\n<li>La pantalla resaltada permite la capacidad visible incluso a la luz solar directa.<\/li>\n<li>Dise\u00f1o riguroso de la industria IP 67<\/li>\n<\/ul>\n<p>&nbsp;<\/p>\n<p><strong>Tableta de alto rendimiento\u00a0<\/strong><\/p>\n<ul>\n<li>Android 5.0 OS y procesador de 8 n\u00facleos para que el Qpad X5 sea de alta velocidad<\/li>\n<li>M\u00e1s de 8 horas de duraci\u00f3n de la bater\u00eda garantizan que todo el d\u00eda trabaje en el campo.<\/li>\n<li>WiFi, Bluetooth y tarjeta SIM dual para 3G \/ 4G permiten la conectividad conveniente.<\/li>\n<\/ul>\n<p>&nbsp;<\/p>\n<p>&nbsp;<\/p>\n<p><strong>Soluci\u00f3n de aplicaci\u00f3n y software GIS m\u00f3vil profesional\u00a0<\/strong><\/p>\n<ul>\n<li>Recopilaci\u00f3n de datos SIG m\u00f3vil<\/li>\n<li>Soluci\u00f3n de inventario forestal<\/li>\n<li>Soluci\u00f3n catastral<\/li>\n<\/ul>\n<\/div>\n<div class=\"mt\"><\/div>\n<div class=\"footer\"><\/div>\n","protected":false},"excerpt":{"rendered":"<p>Qpad X5 es una tableta robusta de alta precisi\u00f3n apta para todo tipo de trabajos. Acoplada al m\u00f3dulo de alta precisi\u00f3n, Qpad X5 puede obtener hasta 2cm de precisi\u00f3n en RTK. Con software profesional para SIG, Qpad X5 es la mejor opci\u00f3n para trabajos de SIG y soluciones industriales.<\/p>\n","protected":false},"featured_media":22476,"template":"","meta":{"_exactmetrics_skip_tracking":false,"_exactmetrics_sitenote_active":false,"_exactmetrics_sitenote_note":"","_exactmetrics_sitenote_category":0,"_monsterinsights_skip_tracking":false,"_monsterinsights_sitenote_active":false,"_monsterinsights_sitenote_note":"","_monsterinsights_sitenote_category":0},"product_brand":[],"product_cat":[85,273,110],"product_tag":[],"class_list":{"0":"post-22475","1":"product","2":"type-product","3":"status-publish","4":"has-post-thumbnail","6":"product_cat-equiposdemanocongnss","7":"product_cat-gnss-cartograficos","8":"product_cat-mapping-gis","10":"first","11":"instock","12":"shipping-taxable","13":"product-type-simple","14":"col-xxl","15":"col-xl-4","16":"col-lg-6","17":"col-sm-6"},"_links":{"self":[{"href":"https:\/\/kpn.com.uy\/web\/wp-json\/wp\/v2\/product\/22475","targetHints":{"allow":["GET"]}}],"collection":[{"href":"https:\/\/kpn.com.uy\/web\/wp-json\/wp\/v2\/product"}],"about":[{"href":"https:\/\/kpn.com.uy\/web\/wp-json\/wp\/v2\/types\/product"}],"wp:featuredmedia":[{"embeddable":true,"href":"https:\/\/kpn.com.uy\/web\/wp-json\/wp\/v2\/media\/22476"}],"wp:attachment":[{"href":"https:\/\/kpn.com.uy\/web\/wp-json\/wp\/v2\/media?parent=22475"}],"wp:term":[{"taxonomy":"product_brand","embeddable":true,"href":"https:\/\/kpn.com.uy\/web\/wp-json\/wp\/v2\/product_brand?post=22475"},{"taxonomy":"product_cat","embeddable":true,"href":"https:\/\/kpn.com.uy\/web\/wp-json\/wp\/v2\/product_cat?post=22475"},{"taxonomy":"product_tag","embeddable":true,"href":"https:\/\/kpn.com.uy\/web\/wp-json\/wp\/v2\/product_tag?post=22475"}],"curies":[{"name":"wp","href":"https:\/\/api.w.org\/{rel}","templated":true}]}}