{"id":22560,"date":"2018-07-02T17:42:28","date_gmt":"2018-07-02T20:42:28","guid":{"rendered":"https:\/\/kpn.com.uy\/web\/?post_type=product&#038;p=22560"},"modified":"2021-06-15T13:30:31","modified_gmt":"2021-06-15T16:30:31","slug":"pix4d-model","status":"publish","type":"product","link":"https:\/\/kpn.com.uy\/web\/producto\/pix4d-model\/","title":{"rendered":"PIX4D MODEL"},"content":{"rendered":"<p>Pix4Dmodel software para comenzar a modelar en 3D con su dron.<br \/>\nProcese im\u00e1genes autom\u00e1ticamente en Pix4Dmodel para crear modelos 3D fotorrealistas a partir de im\u00e1genes de drones. Exporte videos fly-through y modelos de malla completa para mostrar sus trabajos con drones en la web y las redes sociales.<\/p>\n<ul>\n<li>Marca r\u00e1pidamente, mide y comparte<br \/>\nEn Pix4Dmodel Cloud ahora puede agregar y compartir marcadores y medidas. Identifique r\u00e1pidamente elementos y calcule distancias y \u00e1reas de superficie en su modelo 3D.&nbsp; Flujo de trabajo autom\u00e1tico completo.&nbsp; Un clic para obtener resultados.<\/li>\n<\/ul>\n<ul>\n<li>Editor RayCloud<br \/>\nUna nueva forma de evaluar la calidad, mejorar proyectos y medir las caracter\u00edsticas. Exportar y compartir Exportar archivos para video y publicaci\u00f3n web en 3D.<\/li>\n<\/ul>\n<ul>\n<li>Comparte tu modelo 3D<br \/>\nExporte en una variedad de formatos de archivo para cargar en Sketchfab y otras plataformas de visualizaci\u00f3n 3D en l\u00ednea.<\/li>\n<\/ul>\n<p>&nbsp;<\/p>\n<p><img fetchpriority=\"high\" decoding=\"async\" class=\"wp-image-22562 aligncenter\" src=\"https:\/\/kpn.com.uy\/web\/wp-content\/uploads\/2018\/07\/model3-1024x592.png\" alt=\"\" width=\"721\" height=\"417\" srcset=\"https:\/\/kpn.com.uy\/web\/wp-content\/uploads\/2018\/07\/model3-1024x592.png 1024w, https:\/\/kpn.com.uy\/web\/wp-content\/uploads\/2018\/07\/model3-1024x592-500x289.png 500w, https:\/\/kpn.com.uy\/web\/wp-content\/uploads\/2018\/07\/model3-1024x592-401x232.png 401w, https:\/\/kpn.com.uy\/web\/wp-content\/uploads\/2018\/07\/model3-1024x592-480x278.png 480w, https:\/\/kpn.com.uy\/web\/wp-content\/uploads\/2018\/07\/model3-1024x592-640x370.png 640w, https:\/\/kpn.com.uy\/web\/wp-content\/uploads\/2018\/07\/model3-1024x592-159x92.png 159w, https:\/\/kpn.com.uy\/web\/wp-content\/uploads\/2018\/07\/model3-1024x592-100x58.png 100w, https:\/\/kpn.com.uy\/web\/wp-content\/uploads\/2018\/07\/model3-1024x592-200x116.png 200w, https:\/\/kpn.com.uy\/web\/wp-content\/uploads\/2018\/07\/model3-1024x592-300x173.png 300w\" sizes=\"(max-width: 721px) 100vw, 721px\" \/><\/p>\n<ul>\n<li>Videos verticales<br \/>\nCree su propia ruta exclusiva para un video din\u00e1mico en 3D que resalte su proyecto. Comparte en YouTube, Vimeo y m\u00e1s.<\/li>\n<\/ul>\n<p>&nbsp;<\/p>\n<ul>\n<li>Compatibilidad de salida<br \/>\nImporte los archivos .obj, .fbx, .dxf, ply y 3D pdf de malla de Pix4D en una amplia gama de software de animaci\u00f3n y modelado 3D para su adaptaci\u00f3n o redise\u00f1o.<\/li>\n<\/ul>\n<p><img decoding=\"async\" class=\"wp-image-22564 aligncenter\" src=\"https:\/\/kpn.com.uy\/web\/wp-content\/uploads\/2018\/07\/Pix4Dmodel-output-compatibility-export.jpg\" alt=\"\" width=\"784\" height=\"392\" srcset=\"https:\/\/kpn.com.uy\/web\/wp-content\/uploads\/2018\/07\/Pix4Dmodel-output-compatibility-export.jpg 1000w, https:\/\/kpn.com.uy\/web\/wp-content\/uploads\/2018\/07\/Pix4Dmodel-output-compatibility-export-500x250.jpg 500w, https:\/\/kpn.com.uy\/web\/wp-content\/uploads\/2018\/07\/Pix4Dmodel-output-compatibility-export-401x201.jpg 401w, https:\/\/kpn.com.uy\/web\/wp-content\/uploads\/2018\/07\/Pix4Dmodel-output-compatibility-export-480x240.jpg 480w, https:\/\/kpn.com.uy\/web\/wp-content\/uploads\/2018\/07\/Pix4Dmodel-output-compatibility-export-640x320.jpg 640w, https:\/\/kpn.com.uy\/web\/wp-content\/uploads\/2018\/07\/Pix4Dmodel-output-compatibility-export-184x92.jpg 184w, https:\/\/kpn.com.uy\/web\/wp-content\/uploads\/2018\/07\/Pix4Dmodel-output-compatibility-export-100x50.jpg 100w, https:\/\/kpn.com.uy\/web\/wp-content\/uploads\/2018\/07\/Pix4Dmodel-output-compatibility-export-200x100.jpg 200w, https:\/\/kpn.com.uy\/web\/wp-content\/uploads\/2018\/07\/Pix4Dmodel-output-compatibility-export-300x150.jpg 300w\" sizes=\"(max-width: 784px) 100vw, 784px\" \/><\/p>\n<p>Compatible con impresora 3D<br \/>\nLas mallas Pix4Dmodel son imprimibles en 3D. El mapeo 3D y la impresi\u00f3n 3D, cuando se usan juntos, ayudan a desarrollar ideas m\u00e1s r\u00e1pido que nunca, desde modelos arquitect\u00f3nicos hasta prototipos de dise\u00f1o industrial.<\/p>\n<p><img decoding=\"async\" class=\"wp-image-22565 aligncenter\" src=\"https:\/\/kpn.com.uy\/web\/wp-content\/uploads\/2018\/07\/model1.jpg\" alt=\"\" width=\"618\" height=\"309\" srcset=\"https:\/\/kpn.com.uy\/web\/wp-content\/uploads\/2018\/07\/model1.jpg 1000w, https:\/\/kpn.com.uy\/web\/wp-content\/uploads\/2018\/07\/model1-500x250.jpg 500w, https:\/\/kpn.com.uy\/web\/wp-content\/uploads\/2018\/07\/model1-401x201.jpg 401w, https:\/\/kpn.com.uy\/web\/wp-content\/uploads\/2018\/07\/model1-480x240.jpg 480w, https:\/\/kpn.com.uy\/web\/wp-content\/uploads\/2018\/07\/model1-640x320.jpg 640w, https:\/\/kpn.com.uy\/web\/wp-content\/uploads\/2018\/07\/model1-184x92.jpg 184w, https:\/\/kpn.com.uy\/web\/wp-content\/uploads\/2018\/07\/model1-100x50.jpg 100w, https:\/\/kpn.com.uy\/web\/wp-content\/uploads\/2018\/07\/model1-200x100.jpg 200w, https:\/\/kpn.com.uy\/web\/wp-content\/uploads\/2018\/07\/model1-300x150.jpg 300w\" sizes=\"(max-width: 618px) 100vw, 618px\" \/><\/p>\n<p>&nbsp;<\/p>\n<p>Un flujo de trabajo exclusivo M\u00d3VIL + ESCRITORIO+ NUBE<\/p>\n<p><img loading=\"lazy\" decoding=\"async\" class=\" wp-image-22558 aligncenter\" src=\"https:\/\/kpn.com.uy\/web\/wp-content\/uploads\/2018\/07\/flujo.png\" alt=\"\" width=\"680\" height=\"246\" srcset=\"https:\/\/kpn.com.uy\/web\/wp-content\/uploads\/2018\/07\/flujo.png 815w, https:\/\/kpn.com.uy\/web\/wp-content\/uploads\/2018\/07\/flujo-500x181.png 500w, https:\/\/kpn.com.uy\/web\/wp-content\/uploads\/2018\/07\/flujo-401x145.png 401w, https:\/\/kpn.com.uy\/web\/wp-content\/uploads\/2018\/07\/flujo-480x174.png 480w, https:\/\/kpn.com.uy\/web\/wp-content\/uploads\/2018\/07\/flujo-640x232.png 640w, https:\/\/kpn.com.uy\/web\/wp-content\/uploads\/2018\/07\/flujo-254x92.png 254w, https:\/\/kpn.com.uy\/web\/wp-content\/uploads\/2018\/07\/flujo-100x36.png 100w, https:\/\/kpn.com.uy\/web\/wp-content\/uploads\/2018\/07\/flujo-200x72.png 200w, https:\/\/kpn.com.uy\/web\/wp-content\/uploads\/2018\/07\/flujo-300x109.png 300w\" sizes=\"(max-width: 680px) 100vw, 680px\" \/><\/p>\n<p>CAPTURE<br \/>\nCon cualquier c\u00e1mara, cualquier imagen; o con la aplicaci\u00f3n de planificaci\u00f3n de vuelo Pix4Dcapture en su tel\u00e9fono m\u00f3vil o tableta para operaciones de vuelo con drones; podr\u00e1 capturar im\u00e1genes que se procesar\u00e1n de forma \u00f3ptima en Pix4D Model.<\/p>\n<p>PROCESE<br \/>\nElija el procesamiento fuera de l\u00ednea, en su ordenador con Pix4D para tener un control total sobre los datos, sin necesidad de una conexi\u00f3n a Internet.<br \/>\nPix4D procesa por usted. Elija el procesamiento en l\u00ednea para obtener resultados completamente autom\u00e1ticos y sin hardware en la nube de Pix4D Model.<br \/>\nANALICE<br \/>\nEn el escritorio, obtenga acceso a funciones avanzadas de edici\u00f3n, control de calidad y mediciones.<\/p>\n<p>COMPARTA<br \/>\nColabore y anote f\u00e1cilmente proyectos en l\u00ednea, luego comparta mapas, modelos y an\u00e1lisis desde una URL simple.<\/p>\n<p><a href=\"https:\/\/youtu.be\/t0Eky9KXXH8\">https:\/\/youtu.be\/t0Eky9KXXH8<\/a><\/p>\n<p>&nbsp;<\/p>\n","protected":false},"excerpt":{"rendered":"<p>PIX4D Model \u2013 Modelado 3D Software de procesamiento e interpretaci\u00f3n lider en el mercado para realizar modelados en 3D. Procese im\u00e1genes autom\u00e1ticamente en Pix4D MODEL para crear modelos 3D fotorrealistas a partir de im\u00e1genes de drones. Exporte videos\u00a0 y modelos de malla completa para mostrar sus trabajos con drones en la web y las redes sociales.<\/p>\n","protected":false},"featured_media":24178,"template":"","meta":{"_exactmetrics_skip_tracking":false,"_exactmetrics_sitenote_active":false,"_exactmetrics_sitenote_note":"","_exactmetrics_sitenote_category":0,"_monsterinsights_skip_tracking":false,"_monsterinsights_sitenote_active":false,"_monsterinsights_sitenote_note":"","_monsterinsights_sitenote_category":0},"product_brand":[],"product_cat":[380],"product_tag":[],"class_list":{"0":"post-22560","1":"product","2":"type-product","3":"status-publish","4":"has-post-thumbnail","6":"product_cat-procesamiento-de-imagenes","8":"first","9":"instock","10":"shipping-taxable","11":"product-type-simple","12":"col-xxl","13":"col-xl-4","14":"col-lg-6","15":"col-sm-6"},"_links":{"self":[{"href":"https:\/\/kpn.com.uy\/web\/wp-json\/wp\/v2\/product\/22560","targetHints":{"allow":["GET"]}}],"collection":[{"href":"https:\/\/kpn.com.uy\/web\/wp-json\/wp\/v2\/product"}],"about":[{"href":"https:\/\/kpn.com.uy\/web\/wp-json\/wp\/v2\/types\/product"}],"wp:featuredmedia":[{"embeddable":true,"href":"https:\/\/kpn.com.uy\/web\/wp-json\/wp\/v2\/media\/24178"}],"wp:attachment":[{"href":"https:\/\/kpn.com.uy\/web\/wp-json\/wp\/v2\/media?parent=22560"}],"wp:term":[{"taxonomy":"product_brand","embeddable":true,"href":"https:\/\/kpn.com.uy\/web\/wp-json\/wp\/v2\/product_brand?post=22560"},{"taxonomy":"product_cat","embeddable":true,"href":"https:\/\/kpn.com.uy\/web\/wp-json\/wp\/v2\/product_cat?post=22560"},{"taxonomy":"product_tag","embeddable":true,"href":"https:\/\/kpn.com.uy\/web\/wp-json\/wp\/v2\/product_tag?post=22560"}],"curies":[{"name":"wp","href":"https:\/\/api.w.org\/{rel}","templated":true}]}}