{"id":22742,"date":"2018-11-23T17:36:37","date_gmt":"2018-11-23T20:36:37","guid":{"rendered":"https:\/\/kpn.com.uy\/web\/?post_type=product&#038;p=22742"},"modified":"2018-11-23T17:36:37","modified_gmt":"2018-11-23T20:36:37","slug":"gl722","status":"publish","type":"product","link":"https:\/\/kpn.com.uy\/web\/producto\/gl722\/","title":{"rendered":"GL722"},"content":{"rendered":"<ul>\n<li>La compensaci\u00f3n de la temperatura ofrece resultados estables y precisos a pesar de los cambios t\u00e9rmicos.<\/li>\n<li>La conexi\u00f3n inal\u00e1mbrica de largo alcance, que no se ve afectada por la direcci\u00f3n ni la luz solar, ofrece una configuraci\u00f3n r\u00e1pida, aunque el l\u00e1ser est\u00e9 sobre un tr\u00edpode de 3\u00a0metros, y un total control del dispositivo.<\/li>\n<li>La pantalla protectora de la lente garantiza el funcionamiento del l\u00e1ser con independencia de las condiciones clim\u00e1ticas.<\/li>\n<li>El GL722 es muy f\u00e1cil de usar gracias a sus sencillos e intuitivos controles.<\/li>\n<li>Las diferentes opciones de potencia, el indicador de bater\u00eda y el modo en suspensi\u00f3n inal\u00e1mbrico ahorran bater\u00eda en las paradas para prolongar su duraci\u00f3n.<\/li>\n<li>Gracias a su panel de control resistente a las condiciones clim\u00e1ticas, y a la carcasa de aluminio robusta y totalmente sellada, podr\u00e1 trabajar en todo tipo de condiciones.<\/li>\n<li>El cambio de pendiente permite aumentar o reducir la pendiente a distancia.<\/li>\n<li>El intercambio de pendiente refleja la configuraci\u00f3n de la pendiente con solo pulsar un bot\u00f3n y altera la pendiente establecida entre el 1% y -1%, por ejemplo.<\/li>\n<li>El sensor de apagado de pendiente autom\u00e1tico evita una pendiente incorrecta y ahorra tiempo.<\/li>\n<li>Mando a distancia de largo alcance de 225\u00a0metros para funciones generales y de 150\u00a0metros para alineaci\u00f3n autom\u00e1tica.<\/li>\n<li>La alineaci\u00f3n autom\u00e1tica de ejes permite alinear de forma autom\u00e1tica con el centro de la pendiente y elimina los costosos errores generados por una mala alineaci\u00f3n durante el uso de pendientes.<\/li>\n<li>La compatibilidad con control de maquinaria permite trabajar con todos los sistemas de control de maquinaria por l\u00e1ser.<\/li>\n<li>En las obras en rieles, donde no se permiten rayos rojos en las v\u00edas \u00fatiles, el GL722-IR ofrece todos los beneficios del modelo est\u00e1ndar con infrarrojos.<\/li>\n<\/ul>\n<p><iframe width=\"1136\" height=\"639\" src=\"https:\/\/www.youtube.com\/embed\/tY38rHfaGUk?feature=oembed\" frameborder=\"0\" allow=\"accelerometer; autoplay; encrypted-media; gyroscope; picture-in-picture\" allowfullscreen><\/iframe><\/p>\n<a class=\"maxbutton-1 maxbutton maxbutton-descargarpdf\" target=\"_blank\" rel=\"noopener\" href=\"https:\/\/www.spectralasers.com\/media\/custom\/upload\/File-1448544587.pdf\"><span class='mb-text'>DESCARGAR PDF<\/span><\/a>\n","protected":false},"excerpt":{"rendered":"<p>El l\u00e1ser de doble pendiente Spectra Precision GL722 es uno de los m\u00e1s avanzados del mercado. Gracias a su largo alcance, su un mando a distancia por radio avanzado, el ajuste de pendiente, su funci\u00f3n PlaneLok y la alineaci\u00f3n de ejes autom\u00e1tica, podr\u00e1 configurarlo de forma r\u00e1pida y precisa para cualquier tipo de aplicaci\u00f3n en pendiente. Gracias al potente mando a distancia de largo alcance del GL722, una sola persona puede configurar y manejar el l\u00e1ser de pendiente con total precisi\u00f3n. Hasta el intercambio de pendiente se hace al instante. Permite controlar de forma autom\u00e1tica todas las funciones del transmisor con el mando, incluso desde la cabina de la maquinaria. Las pendientes se pueden cambiar sobre la marcha en un radio de 225\u00a0metros desde el transmisor. Con una oscilaci\u00f3n de pendiente de \u00b1\u00a010\u00a0% en el eje X y entre \u20130,5 y 25\u00a0% en el eje Y combinada con un alcance de 900\u00a0metros, nada se puede resistir a este l\u00e1ser. La alineaci\u00f3n autom\u00e1tica de ejes se puede hacer en un radio de 150\u00a0metros desde el transmisor, lo que ofrece una configuraci\u00f3n precisa y elimina la necesidad de subir escaleras para alinear el l\u00e1ser con el centro de la pendiente.<\/p>\n","protected":false},"featured_media":22743,"template":"","meta":{"_exactmetrics_skip_tracking":false,"_exactmetrics_sitenote_active":false,"_exactmetrics_sitenote_note":"","_exactmetrics_sitenote_category":0,"_monsterinsights_skip_tracking":false,"_monsterinsights_sitenote_active":false,"_monsterinsights_sitenote_note":"","_monsterinsights_sitenote_category":0},"product_brand":[],"product_cat":[258,109,106,82,265,107,104],"product_tag":[],"class_list":{"0":"post-22742","1":"product","2":"type-product","3":"status-publish","4":"has-post-thumbnail","6":"product_cat-arquitectura","7":"product_cat-ingenieria","8":"product_cat-marcas","9":"product_cat-nivellaser","10":"product_cat-nivel-laser-arquitectura","11":"product_cat-rubros","12":"product_cat-spectra","14":"first","15":"instock","16":"shipping-taxable","17":"product-type-simple","18":"col-xxl","19":"col-xl-4","20":"col-lg-6","21":"col-sm-6"},"_links":{"self":[{"href":"https:\/\/kpn.com.uy\/web\/wp-json\/wp\/v2\/product\/22742","targetHints":{"allow":["GET"]}}],"collection":[{"href":"https:\/\/kpn.com.uy\/web\/wp-json\/wp\/v2\/product"}],"about":[{"href":"https:\/\/kpn.com.uy\/web\/wp-json\/wp\/v2\/types\/product"}],"wp:featuredmedia":[{"embeddable":true,"href":"https:\/\/kpn.com.uy\/web\/wp-json\/wp\/v2\/media\/22743"}],"wp:attachment":[{"href":"https:\/\/kpn.com.uy\/web\/wp-json\/wp\/v2\/media?parent=22742"}],"wp:term":[{"taxonomy":"product_brand","embeddable":true,"href":"https:\/\/kpn.com.uy\/web\/wp-json\/wp\/v2\/product_brand?post=22742"},{"taxonomy":"product_cat","embeddable":true,"href":"https:\/\/kpn.com.uy\/web\/wp-json\/wp\/v2\/product_cat?post=22742"},{"taxonomy":"product_tag","embeddable":true,"href":"https:\/\/kpn.com.uy\/web\/wp-json\/wp\/v2\/product_tag?post=22742"}],"curies":[{"name":"wp","href":"https:\/\/api.w.org\/{rel}","templated":true}]}}