{"id":22769,"date":"2018-12-26T18:03:00","date_gmt":"2018-12-26T21:03:00","guid":{"rendered":"https:\/\/kpn.com.uy\/web\/?post_type=product&#038;p=22769"},"modified":"2025-12-19T14:02:11","modified_gmt":"2025-12-19T17:02:11","slug":"software-capture","status":"publish","type":"product","link":"https:\/\/kpn.com.uy\/web\/producto\/software-capture\/","title":{"rendered":"Trimble Forensics Capture"},"content":{"rendered":"<p><span style=\"font-family: tahoma, sans-serif;\">Capture permite flujos de trabajo sencillos, simples y f\u00e1ciles de administrar. En el campo, puede ver un diagrama de su escena mientras la fotograf\u00eda, en 2D o 3D, desde cualquier \u00e1ngulo, y acercarse r\u00e1pidamente a las \u00e1reas ricas en evidencias. Y, al agregar notas y fotos a sus puntos, su trabajo en la oficina se vuelve m\u00e1s f\u00e1cil y productivo.<\/span><\/p>\n<div>\n<p><span style=\"font-family: tahoma, sans-serif;\">Bibliotecas de nubes de puntos incorporados. Capacidades de conexi\u00f3n Bluetooth. Sistema de marcador de evidencia con soporte para fotos. Toque los controles; no es necesario un l\u00e1piz. Mediciones de distancia entre puntos.<\/span><\/p>\n<\/div>\n<div><\/div>\n<div>\n<p>Caracter\u00edsticas principales<\/p>\n<\/div>\n<ul>\n<li>Ver y editar en 2D o 3D<\/li>\n<li>Integraci\u00f3n perfecta con Trimble Reveal<\/li>\n<li>Soporte rob\u00f3tico de la estaci\u00f3n total<\/li>\n<li>Bibliotecas de nubes de puntos incorporados<\/li>\n<li>Conectividad de puente de radio<\/li>\n<li>Capacidades de conexi\u00f3n Bluetooth<\/li>\n<li>Interfaz de usuario nueva y mejorada<\/li>\n<li>Sistema operativo Android actualizado<\/li>\n<li>Compartir correo electr\u00f3nico<\/li>\n<li>Sistema de marcador de evidencia con soporte para fotos<\/li>\n<li>Toque los controles; no es necesario un l\u00e1piz<\/li>\n<li>Mediciones de distancia entre puntos<\/li>\n<li>Opciones de importaci\u00f3n f\u00e1cil para Trimble Reveal<\/li>\n<\/ul>\n","protected":false},"excerpt":{"rendered":"[maxbutton id=\"1\" url=\"https:\/\/drive.google.com\/file\/d\/1VrT2UW9CLnfMG5Kidk9DuNVDLGk3EnCA\/view?usp=sharing\" text=\"HOJA DE DATOS\" window=\"new\" ]\n<p>Aplicaci\u00f3n m\u00f3vil\/tableta para captura de escenas forenses en campo.<br \/>\nPermite:<\/p>\n<p>Tomar fotograf\u00edas y mediciones de campo sincronizadas con geolocalizaci\u00f3n.<\/p>\n<p>Capturar informaci\u00f3n estructurada y etiquetada (objetos, evidencias, referencias).<\/p>\n<p>Preparar conjuntos de datos que luego se integran en software como RealWorks o Reveal.<\/p>\n<p>Guardar metadatos para cadena de custodia y consistencia de evidencia.<\/p>\n<p>&nbsp;<\/p>\n","protected":false},"featured_media":25259,"template":"","meta":{"_exactmetrics_skip_tracking":false,"_exactmetrics_sitenote_active":false,"_exactmetrics_sitenote_note":"","_exactmetrics_sitenote_category":0,"_monsterinsights_skip_tracking":false,"_monsterinsights_sitenote_active":false,"_monsterinsights_sitenote_note":"","_monsterinsights_sitenote_category":0},"product_brand":[],"product_cat":[299,349],"product_tag":[],"class_list":{"0":"post-22769","1":"product","2":"type-product","3":"status-publish","4":"has-post-thumbnail","6":"product_cat-forense","7":"product_cat-software-forense","9":"first","10":"instock","11":"shipping-taxable","12":"product-type-simple","13":"col-xxl","14":"col-xl-4","15":"col-lg-6","16":"col-sm-6"},"_links":{"self":[{"href":"https:\/\/kpn.com.uy\/web\/wp-json\/wp\/v2\/product\/22769","targetHints":{"allow":["GET"]}}],"collection":[{"href":"https:\/\/kpn.com.uy\/web\/wp-json\/wp\/v2\/product"}],"about":[{"href":"https:\/\/kpn.com.uy\/web\/wp-json\/wp\/v2\/types\/product"}],"wp:featuredmedia":[{"embeddable":true,"href":"https:\/\/kpn.com.uy\/web\/wp-json\/wp\/v2\/media\/25259"}],"wp:attachment":[{"href":"https:\/\/kpn.com.uy\/web\/wp-json\/wp\/v2\/media?parent=22769"}],"wp:term":[{"taxonomy":"product_brand","embeddable":true,"href":"https:\/\/kpn.com.uy\/web\/wp-json\/wp\/v2\/product_brand?post=22769"},{"taxonomy":"product_cat","embeddable":true,"href":"https:\/\/kpn.com.uy\/web\/wp-json\/wp\/v2\/product_cat?post=22769"},{"taxonomy":"product_tag","embeddable":true,"href":"https:\/\/kpn.com.uy\/web\/wp-json\/wp\/v2\/product_tag?post=22769"}],"curies":[{"name":"wp","href":"https:\/\/api.w.org\/{rel}","templated":true}]}}