{"id":22807,"date":"2019-01-07T16:31:23","date_gmt":"2019-01-07T19:31:23","guid":{"rendered":"https:\/\/kpn.com.uy\/web\/?post_type=product&#038;p=22807"},"modified":"2019-01-07T16:54:58","modified_gmt":"2019-01-07T19:54:58","slug":"odometro-econo","status":"publish","type":"product","link":"https:\/\/kpn.com.uy\/web\/producto\/odometro-econo\/","title":{"rendered":"Odometro ECONO"},"content":{"rendered":"","protected":false},"excerpt":{"rendered":"<p>Rueda de medici\u00f3n ligera ECONO<br \/>\nSe caracteriza por su dise\u00f1o s\u00f3lido y ergon\u00f3mico. Los resultados de medici\u00f3n exactos se garantizan por la rueda de precisi\u00f3n a prueba de desgaste y el mecanismo contador de precisi\u00f3n.<br \/>\nEl mango tipo pistola con bot\u00f3n de frenado integrado posibilita un manejo c\u00f3modo. Gracias al sofisticado mecanismo de plegado en la barra de guiado se consiguen dimensiones de almacenaje muy reducidas.<\/p>\n<p>Caracter\u00edsitcas:<br \/>\n-Robusto y fiable<br \/>\n-Dise\u00f1o ergon\u00f3mico<br \/>\n-Rueda de precisi\u00f3n<br \/>\n-Mecanismo contador de precisi\u00f3n cons resoluci\u00f3n de 0.01m<br \/>\n-Dimensiones de almacenaje peque\u00f1as<\/p>\n<p>Di\u00e1metro de la rueda\u00a0 \u00a0 \u00a0 \u00a0 \u00a0 \u00a0 \u00a0 \u00a0 \u00a0 \u00a031.4cm<br \/>\nL\u00edmite de medici\u00f3n\u00a0 \u00a0 \u00a0 \u00a0 \u00a0 \u00a0 \u00a0 \u00a0 \u00a0 \u00a0 \u00a0 9.999.9<br \/>\nPrecisi\u00f3n\u00a0 \u00a0 \u00a0 \u00a0 \u00a0 \u00a0 \u00a0 \u00a0 \u00a0 \u00a0 \u00a0 \u00a0 \u00a0 \u00a0 \u00a0 \u00a0 \u00a0 \u00a0 \u00a0 \u00a0 +-0.05%<br \/>\nCircunferencia de la rueda\u00a0 \u00a0 \u00a0 \u00a0 \u00a0100cm<br \/>\nPeso\u00a0 \u00a0 \u00a0 \u00a0 \u00a0 \u00a0 \u00a0 \u00a0 \u00a0 \u00a0 \u00a0 \u00a0 \u00a0 \u00a0 \u00a0 \u00a0 \u00a0 \u00a0 \u00a0 \u00a0 \u00a0 \u00a0 \u00a0 \u00a0 \u00a02.1kg<br \/>\nAltura\u00a0 \u00a0 \u00a0 \u00a0 \u00a0 \u00a0 \u00a0 \u00a0 \u00a0 \u00a0 \u00a0 \u00a0 \u00a0 \u00a0 \u00a0 \u00a0 \u00a0 \u00a0 \u00a0 \u00a0 \u00a0 \u00a0 \u00a0 95cm<br \/>\nPeso embalaje\u00a0 \u00a0 \u00a0 \u00a0 \u00a0 \u00a0 \u00a0 \u00a0 \u00a0 \u00a0 \u00a0 \u00a0 \u00a0 \u00a0 \u00a0 \u00a02.5kg<br \/>\nDimensi\u00f3n embalaje\u00a0 \u00a0 \u00a0 \u00a0 \u00a0 \u00a0 \u00a0 \u00a0 \u00a0 \u00a051x32x13cm<\/p>\n<p>&nbsp;<\/p>\n<p><img fetchpriority=\"high\" decoding=\"async\" class=\"alignnone  wp-image-22809\" src=\"https:\/\/kpn.com.uy\/web\/wp-content\/uploads\/2019\/01\/tabla.jpg\" alt=\"\" width=\"654\" height=\"509\" srcset=\"https:\/\/kpn.com.uy\/web\/wp-content\/uploads\/2019\/01\/tabla.jpg 985w, https:\/\/kpn.com.uy\/web\/wp-content\/uploads\/2019\/01\/tabla-500x389.jpg 500w, https:\/\/kpn.com.uy\/web\/wp-content\/uploads\/2019\/01\/tabla-401x312.jpg 401w, https:\/\/kpn.com.uy\/web\/wp-content\/uploads\/2019\/01\/tabla-480x374.jpg 480w, https:\/\/kpn.com.uy\/web\/wp-content\/uploads\/2019\/01\/tabla-640x498.jpg 640w, https:\/\/kpn.com.uy\/web\/wp-content\/uploads\/2019\/01\/tabla-118x92.jpg 118w, https:\/\/kpn.com.uy\/web\/wp-content\/uploads\/2019\/01\/tabla-100x78.jpg 100w, https:\/\/kpn.com.uy\/web\/wp-content\/uploads\/2019\/01\/tabla-200x156.jpg 200w, https:\/\/kpn.com.uy\/web\/wp-content\/uploads\/2019\/01\/tabla-300x234.jpg 300w\" sizes=\"(max-width: 654px) 100vw, 654px\" \/><\/p>\n","protected":false},"featured_media":22810,"template":"","meta":{"_exactmetrics_skip_tracking":false,"_exactmetrics_sitenote_active":false,"_exactmetrics_sitenote_note":"","_exactmetrics_sitenote_category":0,"_monsterinsights_skip_tracking":false,"_monsterinsights_sitenote_active":false,"_monsterinsights_sitenote_note":"","_monsterinsights_sitenote_category":0},"product_brand":[],"product_cat":[99],"product_tag":[],"class_list":{"0":"post-22807","1":"product","2":"type-product","3":"status-publish","4":"has-post-thumbnail","6":"product_cat-nedo","8":"first","9":"instock","10":"shipping-taxable","11":"product-type-simple","12":"col-xxl","13":"col-xl-4","14":"col-lg-6","15":"col-sm-6"},"_links":{"self":[{"href":"https:\/\/kpn.com.uy\/web\/wp-json\/wp\/v2\/product\/22807","targetHints":{"allow":["GET"]}}],"collection":[{"href":"https:\/\/kpn.com.uy\/web\/wp-json\/wp\/v2\/product"}],"about":[{"href":"https:\/\/kpn.com.uy\/web\/wp-json\/wp\/v2\/types\/product"}],"wp:featuredmedia":[{"embeddable":true,"href":"https:\/\/kpn.com.uy\/web\/wp-json\/wp\/v2\/media\/22810"}],"wp:attachment":[{"href":"https:\/\/kpn.com.uy\/web\/wp-json\/wp\/v2\/media?parent=22807"}],"wp:term":[{"taxonomy":"product_brand","embeddable":true,"href":"https:\/\/kpn.com.uy\/web\/wp-json\/wp\/v2\/product_brand?post=22807"},{"taxonomy":"product_cat","embeddable":true,"href":"https:\/\/kpn.com.uy\/web\/wp-json\/wp\/v2\/product_cat?post=22807"},{"taxonomy":"product_tag","embeddable":true,"href":"https:\/\/kpn.com.uy\/web\/wp-json\/wp\/v2\/product_tag?post=22807"}],"curies":[{"name":"wp","href":"https:\/\/api.w.org\/{rel}","templated":true}]}}