{"id":23162,"date":"2019-10-30T09:51:16","date_gmt":"2019-10-30T12:51:16","guid":{"rendered":"https:\/\/kpn.com.uy\/web\/?post_type=product&#038;p=23162"},"modified":"2019-11-07T10:23:14","modified_gmt":"2019-11-07T13:23:14","slug":"sp80","status":"publish","type":"product","link":"https:\/\/kpn.com.uy\/web\/producto\/sp80\/","title":{"rendered":"SP80"},"content":{"rendered":"<p>Caracter\u00edsticas:<\/p>\n<ul>\n<li>Nuevo chip ASIC 6G de 240 canales<\/li>\n<li>Tecnolog\u00eda GNSS-c\u00e9ntrica Z-Blade<\/li>\n<li>M\u00f3dem celular 3.5G<\/li>\n<li>Radio UHF TRx Interna<\/li>\n<li>Comunicaci\u00f3n WiFi integrada<\/li>\n<li>Notificaciones por SMS y correo electr\u00f3nico<\/li>\n<li>Protecci\u00f3n antirrobo<\/li>\n<li>Bater\u00edas intercambiables en caliente<\/li>\n<\/ul>\n<a class=\"maxbutton-1 maxbutton maxbutton-descargarpdf\" target=\"_blank\" rel=\"noopener\" href=\"https:\/\/kpn.com.uy\/web\/wp-content\/uploads\/2019\/10\/SG-SP80-Br-SP.pdf\"><span class='mb-text'>DESCARGAR PDF<\/span><\/a>\n<p><iframe width=\"1136\" height=\"639\" src=\"https:\/\/www.youtube.com\/embed\/c1PewGeonjs?feature=oembed\" frameborder=\"0\" allow=\"accelerometer; autoplay; encrypted-media; gyroscope; picture-in-picture\" allowfullscreen><\/iframe><\/p>\n<p>&nbsp;<\/p>\n","protected":false},"excerpt":{"rendered":"<p>El Spectra Geospatial SP80 es un receptor GNSS de \u00faltima generaci\u00f3n. SP80 utiliza la exclusiva tecnolog\u00eda Z-Blade para rastrear y procesar todas las se\u00f1ales GNSS disponibles, para proporcionar las mediciones m\u00e1s fiables y la m\u00e1s alta precisi\u00f3n. Tambi\u00e9n ofrece las mejores comunicaciones y capacidades de conectividad disponibles en la actualidad, incluyendo SMS y notificaciones por correo electr\u00f3nico y la protecci\u00f3n antirrobo. Su dise\u00f1o ergon\u00f3mico y su tiempo de funcionamiento ilimitado hacen del SP80 una soluci\u00f3n extremadamente vers\u00e1til y completa. El SP80 es un receptor GNSS de \u00faltima generaci\u00f3n que combina d\u00e9cadas de tecnolog\u00eda RTK GNSS con un nuevo y revolucionario procesamiento GNSS.<\/p>\n","protected":false},"featured_media":23166,"template":"","meta":{"_exactmetrics_skip_tracking":false,"_exactmetrics_sitenote_active":false,"_exactmetrics_sitenote_note":"","_exactmetrics_sitenote_category":0,"_monsterinsights_skip_tracking":false,"_monsterinsights_sitenote_active":false,"_monsterinsights_sitenote_note":"","_monsterinsights_sitenote_category":0},"product_brand":[],"product_cat":[316,83],"product_tag":[],"class_list":{"0":"post-23162","1":"product","2":"type-product","3":"status-publish","4":"has-post-thumbnail","6":"product_cat-gnss-topograficos-spectra-geospatial","7":"product_cat-gpstopografia","9":"first","10":"instock","11":"shipping-taxable","12":"product-type-simple","13":"col-xxl","14":"col-xl-4","15":"col-lg-6","16":"col-sm-6"},"_links":{"self":[{"href":"https:\/\/kpn.com.uy\/web\/wp-json\/wp\/v2\/product\/23162","targetHints":{"allow":["GET"]}}],"collection":[{"href":"https:\/\/kpn.com.uy\/web\/wp-json\/wp\/v2\/product"}],"about":[{"href":"https:\/\/kpn.com.uy\/web\/wp-json\/wp\/v2\/types\/product"}],"wp:featuredmedia":[{"embeddable":true,"href":"https:\/\/kpn.com.uy\/web\/wp-json\/wp\/v2\/media\/23166"}],"wp:attachment":[{"href":"https:\/\/kpn.com.uy\/web\/wp-json\/wp\/v2\/media?parent=23162"}],"wp:term":[{"taxonomy":"product_brand","embeddable":true,"href":"https:\/\/kpn.com.uy\/web\/wp-json\/wp\/v2\/product_brand?post=23162"},{"taxonomy":"product_cat","embeddable":true,"href":"https:\/\/kpn.com.uy\/web\/wp-json\/wp\/v2\/product_cat?post=23162"},{"taxonomy":"product_tag","embeddable":true,"href":"https:\/\/kpn.com.uy\/web\/wp-json\/wp\/v2\/product_tag?post=23162"}],"curies":[{"name":"wp","href":"https:\/\/api.w.org\/{rel}","templated":true}]}}