{"id":23189,"date":"2019-11-07T12:05:06","date_gmt":"2019-11-07T15:05:06","guid":{"rendered":"https:\/\/kpn.com.uy\/web\/?post_type=product&#038;p=23189"},"modified":"2019-11-07T12:35:47","modified_gmt":"2019-11-07T15:35:47","slug":"focus-35","status":"publish","type":"product","link":"https:\/\/kpn.com.uy\/web\/producto\/focus-35\/","title":{"rendered":"Focus 35"},"content":{"rendered":"<p>El FOCUS 35 es un instrumento rob\u00f3tico que traslada el control al observador que maneja el jal\u00f3n, mejorando la eficiencia. La velocidad de la observaci\u00f3n y posicionamiento preciso de la estaci\u00f3n total rob\u00f3tica FOCUS 35 es proporcionada por la tecnolog\u00eda de movimiento patentada StepDrive \u2122, que controla el movimiento horizontal y vertical de los motores, lo que elimina la necesidad de bloqueos de movimiento tradicionales. El FOCUS 35 incluye un sensor de seguimiento que utiliza tecnolog\u00eda de seguimiento Lockngo \u2122 FastTrack, que permite al instrumento estar enganchado constantemente al prisma.<\/p>\n<p>El FOCUS 35 est\u00e1 disponible en 1\u2033, 2\u2033, 3\u2033 o 5\u2033 precisiones y es controlado por el software de campo Survey Pro\u2122 utilizando una interfaz de pantalla t\u00e1ctil Windows CE. El FOCUS 35 tambi\u00e9n est\u00e1 dise\u00f1ado para ser controlado externamente por los colectores de datos Ranger\u2122, Nomad\u2122, or T41\u00ae y funcionan con el software de campo Survey Pro, Layout Pro o FAST Survey en Ranger o en Nomad. Alternativamente, traiga su propio controlador y con\u00e9ctese al FOCUS 35 usando Bluetooth o el Puente de Radio SPDL.<\/p>\n<p>El FOCUS 35 est\u00e1 disponible en tres modelos:<\/p>\n<ul>\n<li>Rob\u00f3tica<\/li>\n<li>LockNGo<\/li>\n<li>RX<\/li>\n<\/ul>\n<p>Para mantener el contacto entre el FOCUS 35 y el observador que opera el jal\u00f3n con el prisma, la soluci\u00f3n rob\u00f3tica debe incluir un enlace de comunicaci\u00f3n. El FOCUS 35 un modem integrado de radio de 2.4 GHz como el de la libreta de campo Ranger 7. Dicho modem asegura la comunicaci\u00f3n de datos rob\u00f3ticos sin interferencia.<\/p>\n<p>Una vez establecida la comunicaci\u00f3n rob\u00f3tica usted puede controlar todas las funciones del FOCUS 35 desde el jal\u00f3n mientras usted se mueve el terreno haciendo mediciones. Esto hace que un solo top\u00f3grafo realice implantaciones altamente precisas u observaciones topogr\u00e1ficas. Que se trate de observaciones de gran importancia, hasta de obtenci\u00f3n de datos topogr\u00e1ficos, y de realizaci\u00f3n r\u00e1pida de implantaciones para construcci\u00f3n, puede confiar en FOCUS 35 inclusive en condiciones exteriores dif\u00edciles.<\/p>\n<p>Technologia GeoLock de Spectra Geospatial, esta t\u00e9cnica incorporada a Survey Pro permite a la estaci\u00f3n total robotizada realizar una b\u00fasqueda guiada de un prisma \u00f3ptico usando una posici\u00f3n inicial de GNSS. El instrumento puede apuntarse hacia el operador rob\u00f3tico m\u00f3vil en remoto usando la posici\u00f3n GNSS, y las b\u00fasquedas posteriores se realizar\u00e1n r\u00e1pidamente para volver a adquirir el prisma en remoto rob\u00f3tico. Esta t\u00e9cnica reduce significativamente el tiempo invertido y mejora la eficiencia del trabajo en el campo.<\/p>\n<p>El software Layout ProTM y la estaci\u00f3n total FOCUS 35 de Spectra Geospatial se combinan para ofrecer la comodidad de transportar, gestionar, editar y dise\u00f1ar el proyecto de su obra. Esta combinaci\u00f3n resulta una soluci\u00f3n cr\u00edtica en el \u00e1mbito del dise\u00f1o constructivo y ha sido dise\u00f1ada para hacer que este proceso resulte m\u00e1s productivo, preciso y fiable. Por ejemplo, utilice Layout Pro para guiar el dise\u00f1o de los puntos principales, a\u00f1ada acotaciones al plano impreso y calcule diagonales y \u00e1ngulos.<\/p>\n<p>La mejor manera de describir la soluci\u00f3n del FOCUS 35 es: \u201cSencillamente m\u00e1s potente\u201d. De dise\u00f1o moderno, sencillo y elegante, es f\u00e1cil de usar, robusta y econ\u00f3mica. La estaci\u00f3n total del FOCUS 35 est\u00e1 dise\u00f1ada para satisfacer todas las necesidades topogr\u00e1ficas.<\/p>\n<a class=\"maxbutton-1 maxbutton maxbutton-descargarpdf\" target=\"_blank\" rel=\"noopener\" href=\"https:\/\/kpn.com.uy\/web\/wp-content\/uploads\/2019\/11\/SG-FOCUS35-Springfield-Br-SP-v4-web.pdf\"><span class='mb-text'>DESCARGAR PDF<\/span><\/a>\n<p><iframe width=\"1136\" height=\"639\" src=\"https:\/\/www.youtube.com\/embed\/Kxll5EQBLsU?feature=oembed\" frameborder=\"0\" allow=\"accelerometer; autoplay; encrypted-media; gyroscope; picture-in-picture\" allowfullscreen><\/iframe><\/p>\n","protected":false},"excerpt":{"rendered":"<p>El\u00a0FOCUS 35\u00a0Series es una gama de estaciones totales motorizadas que proporcionan alta velocidad, exactitud y precisi\u00f3n en la medici\u00f3n.<\/p>\n","protected":false},"featured_media":23196,"template":"","meta":{"_exactmetrics_skip_tracking":false,"_exactmetrics_sitenote_active":false,"_exactmetrics_sitenote_note":"","_exactmetrics_sitenote_category":0,"_monsterinsights_skip_tracking":false,"_monsterinsights_sitenote_active":false,"_monsterinsights_sitenote_note":"","_monsterinsights_sitenote_category":0},"product_brand":[],"product_cat":[75,317],"product_tag":[],"class_list":{"0":"post-23189","1":"product","2":"type-product","3":"status-publish","4":"has-post-thumbnail","6":"product_cat-estacionestotales","7":"product_cat-estaciones-totales-spectra-geospatial","9":"first","10":"instock","11":"shipping-taxable","12":"product-type-simple","13":"col-xxl","14":"col-xl-4","15":"col-lg-6","16":"col-sm-6"},"_links":{"self":[{"href":"https:\/\/kpn.com.uy\/web\/wp-json\/wp\/v2\/product\/23189","targetHints":{"allow":["GET"]}}],"collection":[{"href":"https:\/\/kpn.com.uy\/web\/wp-json\/wp\/v2\/product"}],"about":[{"href":"https:\/\/kpn.com.uy\/web\/wp-json\/wp\/v2\/types\/product"}],"wp:featuredmedia":[{"embeddable":true,"href":"https:\/\/kpn.com.uy\/web\/wp-json\/wp\/v2\/media\/23196"}],"wp:attachment":[{"href":"https:\/\/kpn.com.uy\/web\/wp-json\/wp\/v2\/media?parent=23189"}],"wp:term":[{"taxonomy":"product_brand","embeddable":true,"href":"https:\/\/kpn.com.uy\/web\/wp-json\/wp\/v2\/product_brand?post=23189"},{"taxonomy":"product_cat","embeddable":true,"href":"https:\/\/kpn.com.uy\/web\/wp-json\/wp\/v2\/product_cat?post=23189"},{"taxonomy":"product_tag","embeddable":true,"href":"https:\/\/kpn.com.uy\/web\/wp-json\/wp\/v2\/product_tag?post=23189"}],"curies":[{"name":"wp","href":"https:\/\/api.w.org\/{rel}","templated":true}]}}