{"id":23238,"date":"2019-11-12T09:41:16","date_gmt":"2019-11-12T12:41:16","guid":{"rendered":"https:\/\/kpn.com.uy\/web\/?post_type=product&#038;p=23238"},"modified":"2019-11-12T09:41:16","modified_gmt":"2019-11-12T12:41:16","slug":"mobilemapper-50","status":"publish","type":"product","link":"https:\/\/kpn.com.uy\/web\/producto\/mobilemapper-50\/","title":{"rendered":"MobileMapper 50"},"content":{"rendered":"<p>El MobileMapper 50 es muy compacto, ligero y \u00fanico al ser un colector de datos de pendiente profesional en forma de smartphone. El receptor es fino aunque muy robusto y potente (procesador de cuatro n\u00facleos de 1,2 GHz, 16 GB de memoria y pantalla de 13,4 cm). Adem\u00e1s, ofrece una precisa localizaci\u00f3n tri-constelaci\u00f3n GNSS (GPS + Galileo + Glonass o GPS Galileo + Beidou) y posprocesamiento.<\/p>\n<p>Los usuarios profesionales de campo dependen mucho del espacio y, al mismo tiempo, necesitan maximizar la eficiencia operativa. Con el MobileMapper 50 se cubren ambos requisitos con una conectividad total (dependiendo de la versi\u00f3n), una precisi\u00f3n superior, una gran memoria y una gran pantalla en un dise\u00f1o fino y compacto.<\/p>\n<p>&nbsp;<\/p>\n<p>CARACTER\u00cdSTICAS Y BENEFICIOS<\/p>\n<ul>\n<li>Compacto y ligero<\/li>\n<li>Versi\u00f3n solo wifi y 4G<\/li>\n<li>Mejorado con posprocesamiento de GNSS<\/li>\n<li>Carcasa resistente e impermeable (IP67)<\/li>\n<li>Servicios de Google m\u00f3vil<\/li>\n<li>Completa soluci\u00f3n de cartograf\u00eda de campo y oficina<\/li>\n<li>Software de campo de f\u00e1cil aprendizaje y uso<\/li>\n<li>3 a\u00f1os de garant\u00eda<\/li>\n<\/ul>\n","protected":false},"excerpt":{"rendered":"<p>El\u00a0MobileMapper 50\u00a0es un colector de datos GIS de nueva generaci\u00f3n para Android 6 que ofrece la vanguardista practicidad de un smartphone combinada con una calidad profesional robusta y un mejor rendimiento de GNSS.<\/p>\n","protected":false},"featured_media":23240,"template":"","meta":{"_exactmetrics_skip_tracking":false,"_exactmetrics_sitenote_active":false,"_exactmetrics_sitenote_note":"","_exactmetrics_sitenote_category":0,"_monsterinsights_skip_tracking":false,"_monsterinsights_sitenote_active":false,"_monsterinsights_sitenote_note":"","_monsterinsights_sitenote_category":0},"product_brand":[],"product_cat":[85,320],"product_tag":[],"class_list":{"0":"post-23238","1":"product","2":"type-product","3":"status-publish","4":"has-post-thumbnail","6":"product_cat-equiposdemanocongnss","7":"product_cat-sig","9":"first","10":"instock","11":"shipping-taxable","12":"product-type-simple","13":"col-xxl","14":"col-xl-4","15":"col-lg-6","16":"col-sm-6"},"_links":{"self":[{"href":"https:\/\/kpn.com.uy\/web\/wp-json\/wp\/v2\/product\/23238","targetHints":{"allow":["GET"]}}],"collection":[{"href":"https:\/\/kpn.com.uy\/web\/wp-json\/wp\/v2\/product"}],"about":[{"href":"https:\/\/kpn.com.uy\/web\/wp-json\/wp\/v2\/types\/product"}],"wp:featuredmedia":[{"embeddable":true,"href":"https:\/\/kpn.com.uy\/web\/wp-json\/wp\/v2\/media\/23240"}],"wp:attachment":[{"href":"https:\/\/kpn.com.uy\/web\/wp-json\/wp\/v2\/media?parent=23238"}],"wp:term":[{"taxonomy":"product_brand","embeddable":true,"href":"https:\/\/kpn.com.uy\/web\/wp-json\/wp\/v2\/product_brand?post=23238"},{"taxonomy":"product_cat","embeddable":true,"href":"https:\/\/kpn.com.uy\/web\/wp-json\/wp\/v2\/product_cat?post=23238"},{"taxonomy":"product_tag","embeddable":true,"href":"https:\/\/kpn.com.uy\/web\/wp-json\/wp\/v2\/product_tag?post=23238"}],"curies":[{"name":"wp","href":"https:\/\/api.w.org\/{rel}","templated":true}]}}