{"id":23248,"date":"2019-11-12T11:15:50","date_gmt":"2019-11-12T14:15:50","guid":{"rendered":"https:\/\/kpn.com.uy\/web\/?post_type=product&#038;p=23248"},"modified":"2019-11-12T11:16:22","modified_gmt":"2019-11-12T14:16:22","slug":"23248","status":"publish","type":"product","link":"https:\/\/kpn.com.uy\/web\/producto\/23248\/","title":{"rendered":"Ranger 3"},"content":{"rendered":"<p>De construcci\u00f3n robusta, cumple con las normas militares MIL-STD-810G referentes a ca\u00eddas, vibraci\u00f3n, humedad, y temperaturas extremas, tiene una clasificaci\u00f3n de protecci\u00f3n IP67, y esta dise\u00f1ado para proteger su inversi\u00f3n y sus datos.<\/p>\n<p>La libreta Ranger incluye Survey Pro y Windows Mobile 6.5 con la posibilidad de operar la versi\u00f3n m\u00f3vil de todos sus programas favoritos incluyendo Excel y Outlook. Viene con integraci\u00f3n Bluetooth lo que le permite conectarse sin cables a sus instrumentos de campo. El Ranger tiene una memoria integrada est\u00e1ndar de 8GB para almacenar y trasladar sus datos r\u00e1pida y f\u00e1cilmente utilizando una tarjeta SDHC, Bluetooth, cable USB, llave USB, Wi-fi, o GSM WWAN. Elija entra cuatro modelos diferentes de la Ranger con las caracter\u00edsticas que se adapten mejor a sus necesidades y su presupuesto. Todas son altamente eficientes y usted no puede equivocarse.<\/p>\n<a class=\"maxbutton-1 maxbutton maxbutton-descargarpdf\" target=\"_blank\" rel=\"noopener\" href=\"https:\/\/kpn.com.uy\/web\/wp-content\/uploads\/2019\/11\/SG-Ranger3-Datasheet-SP.pdf\"><span class='mb-text'>DESCARGAR PDF<\/span><\/a>\n","protected":false},"excerpt":{"rendered":"<p>La tercera generaci\u00f3n de libretas de campo Spectra Geospatial Ranger ofrece una pantalla ancha t\u00e1ctil brillante, totalmente alfanum\u00e9rica, f\u00e1cil de operar, con teclado, y repleta de las funcionalidades que necesitan los top\u00f3grafos.<\/p>\n","protected":false},"featured_media":23252,"template":"","meta":{"_exactmetrics_skip_tracking":false,"_exactmetrics_sitenote_active":false,"_exactmetrics_sitenote_note":"","_exactmetrics_sitenote_category":0,"_monsterinsights_skip_tracking":false,"_monsterinsights_sitenote_active":false,"_monsterinsights_sitenote_note":"","_monsterinsights_sitenote_category":0},"product_brand":[],"product_cat":[86,321],"product_tag":[],"class_list":{"0":"post-23248","1":"product","2":"type-product","3":"status-publish","4":"has-post-thumbnail","6":"product_cat-controladoras","7":"product_cat-controladoras-spectra-geospatial","9":"first","10":"instock","11":"shipping-taxable","12":"product-type-simple","13":"col-xxl","14":"col-xl-4","15":"col-lg-6","16":"col-sm-6"},"_links":{"self":[{"href":"https:\/\/kpn.com.uy\/web\/wp-json\/wp\/v2\/product\/23248","targetHints":{"allow":["GET"]}}],"collection":[{"href":"https:\/\/kpn.com.uy\/web\/wp-json\/wp\/v2\/product"}],"about":[{"href":"https:\/\/kpn.com.uy\/web\/wp-json\/wp\/v2\/types\/product"}],"wp:featuredmedia":[{"embeddable":true,"href":"https:\/\/kpn.com.uy\/web\/wp-json\/wp\/v2\/media\/23252"}],"wp:attachment":[{"href":"https:\/\/kpn.com.uy\/web\/wp-json\/wp\/v2\/media?parent=23248"}],"wp:term":[{"taxonomy":"product_brand","embeddable":true,"href":"https:\/\/kpn.com.uy\/web\/wp-json\/wp\/v2\/product_brand?post=23248"},{"taxonomy":"product_cat","embeddable":true,"href":"https:\/\/kpn.com.uy\/web\/wp-json\/wp\/v2\/product_cat?post=23248"},{"taxonomy":"product_tag","embeddable":true,"href":"https:\/\/kpn.com.uy\/web\/wp-json\/wp\/v2\/product_tag?post=23248"}],"curies":[{"name":"wp","href":"https:\/\/api.w.org\/{rel}","templated":true}]}}