{"id":23307,"date":"2019-11-15T12:08:40","date_gmt":"2019-11-15T15:08:40","guid":{"rendered":"https:\/\/kpn.com.uy\/web\/?post_type=product&#038;p=23307"},"modified":"2021-05-21T17:22:13","modified_gmt":"2021-05-21T20:22:13","slug":"spectra-survey-mobile","status":"publish","type":"product","link":"https:\/\/kpn.com.uy\/web\/producto\/spectra-survey-mobile\/","title":{"rendered":"Spectra Survey Mobile"},"content":{"rendered":"<p>Compartir datos sin fisuras entre equipos equipos con capacidades de exportaci\u00f3n e importacion. Top\u00f3grafos pueden medir, replantear y hacer una calibraci\u00f3n en su sistema de coordenadas despues de ajustar las configuraciones del receptor.<\/p>\n<p>El software est\u00e1 optimizado para usar con dispositivos Android v4.3 y superior. SPMS permite usuarios La flexibilidad de usar dispositivos Android soportados.<\/p>\n<p>Se habilitar\u00e1n todas las caracter\u00edsticas y funcionalidades suministradas por Spectra Precision Survey Mobile Los top\u00f3grafos ser\u00e1n productivos y eficientes en el campo donde todo segundo cuenta.<\/p>\n<ul>\n<li><strong>Topograf\u00eda General:<\/strong>\u00a0Punto topogr\u00e1fico, Punto de control topogr\u00e1fico multi-epoc, offsets, Stop&amp;Go y fast survey con GNSS interno.<\/li>\n<li><strong>Topograf\u00eda Est\u00e1tica:<\/strong>\u00a0Est\u00e1ticos y registro de datos.<\/li>\n<li><strong>Topograf\u00eda Stop&amp;Go:<\/strong>\u00a0Stop&amp;Go y registro de datos.<\/li>\n<li><strong>Replanteo:<\/strong>\u00a0Replanteo de puntos y l\u00edneas.<\/li>\n<li><strong>Carreteras:<\/strong>\u00a0Soporta elementos de carreteras, definicion de seccion e importa dise\u00f1o de carretera Trimble, replanteo de carreteras.<\/li>\n<li><strong>Calibraci\u00f3n Local:<\/strong>\u00a0Grid de transformacion local. Calibracion con un solo punto.<\/li>\n<li><strong>Configuraci\u00f3n del Receptor:<\/strong>\u00a0Radio interna RTK, Radio externa RTK, Red RTK de base simple, Red RTK y RTX.<\/li>\n<li><strong>Importaci\u00f3n &amp; Exportaci\u00f3n:<\/strong>\u00a0Importaci\u00f3n: Point (txt,csv), AutoCad (dxf), Coordinate System (scs), Job (jxl), Roads (rxl). Exportaci\u00f3n: Point (txt,csv), South CASS (dat), AutoCad (dxf), Job (jxl), Roads (rxl), Coordinate System (scs), Static Survey Report (txt)<\/li>\n<li><strong>Definici\u00f3n:<\/strong>\u00a0Punto topogr\u00e1fico, punto de control con coordenadas locales o coordenadas WGS84.<\/li>\n<li><strong>COGO:<\/strong>\u00a0Calculo geometrico de las coordenadas del punto.<\/li>\n<\/ul>\n<p>&nbsp;<\/p>\n<p>CARACTER\u00cdSTICAS Y BENEFICIOS<\/p>\n<ul>\n<li>F\u00e1cil de aprender.<\/li>\n<li>Simple de usar.<\/li>\n<li>Soporte com\u00fan para constelaciones GNSS.<\/li>\n<li>Instalaci\u00f3n y medici\u00f3n r\u00e1pida.<\/li>\n<li>Soporta Android v4.3 y superior.<\/li>\n<\/ul>\n","protected":false},"excerpt":{"rendered":"<p>Survey Mobile de Spectra Precision es f\u00e1cil y simple de usar en el campo por top\u00f3grafos que quieren un trabajo eficiente y r\u00e1pido. El interface de usuario esta dise\u00f1ado de forma simple y sencilla de tal manera que el top\u00f3grafo puede ser productivo de forma inmediata.<\/p>\n","protected":false},"featured_media":23308,"template":"","meta":{"_exactmetrics_skip_tracking":false,"_exactmetrics_sitenote_active":false,"_exactmetrics_sitenote_note":"","_exactmetrics_sitenote_category":0,"_monsterinsights_skip_tracking":false,"_monsterinsights_sitenote_active":false,"_monsterinsights_sitenote_note":"","_monsterinsights_sitenote_category":0},"product_brand":[],"product_cat":[381,71,322],"product_tag":[],"class_list":{"0":"post-23307","1":"product","2":"type-product","3":"status-publish","4":"has-post-thumbnail","6":"product_cat-software-de-campo","7":"product_cat-softwareingenieria","8":"product_cat-software","10":"first","11":"instock","12":"shipping-taxable","13":"product-type-simple","14":"col-xxl","15":"col-xl-4","16":"col-lg-6","17":"col-sm-6"},"_links":{"self":[{"href":"https:\/\/kpn.com.uy\/web\/wp-json\/wp\/v2\/product\/23307","targetHints":{"allow":["GET"]}}],"collection":[{"href":"https:\/\/kpn.com.uy\/web\/wp-json\/wp\/v2\/product"}],"about":[{"href":"https:\/\/kpn.com.uy\/web\/wp-json\/wp\/v2\/types\/product"}],"wp:featuredmedia":[{"embeddable":true,"href":"https:\/\/kpn.com.uy\/web\/wp-json\/wp\/v2\/media\/23308"}],"wp:attachment":[{"href":"https:\/\/kpn.com.uy\/web\/wp-json\/wp\/v2\/media?parent=23307"}],"wp:term":[{"taxonomy":"product_brand","embeddable":true,"href":"https:\/\/kpn.com.uy\/web\/wp-json\/wp\/v2\/product_brand?post=23307"},{"taxonomy":"product_cat","embeddable":true,"href":"https:\/\/kpn.com.uy\/web\/wp-json\/wp\/v2\/product_cat?post=23307"},{"taxonomy":"product_tag","embeddable":true,"href":"https:\/\/kpn.com.uy\/web\/wp-json\/wp\/v2\/product_tag?post=23307"}],"curies":[{"name":"wp","href":"https:\/\/api.w.org\/{rel}","templated":true}]}}