{"id":23311,"date":"2019-11-15T12:38:15","date_gmt":"2019-11-15T15:38:15","guid":{"rendered":"https:\/\/kpn.com.uy\/web\/?post_type=product&#038;p=23311"},"modified":"2021-05-21T17:21:48","modified_gmt":"2021-05-21T20:21:48","slug":"spectra-survey-pro","status":"publish","type":"product","link":"https:\/\/kpn.com.uy\/web\/producto\/spectra-survey-pro\/","title":{"rendered":"Spectra Survey Pro"},"content":{"rendered":"<p>Transfiera sus datos desde Survey Pro a su laptop o PC. Y gestione sus trabajos utilizando el Spectra Precision Survey Office. Los programas de Survey Pro se apoyan en las robustas libretas de campo de Spectra Geospatial facilit\u00e1ndole una integraci\u00f3n sin igual, garantizando la integridad de sus datos eficazmente y con un manejo f\u00e1cil. Las caracter\u00edsticas y funciones de Survey Pro han sido desarrolladas bas\u00e1ndose en comentarios y observaciones de top\u00f3grafos como usted. Cada nueva edici\u00f3n de estos programas incluye el aporte y las mejoras que su experiencia sobre el terreno nos transmite.<\/p>\n<p>Los programas de Survey Pro existen en varios m\u00f3dulos diferentes para que ud. pueda elegir el que m\u00e1s le convenga hoy en dia, y que pueda m\u00e1s tarde ir eligiendo nuevas caracter\u00edsticas seg\u00fan lo vaya necesitando. Comprando solamente los programas que necesita en este momento ahorrara el dinero que necesita para su empresa. A medida que su negocio vaya creciendo y necesite capacidad, Survey Pro seguir\u00e1 ah\u00ed para suministrarle m\u00f3dulos m\u00e1s avanzados que est\u00e1n listos para ser instalados r\u00e1pidamente por internet con el simple uso de un c\u00f3digo de acceso, y sin tener que pagar un sobreprecio.<\/p>\n<p>Ofrecemos Survey Pro en varios idiomas y sobre plataformas m\u00faltiples de libretas de campo para que usted pueda disponer de una herramienta adecuada para su empresa. Adem\u00e1s de ser de compra f\u00e1cil, Survey Pro es de f\u00e1cil uso. El trabajo de top\u00f3grafo no es f\u00e1cil. Y se necesita un verdadero profesional para hacerlo bien; Survey Pro hace que las cosas sean claras y eficaces, permiti\u00e9ndole a usted concentrarse en su trabajo. El vasto conjunto de capacidades COGO de Survey Pro no tienen parag\u00f3n en su g\u00e9nero, y es una de las razones por las que Survey Pro ha sido el preferido por los top\u00f3grafos durante m\u00e1s de 20 a\u00f1os.<\/p>\n<p>Survey Pro funciona con todos los instrumentos de Survey Geospatial y Nikon. As\u00ed como muchos otros de diversos fabricantes. Survey Pro es el elemento que une y consolida su empresa. Es un hecho que si usted dispone de una l\u00ednea completa de productos Spectra Geospatial y Nikon encontrara que el conjunto integrado de dichos instrumentos le proporcionara la potencia y flexibilidad que usted necesita para competir en el mundo de hoy.<\/p>\n<p>&nbsp;<\/p>\n<p>CARACTER\u00cdSTICAS Y BENEFICIOS<\/p>\n<ul>\n<li>Soporte completo de los instrumentos mec\u00e1nicos.<\/li>\n<li>Todas las caracter\u00edsticas de la recolecci\u00f3n de datos.<\/li>\n<li>Implantaci\u00f3n de los puntos b\u00e1sicos.<\/li>\n<li>C\u00e1lculos b\u00e1sicos de COGO incluyendo inversos, intersecciones, desplazamiento manual, c\u00e1lculo de \u00e1rea y muchos otros.<\/li>\n<li>Soluciones b\u00e1sicas de curvas.<\/li>\n<li>Todas las caracter\u00edsticas fundamentales necesarias para gestionar un trabajo de topograf\u00eda.<\/li>\n<\/ul>\n","protected":false},"excerpt":{"rendered":"<p>Los programas aplicativos Spectra Geospatial\u00ae Survey Pro le suministran un conjunto completo de funcionalidades para todos sus proyectos topogr\u00e1ficos. Es r\u00e1pido, confiable, y de f\u00e1cil uso.<\/p>\n","protected":false},"featured_media":23312,"template":"","meta":{"_exactmetrics_skip_tracking":false,"_exactmetrics_sitenote_active":false,"_exactmetrics_sitenote_note":"","_exactmetrics_sitenote_category":0,"_monsterinsights_skip_tracking":false,"_monsterinsights_sitenote_active":false,"_monsterinsights_sitenote_note":"","_monsterinsights_sitenote_category":0},"product_brand":[],"product_cat":[381,71,322],"product_tag":[],"class_list":{"0":"post-23311","1":"product","2":"type-product","3":"status-publish","4":"has-post-thumbnail","6":"product_cat-software-de-campo","7":"product_cat-softwareingenieria","8":"product_cat-software","10":"first","11":"instock","12":"shipping-taxable","13":"product-type-simple","14":"col-xxl","15":"col-xl-4","16":"col-lg-6","17":"col-sm-6"},"_links":{"self":[{"href":"https:\/\/kpn.com.uy\/web\/wp-json\/wp\/v2\/product\/23311","targetHints":{"allow":["GET"]}}],"collection":[{"href":"https:\/\/kpn.com.uy\/web\/wp-json\/wp\/v2\/product"}],"about":[{"href":"https:\/\/kpn.com.uy\/web\/wp-json\/wp\/v2\/types\/product"}],"wp:featuredmedia":[{"embeddable":true,"href":"https:\/\/kpn.com.uy\/web\/wp-json\/wp\/v2\/media\/23312"}],"wp:attachment":[{"href":"https:\/\/kpn.com.uy\/web\/wp-json\/wp\/v2\/media?parent=23311"}],"wp:term":[{"taxonomy":"product_brand","embeddable":true,"href":"https:\/\/kpn.com.uy\/web\/wp-json\/wp\/v2\/product_brand?post=23311"},{"taxonomy":"product_cat","embeddable":true,"href":"https:\/\/kpn.com.uy\/web\/wp-json\/wp\/v2\/product_cat?post=23311"},{"taxonomy":"product_tag","embeddable":true,"href":"https:\/\/kpn.com.uy\/web\/wp-json\/wp\/v2\/product_tag?post=23311"}],"curies":[{"name":"wp","href":"https:\/\/api.w.org\/{rel}","templated":true}]}}