{"id":23346,"date":"2019-11-22T10:08:15","date_gmt":"2019-11-22T13:08:15","guid":{"rendered":"https:\/\/kpn.com.uy\/web\/?post_type=product&#038;p=23346"},"modified":"2019-11-22T10:08:15","modified_gmt":"2019-11-22T13:08:15","slug":"vertex-iv","status":"publish","type":"product","link":"https:\/\/kpn.com.uy\/web\/producto\/vertex-iv\/","title":{"rendered":"Vertex IV"},"content":{"rendered":"<p>El sistema de instrumentos de ultrasonido Vertex IV es un verdadero &#8216;caballo de trabajo&#8217; que le brindar\u00e1 resultados de medici\u00f3n precisos y confiables en la mayor\u00eda de los terrenos y condiciones forestales.\u00a0Este es tambi\u00e9n nuestro instrumento m\u00e1s vendido y la preferencia de los silvicultores profesionales por la medici\u00f3n precisa de la altura, la distancia y la distancia horizontal.<\/p>\n<ul>\n<li>Medici\u00f3n de distancia por ultrasonidos: gran precisi\u00f3n y confiabilidad comprobada en el bosque.<\/li>\n<li>Funciona en una vegetaci\u00f3n densa.<\/li>\n<li>Se\u00f1al ac\u00fastica para resultados de medici\u00f3n.<\/li>\n<li>Bajo consumo de bater\u00eda.<\/li>\n<li>Usuarios de referencia en todo el mundo.<\/li>\n<li>Funci\u00f3n BAF.<\/li>\n<li>Bluetooth y transmisor IR.<\/li>\n<\/ul>\n<p>El Vertex IV se entrega con un cord\u00f3n y en una caja de seguridad y transporte de aluminio.<\/p>\n<p>&nbsp;<\/p>\n<p>DISTANCIA<\/p>\n<p>Con el m\u00e9todo de medici\u00f3n de ultrasonido bien probado y una vista de cruz de alta visibilidad, el Vertex IV ofrece lecturas precisas de distancia tambi\u00e9n en maleza espesa.<\/p>\n<p>El m\u00e9todo de ultrasonido funciona muy bien en levantamientos de parcelas de muestra, para distancias de hasta aprox.\u00a030 m \/ 98 pies, en bosques densos y donde hay dificultades para apuntar.<\/p>\n<p>&nbsp;<\/p>\n<p>ALTURAS<\/p>\n<p>Medici\u00f3n r\u00e1pida y precisa de dos puntos con el sistema Vertex IV.<\/p>\n<p>Sujete el transpondedor T3 al \u00e1rbol a cualquier altura,\u00a0camine una distancia de su elecci\u00f3n y mida tantas alturas en cada objeto como desee.<\/p>\n<p>&nbsp;<\/p>\n<p>BAF &#8211; FACTORES DE \u00c1REA BASAL<\/p>\n<p>Trabajar con medidores de factor o prismas puede ser dif\u00edcil cuando algunos \u00e1rboles cubren a otros en el bosque.\u00a0La mala observaci\u00f3n puede evitar una medici\u00f3n correcta del di\u00e1metro.<\/p>\n<p>Con el Vertex IV incorporado en la funci\u00f3n BAF, se puede presentar el di\u00e1metro m\u00ednimo de \u00e1rbol para que los \u00e1rboles se incluyan en la parcela.<\/p>\n<p>&nbsp;<\/p>\n<p><iframe width=\"1136\" height=\"639\" src=\"https:\/\/www.youtube.com\/embed\/1KrW-9FysE0?feature=oembed\" frameborder=\"0\" allow=\"accelerometer; autoplay; encrypted-media; gyroscope; picture-in-picture\" allowfullscreen><\/iframe><\/p>\n","protected":false},"excerpt":{"rendered":"<p>Nuestro sistema de instrumentos m\u00e1s vendido para la altura de los \u00e1rboles en el bosque.<\/p>\n","protected":false},"featured_media":23350,"template":"","meta":{"_exactmetrics_skip_tracking":false,"_exactmetrics_sitenote_active":false,"_exactmetrics_sitenote_note":"","_exactmetrics_sitenote_category":0,"_monsterinsights_skip_tracking":false,"_monsterinsights_sitenote_active":false,"_monsterinsights_sitenote_note":"","_monsterinsights_sitenote_category":0},"product_brand":[],"product_cat":[283],"product_tag":[],"class_list":{"0":"post-23346","1":"product","2":"type-product","3":"status-publish","4":"has-post-thumbnail","6":"product_cat-haglof","8":"first","9":"instock","10":"shipping-taxable","11":"product-type-simple","12":"col-xxl","13":"col-xl-4","14":"col-lg-6","15":"col-sm-6"},"_links":{"self":[{"href":"https:\/\/kpn.com.uy\/web\/wp-json\/wp\/v2\/product\/23346","targetHints":{"allow":["GET"]}}],"collection":[{"href":"https:\/\/kpn.com.uy\/web\/wp-json\/wp\/v2\/product"}],"about":[{"href":"https:\/\/kpn.com.uy\/web\/wp-json\/wp\/v2\/types\/product"}],"wp:featuredmedia":[{"embeddable":true,"href":"https:\/\/kpn.com.uy\/web\/wp-json\/wp\/v2\/media\/23350"}],"wp:attachment":[{"href":"https:\/\/kpn.com.uy\/web\/wp-json\/wp\/v2\/media?parent=23346"}],"wp:term":[{"taxonomy":"product_brand","embeddable":true,"href":"https:\/\/kpn.com.uy\/web\/wp-json\/wp\/v2\/product_brand?post=23346"},{"taxonomy":"product_cat","embeddable":true,"href":"https:\/\/kpn.com.uy\/web\/wp-json\/wp\/v2\/product_cat?post=23346"},{"taxonomy":"product_tag","embeddable":true,"href":"https:\/\/kpn.com.uy\/web\/wp-json\/wp\/v2\/product_tag?post=23346"}],"curies":[{"name":"wp","href":"https:\/\/api.w.org\/{rel}","templated":true}]}}