{"id":23370,"date":"2019-11-22T11:11:30","date_gmt":"2019-11-22T14:11:30","guid":{"rendered":"https:\/\/kpn.com.uy\/web\/?post_type=product&#038;p=23370"},"modified":"2019-11-22T11:11:30","modified_gmt":"2019-11-22T14:11:30","slug":"xscape-area-calculator","status":"publish","type":"product","link":"https:\/\/kpn.com.uy\/web\/producto\/xscape-area-calculator\/","title":{"rendered":"XScape Area Calculator"},"content":{"rendered":"<p>Utilice el sistema XScape y el m\u00e9todo de medici\u00f3n de ultrasonido de Hagl\u00f6f Sweden para calcular el \u00e1rea total de las parcelas asim\u00e9tricas.\u00a0Los datos que obtiene con XScape se pueden usar para la fertilizaci\u00f3n detallada, la planificaci\u00f3n de semillas y suelos y m\u00e1s.\u00a0Excelente para \u00e1reas recreativas y campos de golf.<\/p>\n<ol>\n<li>Coloque el monopie personalizado con el transpondedor T3 montado en el centro del \u00e1rea para medir.<\/li>\n<li>Camine alrededor de la superficie y mida la distancia desde diferentes posiciones hasta el transpondedor.<\/li>\n<li>El XScape calcula el \u00e1rea total y se presenta en ft2 o m2 en la pantalla gr\u00e1fica del instrumento.\u00a0Mide desde hasta 64 puntos diferentes en cada \u00e1rea.<\/li>\n<\/ol>\n<p>&nbsp;<\/p>\n","protected":false},"excerpt":{"rendered":"<p>Calcule \u00e1reas asim\u00e9tricas con el m\u00e9todo de ultrasonido XScape.<\/p>\n","protected":false},"featured_media":23371,"template":"","meta":{"_exactmetrics_skip_tracking":false,"_exactmetrics_sitenote_active":false,"_exactmetrics_sitenote_note":"","_exactmetrics_sitenote_category":0,"_monsterinsights_skip_tracking":false,"_monsterinsights_sitenote_active":false,"_monsterinsights_sitenote_note":"","_monsterinsights_sitenote_category":0},"product_brand":[],"product_cat":[283],"product_tag":[],"class_list":{"0":"post-23370","1":"product","2":"type-product","3":"status-publish","4":"has-post-thumbnail","6":"product_cat-haglof","8":"first","9":"instock","10":"shipping-taxable","11":"product-type-simple","12":"col-xxl","13":"col-xl-4","14":"col-lg-6","15":"col-sm-6"},"_links":{"self":[{"href":"https:\/\/kpn.com.uy\/web\/wp-json\/wp\/v2\/product\/23370","targetHints":{"allow":["GET"]}}],"collection":[{"href":"https:\/\/kpn.com.uy\/web\/wp-json\/wp\/v2\/product"}],"about":[{"href":"https:\/\/kpn.com.uy\/web\/wp-json\/wp\/v2\/types\/product"}],"wp:featuredmedia":[{"embeddable":true,"href":"https:\/\/kpn.com.uy\/web\/wp-json\/wp\/v2\/media\/23371"}],"wp:attachment":[{"href":"https:\/\/kpn.com.uy\/web\/wp-json\/wp\/v2\/media?parent=23370"}],"wp:term":[{"taxonomy":"product_brand","embeddable":true,"href":"https:\/\/kpn.com.uy\/web\/wp-json\/wp\/v2\/product_brand?post=23370"},{"taxonomy":"product_cat","embeddable":true,"href":"https:\/\/kpn.com.uy\/web\/wp-json\/wp\/v2\/product_cat?post=23370"},{"taxonomy":"product_tag","embeddable":true,"href":"https:\/\/kpn.com.uy\/web\/wp-json\/wp\/v2\/product_tag?post=23370"}],"curies":[{"name":"wp","href":"https:\/\/api.w.org\/{rel}","templated":true}]}}