{"id":23450,"date":"2020-03-18T14:10:11","date_gmt":"2020-03-18T17:10:11","guid":{"rendered":"https:\/\/kpn.com.uy\/web\/?post_type=product&#038;p=23450"},"modified":"2020-03-18T14:10:44","modified_gmt":"2020-03-18T17:10:44","slug":"hydrocat-180","status":"publish","type":"product","link":"https:\/\/kpn.com.uy\/web\/producto\/hydrocat-180\/","title":{"rendered":"HydroCat-180"},"content":{"rendered":"<p>El HydroCat-180 es un USV capaz de transitar en entornos costeros a mar adentro con cargas \u00fatiles de alta resoluci\u00f3n para realizar levantamientos hidrogr\u00e1ficos totalmente aut\u00f3nomos.<br \/>\nEl HydroCat-180 es un catamar\u00e1n de 18 pies (5,5 m), con cascos articulados individualmente, una cubierta de card\u00e1n y motores el\u00e9ctricos dobles accionados. Adem\u00e1s, la embarcaci\u00f3n se puede transportar a trav\u00e9s de un remolque, tiene un montaje de sonda retr\u00e1ctil, cabrestante SVP y es capaz de operar de forma aut\u00f3noma.<\/p>\n<a class=\"maxbutton-1 maxbutton maxbutton-descargarpdf\" target=\"_blank\" rel=\"noopener\" href=\"https:\/\/kpn.com.uy\/web\/wp-content\/uploads\/2020\/03\/NEW-HYDROCAT-DATASHEET-printed.pdf\"><span class='mb-text'>DESCARGAR PDF<\/span><\/a>\n","protected":false},"excerpt":{"rendered":"<p>El HydroCat-180 es un USV capaz de transitar en entornos costeros a mar adentro con cargas \u00fatiles de alta resoluci\u00f3n para realizar levantamientos hidrogr\u00e1ficos totalmente aut\u00f3nomos. El HydroCat-180<\/p>\n","protected":false},"featured_media":23451,"template":"","meta":{"_exactmetrics_skip_tracking":false,"_exactmetrics_sitenote_active":false,"_exactmetrics_sitenote_note":"","_exactmetrics_sitenote_category":0,"_monsterinsights_skip_tracking":false,"_monsterinsights_sitenote_active":false,"_monsterinsights_sitenote_note":"","_monsterinsights_sitenote_category":0},"product_brand":[],"product_cat":[72,112,246],"product_tag":[],"class_list":{"0":"post-23450","1":"product","2":"type-product","3":"status-publish","4":"has-post-thumbnail","6":"product_cat-ecosondasypesca","7":"product_cat-hidrografia","8":"product_cat-seafloor","10":"first","11":"instock","12":"shipping-taxable","13":"product-type-simple","14":"col-xxl","15":"col-xl-4","16":"col-lg-6","17":"col-sm-6"},"_links":{"self":[{"href":"https:\/\/kpn.com.uy\/web\/wp-json\/wp\/v2\/product\/23450","targetHints":{"allow":["GET"]}}],"collection":[{"href":"https:\/\/kpn.com.uy\/web\/wp-json\/wp\/v2\/product"}],"about":[{"href":"https:\/\/kpn.com.uy\/web\/wp-json\/wp\/v2\/types\/product"}],"wp:featuredmedia":[{"embeddable":true,"href":"https:\/\/kpn.com.uy\/web\/wp-json\/wp\/v2\/media\/23451"}],"wp:attachment":[{"href":"https:\/\/kpn.com.uy\/web\/wp-json\/wp\/v2\/media?parent=23450"}],"wp:term":[{"taxonomy":"product_brand","embeddable":true,"href":"https:\/\/kpn.com.uy\/web\/wp-json\/wp\/v2\/product_brand?post=23450"},{"taxonomy":"product_cat","embeddable":true,"href":"https:\/\/kpn.com.uy\/web\/wp-json\/wp\/v2\/product_cat?post=23450"},{"taxonomy":"product_tag","embeddable":true,"href":"https:\/\/kpn.com.uy\/web\/wp-json\/wp\/v2\/product_tag?post=23450"}],"curies":[{"name":"wp","href":"https:\/\/api.w.org\/{rel}","templated":true}]}}