{"id":23457,"date":"2020-03-18T15:36:38","date_gmt":"2020-03-18T18:36:38","guid":{"rendered":"https:\/\/kpn.com.uy\/web\/?post_type=product&#038;p=23457"},"modified":"2020-03-18T15:36:38","modified_gmt":"2020-03-18T18:36:38","slug":"quickcast","status":"publish","type":"product","link":"https:\/\/kpn.com.uy\/web\/producto\/quickcast\/","title":{"rendered":"QuickCast"},"content":{"rendered":"<p>El sistema QuickCast fue dise\u00f1ado para permitir el despliegue manual de un perfilador de velocidad de sonido usando el control remoto EchoBoats. El cabrestante se puede montar en la parte delantera del EchoBoat USV y utiliza una polea para desplegar el SVP. El contador, que se restablece f\u00e1cilmente para adaptarse a las condiciones cambiantes, cuenta en incrementos de una d\u00e9cima de pie (3 cm) y se puede ver en una PC a trav\u00e9s de una c\u00e1mara integrada.<\/p>\n<p>El cabrestante viene enrollado con suficiente cuerda para alcanzar los 30m y ha sido probado para dar un margen de error de solo o.5% (15cm) a la profundidad m\u00e1xima. Si bien puede dejar salir hasta 1,5 m \/ s de l\u00ednea, se recomienda que la velocidad de pago se mantenga a unos 30 cm \/ s para garantizar un lanzamiento vertical y controlado y evitar el enredo de la l\u00ednea. Una vez que el SVP reaparece, los datos se pueden comunicar a su PC o tel\u00e9fono a trav\u00e9s de Bluetooth. El cabrestante es compatible con la mayor\u00eda de los perfiladores de velocidad del sonido. Para obtener mejores resultados y compatibilidad comprobada, Seafloor recomienda el Valeport SWiFT SVP.<\/p>\n<a class=\"maxbutton-1 maxbutton maxbutton-descargarpdf\" target=\"_blank\" rel=\"noopener\" href=\"https:\/\/kpn.com.uy\/web\/wp-content\/uploads\/2020\/03\/QuickCastDataSheet-printed.pdf\"><span class='mb-text'>DESCARGAR PDF<\/span><\/a>\n","protected":false},"excerpt":{"rendered":"<p>El sistema QuickCast fue dise\u00f1ado para permitir el despliegue manual de un perfilador de velocidad de sonido usando el control remoto EchoBoats. El cabrestante se puede montar en<\/p>\n","protected":false},"featured_media":23458,"template":"","meta":{"_exactmetrics_skip_tracking":false,"_exactmetrics_sitenote_active":false,"_exactmetrics_sitenote_note":"","_exactmetrics_sitenote_category":0,"_monsterinsights_skip_tracking":false,"_monsterinsights_sitenote_active":false,"_monsterinsights_sitenote_note":"","_monsterinsights_sitenote_category":0},"product_brand":[],"product_cat":[72,112,246],"product_tag":[],"class_list":{"0":"post-23457","1":"product","2":"type-product","3":"status-publish","4":"has-post-thumbnail","6":"product_cat-ecosondasypesca","7":"product_cat-hidrografia","8":"product_cat-seafloor","10":"first","11":"instock","12":"shipping-taxable","13":"product-type-simple","14":"col-xxl","15":"col-xl-4","16":"col-lg-6","17":"col-sm-6"},"_links":{"self":[{"href":"https:\/\/kpn.com.uy\/web\/wp-json\/wp\/v2\/product\/23457","targetHints":{"allow":["GET"]}}],"collection":[{"href":"https:\/\/kpn.com.uy\/web\/wp-json\/wp\/v2\/product"}],"about":[{"href":"https:\/\/kpn.com.uy\/web\/wp-json\/wp\/v2\/types\/product"}],"wp:featuredmedia":[{"embeddable":true,"href":"https:\/\/kpn.com.uy\/web\/wp-json\/wp\/v2\/media\/23458"}],"wp:attachment":[{"href":"https:\/\/kpn.com.uy\/web\/wp-json\/wp\/v2\/media?parent=23457"}],"wp:term":[{"taxonomy":"product_brand","embeddable":true,"href":"https:\/\/kpn.com.uy\/web\/wp-json\/wp\/v2\/product_brand?post=23457"},{"taxonomy":"product_cat","embeddable":true,"href":"https:\/\/kpn.com.uy\/web\/wp-json\/wp\/v2\/product_cat?post=23457"},{"taxonomy":"product_tag","embeddable":true,"href":"https:\/\/kpn.com.uy\/web\/wp-json\/wp\/v2\/product_tag?post=23457"}],"curies":[{"name":"wp","href":"https:\/\/api.w.org\/{rel}","templated":true}]}}