{"id":23545,"date":"2020-08-04T10:08:12","date_gmt":"2020-08-04T13:08:12","guid":{"rendered":"https:\/\/kpn.com.uy\/web\/?post_type=product&#038;p=23545"},"modified":"2020-08-04T11:31:23","modified_gmt":"2020-08-04T14:31:23","slug":"nivel-laser-gll-3-80-c-professional","status":"publish","type":"product","link":"https:\/\/kpn.com.uy\/web\/producto\/nivel-laser-gll-3-80-c-professional\/","title":{"rendered":"Nivel Laser GLL 3-80 C Professional"},"content":{"rendered":"<table class=\"table table--fixed\" style=\"height: 629px;\" width=\"699\">\n<thead>\n<tr>\n<th colspan=\"2\"><\/th>\n<\/tr>\n<\/thead>\n<tbody>\n<tr>\n<td>Diodo l\u00e1ser<\/td>\n<td>L\u00ednea: 630 &#8211; 650 nm, &lt; 10 mW<\/td>\n<\/tr>\n<tr>\n<td>Temperatura de servicio<\/td>\n<td>-10 \u2013 40\u00b0C<\/td>\n<\/tr>\n<tr>\n<td>Temperatura de almacenamiento<\/td>\n<td>-20 \u2013 70\u00b0C<\/td>\n<\/tr>\n<tr>\n<td>Clase de l\u00e1ser<\/td>\n<td>2<\/td>\n<\/tr>\n<tr>\n<td>Alcance<\/td>\n<td>hasta 30 m<\/td>\n<\/tr>\n<tr>\n<td>Alcance con receptor<\/td>\n<td>hasta 120 m<\/td>\n<\/tr>\n<tr>\n<td>Precisi\u00f3n de nivelaci\u00f3n<\/td>\n<td>+\/- 0,2\u00a0mm\/m*\/** (*para los cuatro puntos de intersecci\u00f3n horizontal; **m\u00e1s desviaci\u00f3n dependiente del uso)<\/td>\n<\/tr>\n<tr>\n<td>Intervalo de autonivelaci\u00f3n<\/td>\n<td>\u00b1 4\u00b0<\/td>\n<\/tr>\n<tr>\n<td>Tiempo de estabilizaci\u00f3n<\/td>\n<td>4 s<\/td>\n<\/tr>\n<tr>\n<td>Protecci\u00f3n contra polvo y salpicaduras de agua<\/td>\n<td>IP 54*** (***excepto para la bater\u00eda de litio y el adaptador de bater\u00eda AA1)<\/td>\n<\/tr>\n<tr>\n<td>Alimentaci\u00f3n de tensi\u00f3n<\/td>\n<td>Bater\u00eda de litio de 12 V, 4 x 1,5-V-LR6 (AA)<\/td>\n<\/tr>\n<tr>\n<td>Tiempo en servicio, m\u00e1x.<\/td>\n<td>8 h (iones de litio) y 6 h (4 AA) en modo de 3 l\u00edneas<\/td>\n<\/tr>\n<tr>\n<td>Rosca de tr\u00edpode<\/td>\n<td>1\/4&#8243;, 5\/8&#8243;<\/td>\n<\/tr>\n<tr>\n<td>Peso, aprox.<\/td>\n<td>0,9 kg<\/td>\n<\/tr>\n<tr>\n<td>Color L\u00ednea l\u00e1ser<\/td>\n<td>rojo<\/td>\n<\/tr>\n<tr>\n<td>Proyecci\u00f3n<\/td>\n<td>L\u00ednea 3 x 360\u00b0<\/td>\n<\/tr>\n<tr>\n<td>Receptores de l\u00e1ser compatibles<\/td>\n<td>LR 6 + 7<\/td>\n<\/tr>\n<\/tbody>\n<\/table>\n","protected":false},"excerpt":{"rendered":"<h3 class=\"headline hl4\">Visibilidad en un nuevo nivel, con 3 proyecciones a 360\u00b0.<\/h3>\n<ul class=\"m-product_hightlights__list\">\n<li>Sistema de supervisi\u00f3n CAL Guard de alta precisi\u00f3n y control remoto mediante aplicaci\u00f3n para smartphone con conexi\u00f3n Bluetooth\u00ae<\/li>\n<li>Alta claridad visual proporcionada por diodos de alta potencia<\/li>\n<li>Las tres l\u00edneas de proyecci\u00f3n a 360\u00b0 permiten nivelar simult\u00e1neamente en horizontal y vertical, para trabajar con la mayor eficiencia<\/li>\n<\/ul>\n","protected":false},"featured_media":23546,"template":"","meta":{"_exactmetrics_skip_tracking":false,"_exactmetrics_sitenote_active":false,"_exactmetrics_sitenote_note":"","_exactmetrics_sitenote_category":0,"_monsterinsights_skip_tracking":false,"_monsterinsights_sitenote_active":false,"_monsterinsights_sitenote_note":"","_monsterinsights_sitenote_category":0},"product_brand":[],"product_cat":[326,266,84,327],"product_tag":[],"class_list":{"0":"post-23545","1":"product","2":"type-product","3":"status-publish","4":"has-post-thumbnail","6":"product_cat-bosch","7":"product_cat-nivel-laser","8":"product_cat-nivel-laser-ingenieria","9":"product_cat-niveles-laser-bosch","11":"first","12":"instock","13":"shipping-taxable","14":"product-type-simple","15":"col-xxl","16":"col-xl-4","17":"col-lg-6","18":"col-sm-6"},"_links":{"self":[{"href":"https:\/\/kpn.com.uy\/web\/wp-json\/wp\/v2\/product\/23545","targetHints":{"allow":["GET"]}}],"collection":[{"href":"https:\/\/kpn.com.uy\/web\/wp-json\/wp\/v2\/product"}],"about":[{"href":"https:\/\/kpn.com.uy\/web\/wp-json\/wp\/v2\/types\/product"}],"wp:featuredmedia":[{"embeddable":true,"href":"https:\/\/kpn.com.uy\/web\/wp-json\/wp\/v2\/media\/23546"}],"wp:attachment":[{"href":"https:\/\/kpn.com.uy\/web\/wp-json\/wp\/v2\/media?parent=23545"}],"wp:term":[{"taxonomy":"product_brand","embeddable":true,"href":"https:\/\/kpn.com.uy\/web\/wp-json\/wp\/v2\/product_brand?post=23545"},{"taxonomy":"product_cat","embeddable":true,"href":"https:\/\/kpn.com.uy\/web\/wp-json\/wp\/v2\/product_cat?post=23545"},{"taxonomy":"product_tag","embeddable":true,"href":"https:\/\/kpn.com.uy\/web\/wp-json\/wp\/v2\/product_tag?post=23545"}],"curies":[{"name":"wp","href":"https:\/\/api.w.org\/{rel}","templated":true}]}}