{"id":23753,"date":"2021-03-16T13:25:23","date_gmt":"2021-03-16T16:25:23","guid":{"rendered":"https:\/\/kpn.com.uy\/web\/?post_type=product&#038;p=23753"},"modified":"2021-03-16T13:25:23","modified_gmt":"2021-03-16T16:25:23","slug":"moba-pave-ir","status":"publish","type":"product","link":"https:\/\/kpn.com.uy\/web\/producto\/moba-pave-ir\/","title":{"rendered":"MOBA PAVE-IR"},"content":{"rendered":"<h2><strong>\u00d3PTIMA\u00a0<\/strong>DETECCI\u00d3N DE LA TEMPERATURA<\/h2>\n<p class=\"text-justify\"><small>PAVE-IR es el primer sistema, que de una forma simple y clara,\u00a0crea un perfil t\u00e9rmico de la carretera &#8211; \u00a1en tiempo real! El esc\u00e1ner de temperatura de alta precisi\u00f3n crea un completo perfil t\u00e9rmico de la capa extendida con\u00a0un ancho de\u00a0hasta 13m, que opcionalmente puede utilizarse, mediante los diferentes informes disponibles, como prueba de calidad mostrando las temperaturas durante el extendido y el suministro.\u00a0<\/small><\/p>\n","protected":false},"excerpt":{"rendered":"<h4><span class=\"text-uppercase\">EL PRIMER SISTEMA PARA LA MEDICI\u00d3N DE LA TEMPERATURA EN TIEMPO REAL EN LA CONSTRUCCI\u00d3N DE CARRETERAS<\/span><\/h4>\n<h2 class=\"productheader\">PAVE-IR<\/h2>\n<p class=\"text-justify\">La calidad de la carretera desempe\u00f1a un papel importante en la eficiencia econ\u00f3mica, la sostenibilidad y la seguridad de la conducci\u00f3n. Adem\u00e1s del aumento de la durabilidad de la carretera, una\u00a0mayor calidad ofrece ventajas significativas.<\/p>\n<p class=\"text-justify\">La temperatura \u00f3ptima del material durante\u00a0pavimentaci\u00f3n es un factor decisivo en la construcci\u00f3n de carreteras, lo que influye de manera significativa en la calidad de las mismas. La visualizaci\u00f3n t\u00e9rmica completa del proceso de pavimentaci\u00f3n proporciona informaci\u00f3n importante sobre la calidad del material y abre potenciales de optimizaci\u00f3n completamente nuevos.<\/p>\n","protected":false},"featured_media":23754,"template":"","meta":{"_exactmetrics_skip_tracking":false,"_exactmetrics_sitenote_active":false,"_exactmetrics_sitenote_note":"","_exactmetrics_sitenote_category":0,"_monsterinsights_skip_tracking":false,"_monsterinsights_sitenote_active":false,"_monsterinsights_sitenote_note":"","_monsterinsights_sitenote_category":0},"product_brand":[],"product_cat":[354,254,290],"product_tag":[],"class_list":{"0":"post-23753","1":"product","2":"type-product","3":"status-publish","4":"has-post-thumbnail","6":"product_cat-calidad-en-la-pavimentacion","7":"product_cat-moba-marcas","8":"product_cat-pavimentacion-de-carreteras","10":"first","11":"instock","12":"shipping-taxable","13":"product-type-simple","14":"col-xxl","15":"col-xl-4","16":"col-lg-6","17":"col-sm-6"},"_links":{"self":[{"href":"https:\/\/kpn.com.uy\/web\/wp-json\/wp\/v2\/product\/23753","targetHints":{"allow":["GET"]}}],"collection":[{"href":"https:\/\/kpn.com.uy\/web\/wp-json\/wp\/v2\/product"}],"about":[{"href":"https:\/\/kpn.com.uy\/web\/wp-json\/wp\/v2\/types\/product"}],"wp:featuredmedia":[{"embeddable":true,"href":"https:\/\/kpn.com.uy\/web\/wp-json\/wp\/v2\/media\/23754"}],"wp:attachment":[{"href":"https:\/\/kpn.com.uy\/web\/wp-json\/wp\/v2\/media?parent=23753"}],"wp:term":[{"taxonomy":"product_brand","embeddable":true,"href":"https:\/\/kpn.com.uy\/web\/wp-json\/wp\/v2\/product_brand?post=23753"},{"taxonomy":"product_cat","embeddable":true,"href":"https:\/\/kpn.com.uy\/web\/wp-json\/wp\/v2\/product_cat?post=23753"},{"taxonomy":"product_tag","embeddable":true,"href":"https:\/\/kpn.com.uy\/web\/wp-json\/wp\/v2\/product_tag?post=23753"}],"curies":[{"name":"wp","href":"https:\/\/api.w.org\/{rel}","templated":true}]}}