{"id":23767,"date":"2021-03-18T13:36:11","date_gmt":"2021-03-18T16:36:11","guid":{"rendered":"https:\/\/kpn.com.uy\/web\/?post_type=product&#038;p=23767"},"modified":"2021-05-06T13:11:09","modified_gmt":"2021-05-06T16:11:09","slug":"moba-3d-matic-2","status":"publish","type":"product","link":"https:\/\/kpn.com.uy\/web\/producto\/moba-3d-matic-2\/","title":{"rendered":"MOBA 3D-MATIC"},"content":{"rendered":"<h2><strong>ORIENTADO HACIA EL FUTURO<\/strong><\/h2>\n<p class=\"text-justify\"><small>Como sistema de nivelaci\u00f3n adicional para motoniveladoras, bulldozers\u00a0o niveladoras, es la mejora\u00a0perfecta para cualquier tipo de m\u00e1quina y puede ser actualizado en cualquier momento- incluso retrospectivamente. Los muchos a\u00f1os de experiencia de MOBA en tecnolog\u00edas de nivelaci\u00f3n son un seguro de \u00e9xito . Gracias a una excepcional gama de sensores compatibles y a la comunicaci\u00f3n basada en CANbus, el sistema modular puede adaptarse,\u00a0seleccionando entre una antena GNSS o una estaci\u00f3n total con prisma, a las\u00a0necesidades individuales de cada proyecto en cualquier momento. Por tanto, una inversi\u00f3n en el sistema 3D-matic es una inversi\u00f3n en rentabilidad.<\/small><\/p>\n<p><iframe title=\"MOBA CONSTRUCCI\u00d3N: Historia de \u00e9xito con el 3D-matic\" width=\"1136\" height=\"639\" src=\"https:\/\/www.youtube.com\/embed\/2mRbfxsEDow?feature=oembed\" frameborder=\"0\" allow=\"accelerometer; autoplay; clipboard-write; encrypted-media; gyroscope; picture-in-picture\" allowfullscreen><\/iframe><\/p>\n","protected":false},"excerpt":{"rendered":"<h2 class=\"productheader\">MOBA 3D-MATIC<\/h2>\n<p class=\"text-justify\">La fuerza del sistema\u00a03D-matic reside en la implementaci\u00f3n y creaci\u00f3n. incluso en obra, de modelos 3D de\u00a0forma simple y c\u00f3moda para una nivelaci\u00f3n precisa en cada proyecto. Entiende c\u00f3mo hacer que la complejidad de los modelos 3D sea f\u00e1cil de entender y al mismo tiempo\u00a0est\u00e1 dise\u00f1ado para ser usado con facilidad. Trabajar exactamente dentro de las\u00a0las especificaciones y cotas sin mediciones de control manual acelera la finalizaci\u00f3n del proyecto. Adem\u00e1s de un considerable ahorro de tiempo y combustible, tambi\u00e9n aumenta la seguridad laboral en la obra, ya que el operador de la m\u00e1quina ya no tiene que salir de la cabina para realizar comprobaciones manuales.<\/p>\n[maxbutton id=\"1\" url=\"https:\/\/drive.google.com\/file\/d\/1tEH3dJzjUx_mkfpw4v74q_grJZojxFdp\/view\" text=\"DESCARGAR CAT\u00c1LOGO\" ]\n","protected":false},"featured_media":23768,"template":"","meta":{"_exactmetrics_skip_tracking":false,"_exactmetrics_sitenote_active":false,"_exactmetrics_sitenote_note":"","_exactmetrics_sitenote_category":0,"_monsterinsights_skip_tracking":false,"_monsterinsights_sitenote_active":false,"_monsterinsights_sitenote_note":"","_monsterinsights_sitenote_category":0},"product_brand":[],"product_cat":[356,254],"product_tag":[],"class_list":{"0":"post-23767","1":"product","2":"type-product","3":"status-publish","4":"has-post-thumbnail","6":"product_cat-excavadora","7":"product_cat-moba-marcas","9":"first","10":"instock","11":"shipping-taxable","12":"product-type-simple","13":"col-xxl","14":"col-xl-4","15":"col-lg-6","16":"col-sm-6"},"_links":{"self":[{"href":"https:\/\/kpn.com.uy\/web\/wp-json\/wp\/v2\/product\/23767","targetHints":{"allow":["GET"]}}],"collection":[{"href":"https:\/\/kpn.com.uy\/web\/wp-json\/wp\/v2\/product"}],"about":[{"href":"https:\/\/kpn.com.uy\/web\/wp-json\/wp\/v2\/types\/product"}],"wp:featuredmedia":[{"embeddable":true,"href":"https:\/\/kpn.com.uy\/web\/wp-json\/wp\/v2\/media\/23768"}],"wp:attachment":[{"href":"https:\/\/kpn.com.uy\/web\/wp-json\/wp\/v2\/media?parent=23767"}],"wp:term":[{"taxonomy":"product_brand","embeddable":true,"href":"https:\/\/kpn.com.uy\/web\/wp-json\/wp\/v2\/product_brand?post=23767"},{"taxonomy":"product_cat","embeddable":true,"href":"https:\/\/kpn.com.uy\/web\/wp-json\/wp\/v2\/product_cat?post=23767"},{"taxonomy":"product_tag","embeddable":true,"href":"https:\/\/kpn.com.uy\/web\/wp-json\/wp\/v2\/product_tag?post=23767"}],"curies":[{"name":"wp","href":"https:\/\/api.w.org\/{rel}","templated":true}]}}