{"id":23770,"date":"2021-03-18T13:46:27","date_gmt":"2021-03-18T16:46:27","guid":{"rendered":"https:\/\/kpn.com.uy\/web\/?post_type=product&#038;p=23770"},"modified":"2021-05-06T13:21:35","modified_gmt":"2021-05-06T16:21:35","slug":"xsite-easy","status":"publish","type":"product","link":"https:\/\/kpn.com.uy\/web\/producto\/xsite-easy\/","title":{"rendered":"XSITE EASY"},"content":{"rendered":"<h2><strong>PERFECTO\u00a0<\/strong>PARA\u00a0PEQUE\u00d1OS PROYECTOS DE CONSTRUCCI\u00d3N<\/h2>\n<p class=\"text-justify\"><small>Nuestro robusto Xsite EASY es el sistema de control\u00a0ideal\u00a0para la rutina diaria de\u00a0construcci\u00f3n. Las duras condiciones clim\u00e1ticas, el terreno accidentado o la mala visibilidad ya no suponen un desaf\u00edo. El sistema de excavaci\u00f3n permite mantener la perspectiva correcta. El sistema es perfecto\u00a0para la construcci\u00f3n de cimientos, excavaci\u00f3n o construcci\u00f3n de terraplenes, o para nivelar o excavar bajo el agua.<\/small><\/p>\n<p><iframe title=\"Xsite\u00ae EASY - Demonstration of basic functions\" width=\"1136\" height=\"639\" src=\"https:\/\/www.youtube.com\/embed\/pFEQNGVG6C4?feature=oembed\" frameborder=\"0\" allow=\"accelerometer; autoplay; clipboard-write; encrypted-media; gyroscope; picture-in-picture\" allowfullscreen><\/iframe><\/p>\n<p class=\"text-justify\">\n","protected":false},"excerpt":{"rendered":"<h2 class=\"productheader\">XSITE EASY<\/h2>\n<p class=\"text-justify\"><small>El sistema 2D Xsite EASY mide la profundidad, elevaci\u00f3n e inclinaci\u00f3n del cazo\u00a0y muestra la posici\u00f3n del cazo\u00a0gr\u00e1fica y num\u00e9ricamente en la pantalla. El sensor del brazo superior garantiza que las mediciones sean correctas en\u00a0cada posici\u00f3n de la excavadora, ya sea en una pendiente o en un terreno plano. Una pantalla LED opcional muestra adicionalmente de un vistazo si el nivel objetivo ya se ha alcanzado o si se requiere continuar la excavaci\u00f3n. De este modo, siempre se mantiene una visi\u00f3n general del progreso exacto de los trabajos y permite implementar con precisi\u00f3n las especificaciones del proyecto.<\/small><\/p>\n","protected":false},"featured_media":23771,"template":"","meta":{"_exactmetrics_skip_tracking":false,"_exactmetrics_sitenote_active":false,"_exactmetrics_sitenote_note":"","_exactmetrics_sitenote_category":0,"_monsterinsights_skip_tracking":false,"_monsterinsights_sitenote_active":false,"_monsterinsights_sitenote_note":"","_monsterinsights_sitenote_category":0},"product_brand":[],"product_cat":[254,357],"product_tag":[],"class_list":{"0":"post-23770","1":"product","2":"type-product","3":"status-publish","4":"has-post-thumbnail","6":"product_cat-moba-marcas","7":"product_cat-sistema-de-control-para-excavadoras","9":"first","10":"instock","11":"shipping-taxable","12":"product-type-simple","13":"col-xxl","14":"col-xl-4","15":"col-lg-6","16":"col-sm-6"},"_links":{"self":[{"href":"https:\/\/kpn.com.uy\/web\/wp-json\/wp\/v2\/product\/23770","targetHints":{"allow":["GET"]}}],"collection":[{"href":"https:\/\/kpn.com.uy\/web\/wp-json\/wp\/v2\/product"}],"about":[{"href":"https:\/\/kpn.com.uy\/web\/wp-json\/wp\/v2\/types\/product"}],"wp:featuredmedia":[{"embeddable":true,"href":"https:\/\/kpn.com.uy\/web\/wp-json\/wp\/v2\/media\/23771"}],"wp:attachment":[{"href":"https:\/\/kpn.com.uy\/web\/wp-json\/wp\/v2\/media?parent=23770"}],"wp:term":[{"taxonomy":"product_brand","embeddable":true,"href":"https:\/\/kpn.com.uy\/web\/wp-json\/wp\/v2\/product_brand?post=23770"},{"taxonomy":"product_cat","embeddable":true,"href":"https:\/\/kpn.com.uy\/web\/wp-json\/wp\/v2\/product_cat?post=23770"},{"taxonomy":"product_tag","embeddable":true,"href":"https:\/\/kpn.com.uy\/web\/wp-json\/wp\/v2\/product_tag?post=23770"}],"curies":[{"name":"wp","href":"https:\/\/api.w.org\/{rel}","templated":true}]}}