{"id":23772,"date":"2021-03-18T13:49:39","date_gmt":"2021-03-18T16:49:39","guid":{"rendered":"https:\/\/kpn.com.uy\/web\/?post_type=product&#038;p=23772"},"modified":"2021-05-06T13:17:13","modified_gmt":"2021-05-06T16:17:13","slug":"xsite-pro-2d","status":"publish","type":"product","link":"https:\/\/kpn.com.uy\/web\/producto\/xsite-pro-2d\/","title":{"rendered":"XSITE PRO 2D"},"content":{"rendered":"<h2><strong>PERFECTAMENTE\u00a0<\/strong>PREPARADO PARA CADA PROYECTO DE CONSTRUCCI\u00d3N<\/h2>\n<p class=\"text-justify\"><small>Xsite\u00ae PRO 2D permite estar siempre bien equipado para todos los requisitos de una obra. Tanto si se trata de trabajos simples\u00a0como de proyectos de construcci\u00f3n complejos, los sistemas de control MOBA\u00a0para excavadoras proporcionan una interacci\u00f3n perfecta entre todos los componentes para ofrecer un resultado preciso y eficiente. Gracias a la estructura modular del software 3D, Xsite PRO posee\u00a0la posibilidad de\u00a0actualizarse en cualquier momento. El sistema Xsite\u00ae PRO permite el uso sin problemas de servicios de correcci\u00f3n de red, estaciones base y receptores GNSS de diferentes fabricantes. Esto elimina el compromiso hacia un solo fabricante y permite trabajar en m\u00faltiples proyectos sin riesgo de incompatibilidad. Adem\u00e1s, el sistema es compatible con software de terceros, como los proveedores de servicios de nubes BIM. Se pueden utilizar diferentes formatos de datos BIM sin problemas de conversi\u00f3n o compatibilidad. Esto le da una importante ventaja significativa\u00a0un mercado competitivo.<\/small><\/p>\n<p><iframe title=\"MOBA 2D Excavator System Xsite\" width=\"1136\" height=\"639\" src=\"https:\/\/www.youtube.com\/embed\/zQc7T5LyIeA?feature=oembed\" frameborder=\"0\" allow=\"accelerometer; autoplay; clipboard-write; encrypted-media; gyroscope; picture-in-picture\" allowfullscreen><\/iframe><\/p>\n","protected":false},"excerpt":{"rendered":"<h2 class=\"productheader\">XSITE PRO 2D<\/h2>\n<p class=\"text-justify\"><small>Xsite PRO permite\u00a0beneficiarse de caracter\u00edsticas adicionales. Gracias a un r\u00e1pido procesador, los valores medidos se procesan en tiempo real y se muestran inmediatamente en la c\u00f3moda pantalla gr\u00e1fica a todo color de 8,4&#8243; y funci\u00f3n t\u00e1ctil. La opci\u00f3n de definir varios perfiles para diferentes trabajos al mismo tiempo y tenerlos preparados\u00a0en cualquier momento ahorra tiempo, combustible y material, a la vez que aumenta la eficiencia de la\u00a0m\u00e1quina.<\/small><\/p>\n<p>&nbsp;<\/p>\n","protected":false},"featured_media":23773,"template":"","meta":{"_exactmetrics_skip_tracking":false,"_exactmetrics_sitenote_active":false,"_exactmetrics_sitenote_note":"","_exactmetrics_sitenote_category":0,"_monsterinsights_skip_tracking":false,"_monsterinsights_sitenote_active":false,"_monsterinsights_sitenote_note":"","_monsterinsights_sitenote_category":0},"product_brand":[],"product_cat":[254,357],"product_tag":[],"class_list":{"0":"post-23772","1":"product","2":"type-product","3":"status-publish","4":"has-post-thumbnail","6":"product_cat-moba-marcas","7":"product_cat-sistema-de-control-para-excavadoras","9":"first","10":"instock","11":"shipping-taxable","12":"product-type-simple","13":"col-xxl","14":"col-xl-4","15":"col-lg-6","16":"col-sm-6"},"_links":{"self":[{"href":"https:\/\/kpn.com.uy\/web\/wp-json\/wp\/v2\/product\/23772","targetHints":{"allow":["GET"]}}],"collection":[{"href":"https:\/\/kpn.com.uy\/web\/wp-json\/wp\/v2\/product"}],"about":[{"href":"https:\/\/kpn.com.uy\/web\/wp-json\/wp\/v2\/types\/product"}],"wp:featuredmedia":[{"embeddable":true,"href":"https:\/\/kpn.com.uy\/web\/wp-json\/wp\/v2\/media\/23773"}],"wp:attachment":[{"href":"https:\/\/kpn.com.uy\/web\/wp-json\/wp\/v2\/media?parent=23772"}],"wp:term":[{"taxonomy":"product_brand","embeddable":true,"href":"https:\/\/kpn.com.uy\/web\/wp-json\/wp\/v2\/product_brand?post=23772"},{"taxonomy":"product_cat","embeddable":true,"href":"https:\/\/kpn.com.uy\/web\/wp-json\/wp\/v2\/product_cat?post=23772"},{"taxonomy":"product_tag","embeddable":true,"href":"https:\/\/kpn.com.uy\/web\/wp-json\/wp\/v2\/product_tag?post=23772"}],"curies":[{"name":"wp","href":"https:\/\/api.w.org\/{rel}","templated":true}]}}