{"id":23782,"date":"2021-03-18T14:09:19","date_gmt":"2021-03-18T17:09:19","guid":{"rendered":"https:\/\/kpn.com.uy\/web\/?post_type=product&#038;p=23782"},"modified":"2021-03-18T14:09:19","modified_gmt":"2021-03-18T17:09:19","slug":"mawis-u2","status":"publish","type":"product","link":"https:\/\/kpn.com.uy\/web\/producto\/mawis-u2\/","title":{"rendered":"MAWIS U2"},"content":{"rendered":"<h4>VENTAJAS<\/h4>\n<div class=\"text-column\">\n<ul class=\"list-unstyled features small\">\n<li>Administraci\u00f3n sencilla de direcciones, pedidos, ubicaciones y contenedores<\/li>\n<li>Planificaci\u00f3n de rutas de recogida, turnos y mantenimientos<\/li>\n<li>Gesti\u00f3n de activos, tareas y soporte del servicio<\/li>\n<li>Visualizaci\u00f3n de la informaci\u00f3n en l\u00ednea, en cualquier sitio y en cualquier momento<\/li>\n<li>Aumenta la satisfacci\u00f3n del usuario por disponer de toda la informaci\u00f3n en una misma plataforma y en\u00a0tiempo real<\/li>\n<li>Actualizaciones peri\u00f3dicas con nuevas funcionalidades<\/li>\n<li>Conectada con aplicaciones m\u00f3viles para mantenimiento e inspecci\u00f3n<\/li>\n<li>Capacidad de gesti\u00f3n, almacenamiento y an\u00e1lisis de un gran volumen de datos<\/li>\n<li>Interfaz lista para una integraci\u00f3n f\u00e1cil y r\u00e1pida con sistemas externos de terceros<\/li>\n<li>F\u00e1cil de personalizar<\/li>\n<li>Cada proyecto puede disponer de varios usuarios con diferentes permisos cada uno<\/li>\n<li>Multiling\u00fce<\/li>\n<\/ul>\n<\/div>\n","protected":false},"excerpt":{"rendered":"<h2 class=\"slogan mt-md-3\"><span class=\"text-primary\"><strong>MAWIS U2<\/strong><\/span><\/h2>\n<p class=\"subslogan\">GESTI\u00d3N EFICIENTE DE LOS SERVICIOS URBANOS<\/p>\n<p class=\"text-justify\"><small>MAWIS es una plataforma que integra el software de gesti\u00f3n MAWIS U2 con el equipamiento de los veh\u00edculos, la electr\u00f3nica m\u00f3vil y todas las herramientas necesarias para la recolecci\u00f3n, transmisi\u00f3n y procesamiento de datos\u00a0que permiten optimizar la gesti\u00f3n en los servicios urbanos de recogida de residuos, limpieza viaria y mantenimiento del mobiliario urbano.<\/small><\/p>\n<p class=\"text-justify\"><small>MAWIS U2 es la herramienta ideal para la optimizaci\u00f3n de los servicios urbanos, las capacidades de la plataforma permiten implementar sistemas de mejora continua en la gesti\u00f3n de residuos<\/small>.<\/p>\n<p class=\"text-justify\"><small>Con el fin de cubrir los diferentes servicios, el software MAWIS U2 cuenta con una estructura modular para la gesti\u00f3n de flotas, planificaci\u00f3n de rutas, mantenimiento de veh\u00edculos, centro de informes, y mucho m\u00e1s.<\/small><\/p>\n<p class=\"text-justify\"><small>Acceso al software MAWIS U2 de forma sencilla desde cualquier ordenador con conexi\u00f3n a Internet mediante web modalidad SaaS ).<\/small><\/p>\n<p>&nbsp;<\/p>\n<p class=\"text-justify\"><img fetchpriority=\"high\" decoding=\"async\" class=\"alignnone  wp-image-23784\" src=\"https:\/\/kpn.com.uy\/web\/wp-content\/uploads\/2021\/03\/unnamed.jpg\" alt=\"\" width=\"547\" height=\"272\" srcset=\"https:\/\/kpn.com.uy\/web\/wp-content\/uploads\/2021\/03\/unnamed.jpg 512w, https:\/\/kpn.com.uy\/web\/wp-content\/uploads\/2021\/03\/unnamed-500x248.jpg 500w, https:\/\/kpn.com.uy\/web\/wp-content\/uploads\/2021\/03\/unnamed-401x199.jpg 401w, https:\/\/kpn.com.uy\/web\/wp-content\/uploads\/2021\/03\/unnamed-480x238.jpg 480w, https:\/\/kpn.com.uy\/web\/wp-content\/uploads\/2021\/03\/unnamed-185x92.jpg 185w, https:\/\/kpn.com.uy\/web\/wp-content\/uploads\/2021\/03\/unnamed-100x50.jpg 100w, https:\/\/kpn.com.uy\/web\/wp-content\/uploads\/2021\/03\/unnamed-200x99.jpg 200w, https:\/\/kpn.com.uy\/web\/wp-content\/uploads\/2021\/03\/unnamed-300x149.jpg 300w\" sizes=\"(max-width: 547px) 100vw, 547px\" \/><\/p>\n","protected":false},"featured_media":23783,"template":"","meta":{"_exactmetrics_skip_tracking":false,"_exactmetrics_sitenote_active":false,"_exactmetrics_sitenote_note":"","_exactmetrics_sitenote_category":0,"_monsterinsights_skip_tracking":false,"_monsterinsights_sitenote_active":false,"_monsterinsights_sitenote_note":"","_monsterinsights_sitenote_category":0},"product_brand":[],"product_cat":[400],"product_tag":[],"class_list":{"0":"post-23782","1":"product","2":"type-product","3":"status-publish","4":"has-post-thumbnail","6":"product_cat-sin-categorizar","8":"first","9":"instock","10":"shipping-taxable","11":"product-type-simple","12":"col-xxl","13":"col-xl-4","14":"col-lg-6","15":"col-sm-6"},"_links":{"self":[{"href":"https:\/\/kpn.com.uy\/web\/wp-json\/wp\/v2\/product\/23782","targetHints":{"allow":["GET"]}}],"collection":[{"href":"https:\/\/kpn.com.uy\/web\/wp-json\/wp\/v2\/product"}],"about":[{"href":"https:\/\/kpn.com.uy\/web\/wp-json\/wp\/v2\/types\/product"}],"wp:featuredmedia":[{"embeddable":true,"href":"https:\/\/kpn.com.uy\/web\/wp-json\/wp\/v2\/media\/23783"}],"wp:attachment":[{"href":"https:\/\/kpn.com.uy\/web\/wp-json\/wp\/v2\/media?parent=23782"}],"wp:term":[{"taxonomy":"product_brand","embeddable":true,"href":"https:\/\/kpn.com.uy\/web\/wp-json\/wp\/v2\/product_brand?post=23782"},{"taxonomy":"product_cat","embeddable":true,"href":"https:\/\/kpn.com.uy\/web\/wp-json\/wp\/v2\/product_cat?post=23782"},{"taxonomy":"product_tag","embeddable":true,"href":"https:\/\/kpn.com.uy\/web\/wp-json\/wp\/v2\/product_tag?post=23782"}],"curies":[{"name":"wp","href":"https:\/\/api.w.org\/{rel}","templated":true}]}}