{"id":23892,"date":"2021-04-21T12:31:01","date_gmt":"2021-04-21T15:31:01","guid":{"rendered":"https:\/\/kpn.com.uy\/web\/?post_type=product&#038;p=23892"},"modified":"2021-04-21T12:36:48","modified_gmt":"2021-04-21T15:36:48","slug":"penetrometro-dial-de-bolsillo","status":"publish","type":"product","link":"https:\/\/kpn.com.uy\/web\/producto\/penetrometro-dial-de-bolsillo\/","title":{"rendered":"Penetr\u00f3metro Dial de Bolsillo"},"content":{"rendered":"<p>La Serie UTS de Penetr\u00f3metros Diales de Bosillo son instrumentos ideales para determinar la resistencia de penetraci\u00f3n de suelo cohesivo, especialmente cuando varios rangos de medici\u00f3n est\u00e1n requeridos.<\/p>\n<p>El UTS-0075 Penetr\u00f3metro Dial de Bosillo con respecto al rango y di\u00e1metros de los \u00e9mbolos puede estar usado para aplicaciones espec\u00edficas.<\/p>\n<p>Todos los modelos de los Penetr\u00f3metros Diales son de 60 mm de di\u00e1metro del dial y dise\u00f1ados con una caracter\u00edstica de mantenimiento de pico.<\/p>\n<p>El UTS-0075 Penetr\u00f3metro Dial de Bosillo est\u00e1 usado para evaluar el \u00e1ngulo de fricci\u00f3n interna \u201cj\u201d de suelos arenosos y la cohesi\u00f3n \u201cc\u201d 2 en suelos arcillosos. Doble escala: 0-6 kgf\/cm para \u00e9mbolo 2 de 6.35 mm de di\u00e1metro y 0-11 kgf\/cm.<\/p>\n<p>El UTS-0078 Penetr\u00f3metro de Bosillo es un equipo port\u00e1til y f\u00e1cil de usar para hacer clasificaci\u00f3n en el campo de suelos cohesivos en t\u00e9rminos de consistencia, resistencia de corte y resistencia compresiva aproximada no confinada.<\/p>\n<p><img fetchpriority=\"high\" decoding=\"async\" class=\"alignnone size-full wp-image-23893\" src=\"https:\/\/kpn.com.uy\/web\/wp-content\/uploads\/2021\/04\/Captura-5.jpg\" alt=\"\" width=\"654\" height=\"138\" srcset=\"https:\/\/kpn.com.uy\/web\/wp-content\/uploads\/2021\/04\/Captura-5.jpg 654w, https:\/\/kpn.com.uy\/web\/wp-content\/uploads\/2021\/04\/Captura-5-500x106.jpg 500w, https:\/\/kpn.com.uy\/web\/wp-content\/uploads\/2021\/04\/Captura-5-401x85.jpg 401w, https:\/\/kpn.com.uy\/web\/wp-content\/uploads\/2021\/04\/Captura-5-480x101.jpg 480w, https:\/\/kpn.com.uy\/web\/wp-content\/uploads\/2021\/04\/Captura-5-640x135.jpg 640w, https:\/\/kpn.com.uy\/web\/wp-content\/uploads\/2021\/04\/Captura-5-436x92.jpg 436w, https:\/\/kpn.com.uy\/web\/wp-content\/uploads\/2021\/04\/Captura-5-100x21.jpg 100w, https:\/\/kpn.com.uy\/web\/wp-content\/uploads\/2021\/04\/Captura-5-200x42.jpg 200w, https:\/\/kpn.com.uy\/web\/wp-content\/uploads\/2021\/04\/Captura-5-300x63.jpg 300w\" sizes=\"(max-width: 654px) 100vw, 654px\" \/><\/p>\n","protected":false},"excerpt":{"rendered":"<h4>C\u00f3digo del Producto<\/h4>\n<p><strong>UTS-0070<\/strong>\u00a0\u00a0\u00a0\u00a0\u00a0\u00a0\u00a0\u00a0\u00a0\u00a0\u00a0 Penetr\u00f3metro Dial de Bosillo con un rango de 0-6 kgf\/cm2<br \/>\n<strong>UTS-0072<\/strong>\u00a0\u00a0\u00a0\u00a0\u00a0\u00a0\u00a0\u00a0\u00a0\u00a0\u00a0 Penetr\u00f3metro Dial de Bosillo con un rango de 0-14 kgf\/cm2<br \/>\n<strong>UTS-0075<\/strong>\u00a0\u00a0\u00a0\u00a0\u00a0\u00a0\u00a0\u00a0\u00a0\u00a0\u00a0 Penetr\u00f3metro Dial de Bosillo con un rango de 0-6, 0-11 kgf\/cm2<br \/>\n<strong>UTS-0078<\/strong>\u00a0\u00a0\u00a0\u00a0\u00a0\u00a0\u00a0\u00a0\u00a0\u00a0\u00a0 Penetr\u00f3metro Dial de Bosillo con un rango de 0-5 kgf\/cm2<\/p>\n","protected":false},"featured_media":23894,"template":"","meta":{"_exactmetrics_skip_tracking":false,"_exactmetrics_sitenote_active":false,"_exactmetrics_sitenote_note":"","_exactmetrics_sitenote_category":0,"_monsterinsights_skip_tracking":false,"_monsterinsights_sitenote_active":false,"_monsterinsights_sitenote_note":"","_monsterinsights_sitenote_category":0},"product_brand":[],"product_cat":[367,366],"product_tag":[],"class_list":{"0":"post-23892","1":"product","2":"type-product","3":"status-publish","4":"has-post-thumbnail","6":"product_cat-muestreo-en-suelos","7":"product_cat-utest","9":"first","10":"instock","11":"shipping-taxable","12":"product-type-simple","13":"col-xxl","14":"col-xl-4","15":"col-lg-6","16":"col-sm-6"},"_links":{"self":[{"href":"https:\/\/kpn.com.uy\/web\/wp-json\/wp\/v2\/product\/23892","targetHints":{"allow":["GET"]}}],"collection":[{"href":"https:\/\/kpn.com.uy\/web\/wp-json\/wp\/v2\/product"}],"about":[{"href":"https:\/\/kpn.com.uy\/web\/wp-json\/wp\/v2\/types\/product"}],"wp:featuredmedia":[{"embeddable":true,"href":"https:\/\/kpn.com.uy\/web\/wp-json\/wp\/v2\/media\/23894"}],"wp:attachment":[{"href":"https:\/\/kpn.com.uy\/web\/wp-json\/wp\/v2\/media?parent=23892"}],"wp:term":[{"taxonomy":"product_brand","embeddable":true,"href":"https:\/\/kpn.com.uy\/web\/wp-json\/wp\/v2\/product_brand?post=23892"},{"taxonomy":"product_cat","embeddable":true,"href":"https:\/\/kpn.com.uy\/web\/wp-json\/wp\/v2\/product_cat?post=23892"},{"taxonomy":"product_tag","embeddable":true,"href":"https:\/\/kpn.com.uy\/web\/wp-json\/wp\/v2\/product_tag?post=23892"}],"curies":[{"name":"wp","href":"https:\/\/api.w.org\/{rel}","templated":true}]}}