{"id":23965,"date":"2021-04-28T15:21:19","date_gmt":"2021-04-28T18:21:19","guid":{"rendered":"https:\/\/kpn.com.uy\/web\/?post_type=product&#038;p=23965"},"modified":"2021-04-28T15:35:57","modified_gmt":"2021-04-28T18:35:57","slug":"platinas-superiores","status":"publish","type":"product","link":"https:\/\/kpn.com.uy\/web\/producto\/platinas-superiores\/","title":{"rendered":"Platinas Superiores"},"content":{"rendered":"<p>Las platinas le permiten hacer pruebas de una gran variedad de cilindros, cubos, bloques, o muestras similares.<\/p><ul class=\"wp-block-list\"><li>Fabricadas de acero de alta calidad, que despu\u00e9s est\u00e1n endurecidas, pulidas (liso) y acabadas.<\/li><li>El valor de rugosidad para la textura de la superficie de las platinas auxiliares es \u2264 3.2 \u00b5m.<\/li><li>UTC-4511, UTC-4512 y UTC- 4513 tienen anillos para centrado en las platinas inferiores para centrar correctamente muestras de cubos de 100 mm y 150 mm y cilindros de 100 mm y 150 mm.<\/li><\/ul><figure class=\"wp-block-image size-large\"><img fetchpriority=\"high\" decoding=\"async\" width=\"665\" height=\"374\" src=\"https:\/\/kpn.com.uy\/web\/wp-content\/uploads\/2021\/04\/Captura-24.jpg\" alt=\"\" class=\"wp-image-23966\" srcset=\"https:\/\/kpn.com.uy\/web\/wp-content\/uploads\/2021\/04\/Captura-24.jpg 665w, https:\/\/kpn.com.uy\/web\/wp-content\/uploads\/2021\/04\/Captura-24-500x281.jpg 500w, https:\/\/kpn.com.uy\/web\/wp-content\/uploads\/2021\/04\/Captura-24-401x226.jpg 401w, https:\/\/kpn.com.uy\/web\/wp-content\/uploads\/2021\/04\/Captura-24-480x270.jpg 480w, https:\/\/kpn.com.uy\/web\/wp-content\/uploads\/2021\/04\/Captura-24-640x360.jpg 640w, https:\/\/kpn.com.uy\/web\/wp-content\/uploads\/2021\/04\/Captura-24-164x92.jpg 164w, https:\/\/kpn.com.uy\/web\/wp-content\/uploads\/2021\/04\/Captura-24-100x56.jpg 100w, https:\/\/kpn.com.uy\/web\/wp-content\/uploads\/2021\/04\/Captura-24-200x112.jpg 200w, https:\/\/kpn.com.uy\/web\/wp-content\/uploads\/2021\/04\/Captura-24-300x169.jpg 300w\" sizes=\"(max-width: 665px) 100vw, 665px\" \/><\/figure>","protected":false},"excerpt":{"rendered":"<h4>C\u00f3digo del Producto<\/h4>\n<p><strong>UTC-4510<\/strong>\u00a0\u00a0\u00a0\u00a0 \u00a0\u00a0\u00a0\u00a0\u00a0 Platina Superior (con ensamble de asiento esf\u00e9rico) de \u00d8:105 mm, Platina Inferior de \u00d8:105 mm, ASTM C39<br \/><strong>UTC-4511<\/strong>\u00a0\u00a0\u00a0\u00a0 \u00a0\u00a0\u00a0\u00a0\u00a0 Platina Superior (con ensamble de asiento esf\u00e9rico) de \u00d8:165 mm, Platina Inferior de \u00d8:165 mm, ASTM C39<br \/><strong>UTC-4512\u00a0<\/strong>\u00a0\u00a0\u00a0 \u00a0\u00a0\u00a0\u00a0\u00a0 Platina Superior (con ensamble de asiento esf\u00e9rico) de \u00d8:216 mm, Platina Inferior de \u00d8:216 mm, ASTM C39<br \/><strong>UTC-4513<\/strong>\u00a0\u00a0\u00a0\u00a0 \u00a0\u00a0\u00a0\u00a0\u00a0 Platina Superior (con ensamble de asiento esf\u00e9rico) de \u00d8:300 mm, Platina Inferior de \u00d8:300 mm, EN 12390-4<br \/><strong>UTC-4515<\/strong>\u00a0\u00a0\u00a0\u00a0 \u00a0\u00a0\u00a0\u00a0\u00a0 Platina Superior (con ensamble de asiento esf\u00e9rico) 310x500x38 mm, Platina Inferior 310x500x38 mm, EN 772-1<\/p>\n","protected":false},"featured_media":23967,"template":"","meta":{"_exactmetrics_skip_tracking":false,"_exactmetrics_sitenote_active":false,"_exactmetrics_sitenote_note":"","_exactmetrics_sitenote_category":0,"_monsterinsights_skip_tracking":false,"_monsterinsights_sitenote_active":false,"_monsterinsights_sitenote_note":"","_monsterinsights_sitenote_category":0},"product_brand":[],"product_cat":[369,366],"product_tag":[],"class_list":{"0":"post-23965","1":"product","2":"type-product","3":"status-publish","4":"has-post-thumbnail","6":"product_cat-concreto","7":"product_cat-utest","9":"first","10":"instock","11":"shipping-taxable","12":"product-type-simple","13":"col-xxl","14":"col-xl-4","15":"col-lg-6","16":"col-sm-6"},"_links":{"self":[{"href":"https:\/\/kpn.com.uy\/web\/wp-json\/wp\/v2\/product\/23965","targetHints":{"allow":["GET"]}}],"collection":[{"href":"https:\/\/kpn.com.uy\/web\/wp-json\/wp\/v2\/product"}],"about":[{"href":"https:\/\/kpn.com.uy\/web\/wp-json\/wp\/v2\/types\/product"}],"wp:featuredmedia":[{"embeddable":true,"href":"https:\/\/kpn.com.uy\/web\/wp-json\/wp\/v2\/media\/23967"}],"wp:attachment":[{"href":"https:\/\/kpn.com.uy\/web\/wp-json\/wp\/v2\/media?parent=23965"}],"wp:term":[{"taxonomy":"product_brand","embeddable":true,"href":"https:\/\/kpn.com.uy\/web\/wp-json\/wp\/v2\/product_brand?post=23965"},{"taxonomy":"product_cat","embeddable":true,"href":"https:\/\/kpn.com.uy\/web\/wp-json\/wp\/v2\/product_cat?post=23965"},{"taxonomy":"product_tag","embeddable":true,"href":"https:\/\/kpn.com.uy\/web\/wp-json\/wp\/v2\/product_tag?post=23965"}],"curies":[{"name":"wp","href":"https:\/\/api.w.org\/{rel}","templated":true}]}}