{"id":23976,"date":"2021-04-29T12:31:16","date_gmt":"2021-04-29T15:31:16","guid":{"rendered":"https:\/\/kpn.com.uy\/web\/?post_type=product&#038;p=23976"},"modified":"2021-04-29T12:32:09","modified_gmt":"2021-04-29T15:32:09","slug":"sistemas-2d-trimble","status":"publish","type":"product","link":"https:\/\/kpn.com.uy\/web\/producto\/sistemas-2d-trimble\/","title":{"rendered":"Sistemas 2D Trimble"},"content":{"rendered":"","protected":false},"excerpt":{"rendered":"<p>El sistema 2D de Trimble puede utilizarse para multitud de trabajos de obra variados, desde limpieza de terrenos, perfilado de cunetas, explanaciones, parkings, campos deportivos, etc. Dentro de los sistemas 2D de Trimble la opci\u00f3n en este caso es la siguiente:<\/p>\n<ul>\n<li>Equipo 2D l\u00e1ser<\/li>\n<\/ul>\n<p>El equipo l\u00e1ser puede ser combinado con la amplia gama de niveles l\u00e1ser. Este sistema le permitir\u00e1 realizar todo tipo de explanaciones, campos deportivos y agr\u00edcolas e infinidad de tareas de forma m\u00e1s precisa y r\u00e1pida.<\/p>\n[maxbutton id=\"1\" url=\"https:\/\/drive.google.com\/file\/d\/1eGj8IrcoVqC5ZlBIyfkxrFkRM0ee0Jyo\/view?usp=sharing\" text=\"DESCARGAR CAT\u00c1LOGO\" ]\n<p>&nbsp;<\/p>\n","protected":false},"featured_media":23977,"template":"","meta":{"_exactmetrics_skip_tracking":false,"_exactmetrics_sitenote_active":false,"_exactmetrics_sitenote_note":"","_exactmetrics_sitenote_category":0,"_monsterinsights_skip_tracking":false,"_monsterinsights_sitenote_active":false,"_monsterinsights_sitenote_note":"","_monsterinsights_sitenote_category":0},"product_brand":[],"product_cat":[371,93],"product_tag":[],"class_list":{"0":"post-23976","1":"product","2":"type-product","3":"status-publish","4":"has-post-thumbnail","6":"product_cat-buldozer","7":"product_cat-trimble","9":"first","10":"instock","11":"shipping-taxable","12":"product-type-simple","13":"col-xxl","14":"col-xl-4","15":"col-lg-6","16":"col-sm-6"},"_links":{"self":[{"href":"https:\/\/kpn.com.uy\/web\/wp-json\/wp\/v2\/product\/23976","targetHints":{"allow":["GET"]}}],"collection":[{"href":"https:\/\/kpn.com.uy\/web\/wp-json\/wp\/v2\/product"}],"about":[{"href":"https:\/\/kpn.com.uy\/web\/wp-json\/wp\/v2\/types\/product"}],"wp:featuredmedia":[{"embeddable":true,"href":"https:\/\/kpn.com.uy\/web\/wp-json\/wp\/v2\/media\/23977"}],"wp:attachment":[{"href":"https:\/\/kpn.com.uy\/web\/wp-json\/wp\/v2\/media?parent=23976"}],"wp:term":[{"taxonomy":"product_brand","embeddable":true,"href":"https:\/\/kpn.com.uy\/web\/wp-json\/wp\/v2\/product_brand?post=23976"},{"taxonomy":"product_cat","embeddable":true,"href":"https:\/\/kpn.com.uy\/web\/wp-json\/wp\/v2\/product_cat?post=23976"},{"taxonomy":"product_tag","embeddable":true,"href":"https:\/\/kpn.com.uy\/web\/wp-json\/wp\/v2\/product_tag?post=23976"}],"curies":[{"name":"wp","href":"https:\/\/api.w.org\/{rel}","templated":true}]}}