{"id":24018,"date":"2021-05-05T10:19:04","date_gmt":"2021-05-05T13:19:04","guid":{"rendered":"https:\/\/kpn.com.uy\/web\/?post_type=product&#038;p=24018"},"modified":"2021-05-05T10:19:45","modified_gmt":"2021-05-05T13:19:45","slug":"aba-analizador-de-ligante-de-asfalto","status":"publish","type":"product","link":"https:\/\/kpn.com.uy\/web\/producto\/aba-analizador-de-ligante-de-asfalto\/","title":{"rendered":"ABA, Analizador de Ligante de Asfalto"},"content":{"rendered":"<h4 class=\"wp-block-heading\">Est\u00e1ndares<\/h4><p>EN 12697-39; AASHTO TP53; ASTM D630<\/p><p>El UTEST ABA, Analizador de Ligante de Asfalto est\u00e1 usado para determinar el contenido del ligante de asfalto de mezclas asf\u00e1lticas\/bituminosas por el m\u00e9todo de p\u00e9rdida por ignici\u00f3n. El sistema combina un horno sofisticado y sistema de pesaje para medir continuamente la perdida de peso de una mezcla bituminosa durante combusti\u00f3n y calcula autom\u00e1ticamente su contenido ligante al terminar la prueba.<\/p><p><strong>HORNO Y POSTQUEMADOR<\/strong><\/p><ul class=\"wp-block-list\"><li>Sistema de calefacci\u00f3n de alta eficiencia con una c\u00e1mara postquemador para una combusti\u00f3n total de los gases de escape para minimizar emisiones para cumplir con las directivas EU.<\/li><li>Tama\u00f1o de la muestra hasta 4500 g para m\u00e1s resultados representados de pruebas<\/li><li>Potencia M\u00e1xima de 4,5 kW<\/li><li>Viene con dos charolas para muestras, pinzas para manejar la bandeja y canasta (jaula) de refrigeraci\u00f3n<\/li><\/ul><p><strong>HERRAMIENTAS<\/strong><\/p><ul class=\"wp-block-list\"><li>Microprocesador de 16 bits con una tarjeta CPU que controla el indicador de datos, temperatura, base de datos y funciones internas<\/li><li>Memoria grande permanente para guardar los resultados de las pruebas<\/li><li>Impresora de Serie, Montada, de 40 columnas<\/li><li>Sistema de Pesaje con una capacidad de 10000g, resoluci\u00f3n de 0.1 g y \u00b1 0.1 g de repetibilidad<\/li><li>Termorregulaci\u00f3n en Lazo Cerrado PID para ambos, horno y c\u00e1mara postquemador<\/li><li>Postquemador de 950 \u00baC, Temperatura del Horno fija a 540 \u00baC seg\u00fan el est\u00e1ndar<\/li><li>Indicador Digital TFT, Pantalla T\u00e1ctil, Resoluci\u00f3n de 800&#215;480, color de 65000<\/li><\/ul><p><strong>FIRMWARE<\/strong><\/p><ul class=\"wp-block-list\"><li>Comunicaci\u00f3n Bidireccional en Tiempo Real con el Sistema de Pesaje<\/li><li>Men\u00fa de Configuraci\u00f3n de prueba con par\u00e1metros f\u00edsicos y descriptivos de la muestra (peso inicial, porcentaje de p\u00e9rdida de peso, factor de correci\u00f3n)<\/li><li>Men\u00fa de Calibraci\u00f3n para verificar y poner la calibraci\u00f3n de temperatura y peso para posible control manual del rendimiento de la prueba<\/li><li>Men\u00fa del Rendimiento de la prueba con indicaciones simult\u00e1neas de todos los datos de las pruebas<\/li><li>Base de Datos Internos para hasta 100 pruebas<\/li><\/ul><p><strong>CARACTERISTICAS DE SEGURIDAD<\/strong><\/p><ul class=\"wp-block-list\"><li>Cierre Autom\u00e1tico con Candado despu\u00e9s de 150 \u00baC<\/li><li>Monitoreo Autom\u00e1tico de la Puerta Cerrada antes de iniciar la prueba<\/li><\/ul><p><em>El UTEST ABA, Analizador de Ligante de Asfalto viene con;<\/em><\/p><ul class=\"wp-block-list\"><li><em>Doble Canasta para Muestras con Cubierta de Seguridad<\/em><\/li><li><em>Pinzas para Extracci\u00f3n<\/em><\/li><\/ul><figure class=\"wp-block-image size-large\"><img decoding=\"async\" width=\"374\" height=\"77\" src=\"https:\/\/kpn.com.uy\/web\/wp-content\/uploads\/2021\/05\/Captura-8.jpg\" alt=\"\" class=\"wp-image-24019\" srcset=\"https:\/\/kpn.com.uy\/web\/wp-content\/uploads\/2021\/05\/Captura-8.jpg 374w, https:\/\/kpn.com.uy\/web\/wp-content\/uploads\/2021\/05\/Captura-8-100x21.jpg 100w, https:\/\/kpn.com.uy\/web\/wp-content\/uploads\/2021\/05\/Captura-8-200x41.jpg 200w, https:\/\/kpn.com.uy\/web\/wp-content\/uploads\/2021\/05\/Captura-8-300x62.jpg 300w\" sizes=\"(max-width: 374px) 100vw, 374px\" \/><\/figure>","protected":false},"excerpt":{"rendered":"<h4>C\u00f3digo del Producto<\/h4>\n<p><strong>UTAS-0039<\/strong>\u00a0\u00a0\u00a0\u00a0\u00a0\u00a0\u00a0\u00a0 ABA, Analizador de Ligante de Asfalto, 380 V<\/p>\n","protected":false},"featured_media":24020,"template":"","meta":{"_exactmetrics_skip_tracking":false,"_exactmetrics_sitenote_active":false,"_exactmetrics_sitenote_note":"","_exactmetrics_sitenote_category":0,"_monsterinsights_skip_tracking":false,"_monsterinsights_sitenote_active":false,"_monsterinsights_sitenote_note":"","_monsterinsights_sitenote_category":0},"product_brand":[],"product_cat":[372,366],"product_tag":[],"class_list":{"0":"post-24018","1":"product","2":"type-product","3":"status-publish","4":"has-post-thumbnail","6":"product_cat-asfalto","7":"product_cat-utest","9":"first","10":"instock","11":"shipping-taxable","12":"product-type-simple","13":"col-xxl","14":"col-xl-4","15":"col-lg-6","16":"col-sm-6"},"_links":{"self":[{"href":"https:\/\/kpn.com.uy\/web\/wp-json\/wp\/v2\/product\/24018","targetHints":{"allow":["GET"]}}],"collection":[{"href":"https:\/\/kpn.com.uy\/web\/wp-json\/wp\/v2\/product"}],"about":[{"href":"https:\/\/kpn.com.uy\/web\/wp-json\/wp\/v2\/types\/product"}],"wp:featuredmedia":[{"embeddable":true,"href":"https:\/\/kpn.com.uy\/web\/wp-json\/wp\/v2\/media\/24020"}],"wp:attachment":[{"href":"https:\/\/kpn.com.uy\/web\/wp-json\/wp\/v2\/media?parent=24018"}],"wp:term":[{"taxonomy":"product_brand","embeddable":true,"href":"https:\/\/kpn.com.uy\/web\/wp-json\/wp\/v2\/product_brand?post=24018"},{"taxonomy":"product_cat","embeddable":true,"href":"https:\/\/kpn.com.uy\/web\/wp-json\/wp\/v2\/product_cat?post=24018"},{"taxonomy":"product_tag","embeddable":true,"href":"https:\/\/kpn.com.uy\/web\/wp-json\/wp\/v2\/product_tag?post=24018"}],"curies":[{"name":"wp","href":"https:\/\/api.w.org\/{rel}","templated":true}]}}