{"id":24053,"date":"2021-05-11T13:21:06","date_gmt":"2021-05-11T16:21:06","guid":{"rendered":"https:\/\/kpn.com.uy\/web\/?post_type=product&#038;p=24053"},"modified":"2021-05-21T13:07:18","modified_gmt":"2021-05-21T16:07:18","slug":"software-agrocad","status":"publish","type":"product","link":"https:\/\/kpn.com.uy\/web\/producto\/software-agrocad\/","title":{"rendered":"Software agrocad"},"content":{"rendered":"","protected":false},"excerpt":{"rendered":"<p>Agrocad es la soluci\u00f3n completa en proyectos para Agricultura de Precisi\u00f3n, que busca integrar y dirigir CAD, topograf\u00eda y herramientas de geoprocesamiento con el objetivo de incrementar sustancialmente la productividad mediante el pleno aprovechamiento de los recursos naturales y tecnol\u00f3gicos disponibles.<\/p>\n[embed]https:\/\/youtu.be\/Zxd2cPGP98A[\/embed]\n[video width=\"480\" height=\"360\" mp4=\"https:\/\/kpn.com.uy\/web\/wp-content\/uploads\/2021\/05\/Iguacu-JD-Video-Promocional.mp4\"][\/video]\n","protected":false},"featured_media":23906,"template":"","meta":{"_exactmetrics_skip_tracking":false,"_exactmetrics_sitenote_active":false,"_exactmetrics_sitenote_note":"","_exactmetrics_sitenote_category":0,"_monsterinsights_skip_tracking":false,"_monsterinsights_sitenote_active":false,"_monsterinsights_sitenote_note":"","_monsterinsights_sitenote_category":0},"product_brand":[],"product_cat":[377],"product_tag":[],"class_list":{"0":"post-24053","1":"product","2":"type-product","3":"status-publish","4":"has-post-thumbnail","6":"product_cat-agricultura-programas-cad","8":"first","9":"instock","10":"shipping-taxable","11":"product-type-simple","12":"col-xxl","13":"col-xl-4","14":"col-lg-6","15":"col-sm-6"},"_links":{"self":[{"href":"https:\/\/kpn.com.uy\/web\/wp-json\/wp\/v2\/product\/24053","targetHints":{"allow":["GET"]}}],"collection":[{"href":"https:\/\/kpn.com.uy\/web\/wp-json\/wp\/v2\/product"}],"about":[{"href":"https:\/\/kpn.com.uy\/web\/wp-json\/wp\/v2\/types\/product"}],"wp:featuredmedia":[{"embeddable":true,"href":"https:\/\/kpn.com.uy\/web\/wp-json\/wp\/v2\/media\/23906"}],"wp:attachment":[{"href":"https:\/\/kpn.com.uy\/web\/wp-json\/wp\/v2\/media?parent=24053"}],"wp:term":[{"taxonomy":"product_brand","embeddable":true,"href":"https:\/\/kpn.com.uy\/web\/wp-json\/wp\/v2\/product_brand?post=24053"},{"taxonomy":"product_cat","embeddable":true,"href":"https:\/\/kpn.com.uy\/web\/wp-json\/wp\/v2\/product_cat?post=24053"},{"taxonomy":"product_tag","embeddable":true,"href":"https:\/\/kpn.com.uy\/web\/wp-json\/wp\/v2\/product_tag?post=24053"}],"curies":[{"name":"wp","href":"https:\/\/api.w.org\/{rel}","templated":true}]}}