{"id":24219,"date":"2021-07-08T11:33:17","date_gmt":"2021-07-08T14:33:17","guid":{"rendered":"https:\/\/kpn.com.uy\/web\/?post_type=product&#038;p=24219"},"modified":"2021-07-30T12:12:23","modified_gmt":"2021-07-30T15:12:23","slug":"tekla-2021","status":"publish","type":"product","link":"https:\/\/kpn.com.uy\/web\/producto\/tekla-2021\/","title":{"rendered":"Tekla 2021"},"content":{"rendered":"<h3 class=\"wp-block-heading\">Desde el dise\u00f1o hasta la realidad<\/h3><p>Tekla Structures es un software 3D inteligente y se convierte en el coraz\u00f3n del proceso de construcci\u00f3n digital. Desde el dise\u00f1o conceptual hasta la realidad, la colaboraci\u00f3n entre personas y la tecnolog\u00eda nunca ha sido m\u00e1s eficiente y gratificante.<\/p>","protected":false},"excerpt":{"rendered":"<div class=\"field field--name-field-secondary-title field--type-text field--label-hidden\">\n<div class=\"field__items\">\n<h3 class=\"field__item even\">Software BIM para la industria de la construcci\u00f3n<\/h3>\n<\/div>\n<\/div>\n<div class=\"field field--name-title field--type-ds field--label-hidden\">\n<div class=\"field__items\">\n<div class=\"field__item even\">\n<h3>Control Completo del Flujo de Trabajo en sus Manos<\/h3>\n[maxbutton id=\"1\" url=\"https:\/\/teklastructures.support.tekla.com\/system\/files\/document_attachments\/TS_GEM_2021_es_Familiarizarse_con_Tekla_Structures.pdf\" ]\n<\/div>\n<\/div>\n<\/div>\n","protected":false},"featured_media":24220,"template":"","meta":{"_exactmetrics_skip_tracking":false,"_exactmetrics_sitenote_active":false,"_exactmetrics_sitenote_note":"","_exactmetrics_sitenote_category":0,"_monsterinsights_skip_tracking":false,"_monsterinsights_sitenote_active":false,"_monsterinsights_sitenote_note":"","_monsterinsights_sitenote_category":0},"product_brand":[],"product_cat":[385,289,93],"product_tag":[],"class_list":{"0":"post-24219","1":"product","2":"type-product","3":"status-publish","4":"has-post-thumbnail","6":"product_cat-software-bim-rubros","7":"product_cat-software-arquitectura","8":"product_cat-trimble","10":"first","11":"instock","12":"shipping-taxable","13":"product-type-simple","14":"col-xxl","15":"col-xl-4","16":"col-lg-6","17":"col-sm-6"},"_links":{"self":[{"href":"https:\/\/kpn.com.uy\/web\/wp-json\/wp\/v2\/product\/24219","targetHints":{"allow":["GET"]}}],"collection":[{"href":"https:\/\/kpn.com.uy\/web\/wp-json\/wp\/v2\/product"}],"about":[{"href":"https:\/\/kpn.com.uy\/web\/wp-json\/wp\/v2\/types\/product"}],"wp:featuredmedia":[{"embeddable":true,"href":"https:\/\/kpn.com.uy\/web\/wp-json\/wp\/v2\/media\/24220"}],"wp:attachment":[{"href":"https:\/\/kpn.com.uy\/web\/wp-json\/wp\/v2\/media?parent=24219"}],"wp:term":[{"taxonomy":"product_brand","embeddable":true,"href":"https:\/\/kpn.com.uy\/web\/wp-json\/wp\/v2\/product_brand?post=24219"},{"taxonomy":"product_cat","embeddable":true,"href":"https:\/\/kpn.com.uy\/web\/wp-json\/wp\/v2\/product_cat?post=24219"},{"taxonomy":"product_tag","embeddable":true,"href":"https:\/\/kpn.com.uy\/web\/wp-json\/wp\/v2\/product_tag?post=24219"}],"curies":[{"name":"wp","href":"https:\/\/api.w.org\/{rel}","templated":true}]}}