{"id":24229,"date":"2021-07-30T11:50:53","date_gmt":"2021-07-30T14:50:53","guid":{"rendered":"https:\/\/kpn.com.uy\/web\/?post_type=product&#038;p=24229"},"modified":"2021-07-30T11:57:12","modified_gmt":"2021-07-30T14:57:12","slug":"spectra-geospatial","status":"publish","type":"product","link":"https:\/\/kpn.com.uy\/web\/producto\/spectra-geospatial\/","title":{"rendered":"Spectra Geospatial"},"content":{"rendered":"<p>El software de campo Spectra Geospatial Origin es el software nuevo y moderno que los top\u00f3grafos profesionales necesitan para manejar una amplia gama de proyectos de manera r\u00e1pida y eficiente.\u00a0Origin, intuitivo y confiable, ofrece una amplia gama de funciones, que incluyen codificaci\u00f3n de funciones f\u00e1cil de usar con un solo toque, potente c\u00f3mputo COGO, administrador de capas de mapas y flujos de trabajo centrados en mapas para la medici\u00f3n y el replanteo.\u00a0Spectra Geospatial Origin es compatible con los sistemas operativos Windows y Android.\u00a0Conecte Origin a receptores GNSS o instrumentos rob\u00f3ticos o mec\u00e1nicos, o maximice las ventajas de GNSS y convencional en un levantamiento integrado.\u00a0Conf\u00ede en \u00e9l para satisfacer sus necesidades de hoy y preparar su negocio para el futuro con el dise\u00f1o y la tecnolog\u00eda de vanguardia que desear\u00e1 ma\u00f1ana<\/p><h5 class=\"wp-block-heading\">Funciones para hoy y ma\u00f1ana<\/h5><ul class=\"wp-block-list\"><li>Software de levantamiento de campo moderno y f\u00e1cil de usar<\/li><li>Admite dispositivos Spectra Geospatial Android * y Windows<\/li><li>Soporte completo para una amplia gama de instrumentos, incluidos instrumentos mec\u00e1nicos y rob\u00f3ticos, as\u00ed como receptores GNSS<\/li><li>Replanteo con todas las funciones, incluidos puntos, l\u00edneas, arcos y polil\u00edneas<\/li><li>Herramientas de medici\u00f3n avanzadas como c\u00f3digos de medici\u00f3n para una colecci\u00f3n de atributos y caracter\u00edsticas topogr\u00e1ficas simple y r\u00e1pida<\/li><li>Conectividad en la nube para la transferencia de datos y la comunicaci\u00f3n entre el campo y la oficina.<\/li><li>Tecnolog\u00eda topogr\u00e1fica integrada para permitir flujos de trabajo \u00f3pticos y GNSS en el mismo trabajo, incluso admitiendo conexiones simult\u00e1neas a la estaci\u00f3n total y al receptor GNSS<\/li><li>Visualizaciones de mapas modernas con soporte para DXF, LandXML, WMS, JPG y muchos m\u00e1s archivos de mapas<\/li><li>COGO intuitivo directamente en el mapa utilizando datos en el trabajo o archivos de mapas relacionados<\/li><\/ul>","protected":false},"excerpt":{"rendered":"<h2><span>Origen LT<\/span><\/h2>\n<p><span>Spectra Geospatial Origin LT es un nuevo software de campo de nivel de entrada para estaciones totales mec\u00e1nicas y SP60 GNSS, capaz de ejecutarse tanto en Android como en Windows 10.<\/span><\/p>\n","protected":false},"featured_media":24230,"template":"","meta":{"_exactmetrics_skip_tracking":false,"_exactmetrics_sitenote_active":false,"_exactmetrics_sitenote_note":"","_exactmetrics_sitenote_category":0,"_monsterinsights_skip_tracking":false,"_monsterinsights_sitenote_active":false,"_monsterinsights_sitenote_note":"","_monsterinsights_sitenote_category":0},"product_brand":[],"product_cat":[381,315],"product_tag":[],"class_list":{"0":"post-24229","1":"product","2":"type-product","3":"status-publish","4":"has-post-thumbnail","6":"product_cat-software-de-campo","7":"product_cat-spectra-geospatial","9":"first","10":"instock","11":"shipping-taxable","12":"product-type-simple","13":"col-xxl","14":"col-xl-4","15":"col-lg-6","16":"col-sm-6"},"_links":{"self":[{"href":"https:\/\/kpn.com.uy\/web\/wp-json\/wp\/v2\/product\/24229","targetHints":{"allow":["GET"]}}],"collection":[{"href":"https:\/\/kpn.com.uy\/web\/wp-json\/wp\/v2\/product"}],"about":[{"href":"https:\/\/kpn.com.uy\/web\/wp-json\/wp\/v2\/types\/product"}],"wp:featuredmedia":[{"embeddable":true,"href":"https:\/\/kpn.com.uy\/web\/wp-json\/wp\/v2\/media\/24230"}],"wp:attachment":[{"href":"https:\/\/kpn.com.uy\/web\/wp-json\/wp\/v2\/media?parent=24229"}],"wp:term":[{"taxonomy":"product_brand","embeddable":true,"href":"https:\/\/kpn.com.uy\/web\/wp-json\/wp\/v2\/product_brand?post=24229"},{"taxonomy":"product_cat","embeddable":true,"href":"https:\/\/kpn.com.uy\/web\/wp-json\/wp\/v2\/product_cat?post=24229"},{"taxonomy":"product_tag","embeddable":true,"href":"https:\/\/kpn.com.uy\/web\/wp-json\/wp\/v2\/product_tag?post=24229"}],"curies":[{"name":"wp","href":"https:\/\/api.w.org\/{rel}","templated":true}]}}