{"id":24486,"date":"2022-07-20T13:35:42","date_gmt":"2022-07-20T16:35:42","guid":{"rendered":"https:\/\/kpn.com.uy\/web\/?post_type=product&#038;p=24486"},"modified":"2022-07-20T13:41:56","modified_gmt":"2022-07-20T16:41:56","slug":"trimble-da2","status":"publish","type":"product","link":"https:\/\/kpn.com.uy\/web\/producto\/trimble-da2\/","title":{"rendered":"Trimble DA2"},"content":{"rendered":"<div class=\"wp-block-buttons is-layout-flex wp-block-buttons-is-layout-flex\"><div class=\"wp-block-button\"><a class=\"wp-block-button__link\" href=\"https:\/\/drive.google.com\/file\/d\/1PwDBVr174ZPs3Fz22lgSQNVvRwO58fC5\/view?usp=sharing\">VER HOJA DE DATOS<\/a><\/div><\/div><h2 class=\"wp-block-heading\">Rendimiento profesional<\/h2><ul class=\"wp-block-list\"><li>Dise\u00f1ado a medida e impulsado por la tecnolog\u00eda Trimble ProPoint\u2122 GNSS.<\/li><li>Compatible con bandas m\u00faltiples de todos los sistemas de constelaciones satelitales GNSS regionales y mundiales: GPS, GLONASS, Galileo, BeiDou, QZSS, NavIC\/IRNSS, SBAS, MSS\/Banda L.<\/li><li>Excelente estabilidad de centro de fase y un rechazo s\u00f3lido del error por trayectoria m\u00faltiple en entornos GNSS dif\u00edciles.<\/li><\/ul><h2 class=\"wp-block-heading\">Liviano y conveniente<\/h2><ul class=\"wp-block-list\"><li>El receptor GNSS compatible con RTK m\u00e1s peque\u00f1o y liviano de Trimble: con tan solo 330g de peso, el DA2 es lo suficientemente peque\u00f1o para llevarse a cualquier parte.<\/li><li>Conexi\u00f3n Bluetooth\u00ae simple a dispositivos Android e iOS.<\/li><li>Se alimenta en el campo mediante un banco de energ\u00eda USB est\u00e1ndar o cualquier dispositivo de campo equipado con USB-C.<\/li><li>M\u00faltiples opciones de montaje, que incluyen accesorios topogr\u00e1ficos est\u00e1ndar de tama\u00f1o 5\/8&#215;11, o mediante el sistema de ajuste a presi\u00f3n dise\u00f1ado a medida de Trimble.<\/li><li>Use el\u00a0mango accesorio de Catalyst\u00a0y transforme cualquier tel\u00e9fono o tableta en un sistema de posicionamiento port\u00e1tilcon calidad de Trimble<\/li><\/ul><h2 class=\"wp-block-heading\">Posicionamiento simple y preciso<\/h2><ul class=\"wp-block-list\"><li>DA2 est\u00e1 dise\u00f1ado a medida para el\u00a0servicio de posicionamiento Trimble Catalyst, lo que simplifica su acceso a flujos de trabajo de posicionamiento precisos.<\/li><li>Compatible con cualquiera de los niveles de suscripci\u00f3n del servicio Catalyst, se puede utilizar un receptor para cada flujo de trabajo:\u00a060 cm, 30 cm, 10 cm, 1 cm. Usted elije el nivel de exactitud adecuado a su trabajo, y Catalyst se encarga del resto.<\/li><li>El Centro de Correcciones de Trimble ofrece servicios de correcci\u00f3n ininterrumpidos en todo el mundo, con conexi\u00f3n a internet o sin ella, para todos los suscriptores de Catalyst.<\/li><\/ul><figure class=\"wp-block-embed is-type-video is-provider-youtube wp-block-embed-youtube wp-embed-aspect-16-9 wp-has-aspect-ratio\"><div class=\"wp-block-embed__wrapper\">\n<iframe title=\"Introducing Trimble Catalyst DA2 GNSS System\" width=\"1136\" height=\"639\" src=\"https:\/\/www.youtube.com\/embed\/yq3WI6-UZDE?feature=oembed\" frameborder=\"0\" allow=\"accelerometer; autoplay; clipboard-write; encrypted-media; gyroscope; picture-in-picture\" allowfullscreen><\/iframe>\n<\/div><\/figure>","protected":false},"excerpt":{"rendered":"<p><!-- wp:paragraph --><\/p>\n<p>El Trimble DA2 GNSS es el receptor de \u00faltima generaci\u00f3n del servicio de posicionamiento Trimble Catalyst GNSS.<\/p>\n<p><!-- \/wp:paragraph --><\/p>\n<p><!-- wp:paragraph --><\/p>\n<p>El rendimiento del receptor DA2 se adapta a su tipo de suscripci\u00f3n al servicio Trimble Catalyst para proporcionar una exactitud centim\u00e9trica a subm\u00e9trica a aplicaciones de campo y flujos de trabajo Android\u2122 e iOS habilitadas para el servicio de ubicaci\u00f3n<\/p>\n<p><!-- \/wp:paragraph --><\/p>\n","protected":false},"featured_media":24487,"template":"","meta":{"_exactmetrics_skip_tracking":false,"_exactmetrics_sitenote_active":false,"_exactmetrics_sitenote_note":"","_exactmetrics_sitenote_category":0,"_monsterinsights_skip_tracking":false,"_monsterinsights_sitenote_active":false,"_monsterinsights_sitenote_note":"","_monsterinsights_sitenote_category":0},"product_brand":[],"product_cat":[275,93],"product_tag":[],"class_list":{"0":"post-24486","1":"product","2":"type-product","3":"status-publish","4":"has-post-thumbnail","6":"product_cat-gnss-topograficos","7":"product_cat-trimble","9":"first","10":"instock","11":"shipping-taxable","12":"product-type-simple","13":"col-xxl","14":"col-xl-4","15":"col-lg-6","16":"col-sm-6"},"_links":{"self":[{"href":"https:\/\/kpn.com.uy\/web\/wp-json\/wp\/v2\/product\/24486","targetHints":{"allow":["GET"]}}],"collection":[{"href":"https:\/\/kpn.com.uy\/web\/wp-json\/wp\/v2\/product"}],"about":[{"href":"https:\/\/kpn.com.uy\/web\/wp-json\/wp\/v2\/types\/product"}],"wp:featuredmedia":[{"embeddable":true,"href":"https:\/\/kpn.com.uy\/web\/wp-json\/wp\/v2\/media\/24487"}],"wp:attachment":[{"href":"https:\/\/kpn.com.uy\/web\/wp-json\/wp\/v2\/media?parent=24486"}],"wp:term":[{"taxonomy":"product_brand","embeddable":true,"href":"https:\/\/kpn.com.uy\/web\/wp-json\/wp\/v2\/product_brand?post=24486"},{"taxonomy":"product_cat","embeddable":true,"href":"https:\/\/kpn.com.uy\/web\/wp-json\/wp\/v2\/product_cat?post=24486"},{"taxonomy":"product_tag","embeddable":true,"href":"https:\/\/kpn.com.uy\/web\/wp-json\/wp\/v2\/product_tag?post=24486"}],"curies":[{"name":"wp","href":"https:\/\/api.w.org\/{rel}","templated":true}]}}