{"id":24517,"date":"2022-08-04T16:55:39","date_gmt":"2022-08-04T19:55:39","guid":{"rendered":"https:\/\/kpn.com.uy\/web\/?post_type=product&#038;p=24517"},"modified":"2026-02-04T11:17:26","modified_gmt":"2026-02-04T14:17:26","slug":"bricscad-v26","status":"publish","type":"product","link":"https:\/\/kpn.com.uy\/web\/producto\/bricscad-v26\/","title":{"rendered":"BricsCAD V26"},"content":{"rendered":"<p>BricsCAD V26 es una plataforma de dise\u00f1o CAD compatible de forma nativa con archivos <strong data-start=\"270\" data-end=\"278\">.DWG<\/strong>, pensada para profesionales que buscan alto rendimiento, precisi\u00f3n y eficiencia en un \u00fanico entorno de trabajo. Integra herramientas para dibujo 2D, modelado 3D, dise\u00f1o mec\u00e1nico y BIM, optimizando los flujos de trabajo t\u00e9cnicos.<\/p>\n<p data-start=\"365\" data-end=\"700\">Su tecnolog\u00eda basada en <strong data-start=\"389\" data-end=\"412\">IA y automatizaci\u00f3n<\/strong> optimiza tareas repetitivas, acelera procesos de modelado y mejora la productividad en dibujo 2D, modelado 3D, dise\u00f1o mec\u00e1nico y BIM. BricsCAD ofrece herramientas avanzadas con una interfaz familiar, reduciendo tiempos de aprendizaje y facilitando la transici\u00f3n desde otros entornos CAD.<\/p>\n<p data-start=\"702\" data-end=\"935\">Con un rendimiento \u00e1gil, licenciamiento flexible y m\u00faltiples disciplinas en una sola plataforma, <strong data-start=\"799\" data-end=\"815\">BricsCAD V26<\/strong> es una soluci\u00f3n robusta, moderna y rentable para profesionales de arquitectura, ingenier\u00eda, construcci\u00f3n y manufactura.<\/p>\n<p data-start=\"509\" data-end=\"540\"><strong data-start=\"509\" data-end=\"540\">Caracter\u00edsticas principales<\/strong><\/p>\n<ul data-start=\"542\" data-end=\"946\">\n<li data-start=\"542\" data-end=\"581\">\n<p data-start=\"544\" data-end=\"581\">Compatibilidad nativa con <strong data-start=\"572\" data-end=\"579\">DWG<\/strong><\/p>\n<\/li>\n<li data-start=\"582\" data-end=\"658\">\n<p data-start=\"584\" data-end=\"658\">Funciones de <strong data-start=\"600\" data-end=\"623\">IA y automatizaci\u00f3n<\/strong> para acelerar tareas repetitivas<\/p>\n<\/li>\n<li data-start=\"659\" data-end=\"696\">\n<p data-start=\"661\" data-end=\"696\">Dibujo t\u00e9cnico <strong data-start=\"679\" data-end=\"685\">2D<\/strong> avanzado<\/p>\n<\/li>\n<li data-start=\"697\" data-end=\"739\">\n<p data-start=\"699\" data-end=\"739\">Modelado s\u00f3lido y directo en <strong data-start=\"731\" data-end=\"737\">3D<\/strong><\/p>\n<\/li>\n<li data-start=\"740\" data-end=\"791\">\n<p data-start=\"742\" data-end=\"791\">Herramientas para flujos de trabajo <strong data-start=\"782\" data-end=\"789\">BIM<\/strong><\/p>\n<\/li>\n<li data-start=\"792\" data-end=\"845\">\n<p data-start=\"794\" data-end=\"845\">Interfaz familiar y curva de aprendizaje corta<\/p>\n<\/li>\n<li data-start=\"846\" data-end=\"890\">\n<p data-start=\"848\" data-end=\"890\">Alto rendimiento con archivos pesados<\/p>\n<\/li>\n<li data-start=\"846\" data-end=\"890\">\n<p data-start=\"848\" data-end=\"890\">\u00a0Integraci\u00f3n sencilla con procesos CAD existentes<\/p>\n<\/li>\n<\/ul>\n<p data-start=\"948\" data-end=\"962\"><strong data-start=\"948\" data-end=\"962\">Beneficios<\/strong><\/p>\n<ul data-start=\"964\" data-end=\"1161\">\n<li data-start=\"964\" data-end=\"1003\">\n<p data-start=\"966\" data-end=\"1003\">Mayor productividad en menos tiempo<\/p>\n<\/li>\n<li data-start=\"1004\" data-end=\"1050\">\n<p data-start=\"1006\" data-end=\"1050\">Reducci\u00f3n de errores en procesos de dise\u00f1o<\/p>\n<\/li>\n<li data-start=\"1051\" data-end=\"1098\">\n<p data-start=\"1053\" data-end=\"1098\">Un solo software para m\u00faltiples disciplinas<\/p>\n<\/li>\n<li data-start=\"1099\" data-end=\"1161\">\n<p data-start=\"1101\" data-end=\"1161\">Soluci\u00f3n robusta y rentable frente a otras plataformas CAD<\/p>\n<\/li>\n<\/ul>\n<p data-start=\"1163\" data-end=\"1249\"><strong data-start=\"1163\" data-end=\"1177\">Ideal para<\/strong><br data-start=\"1177\" data-end=\"1180\" \/>Arquitectura, ingenier\u00eda, construcci\u00f3n, manufactura y dise\u00f1o t\u00e9cnico.<\/p>\n","protected":false},"excerpt":{"rendered":"<h4>\u00a1La \u00falltima versi\u00f3n ya est\u00e1 disponible!<\/h4>\n<p><strong>Software CAD profesional 2D y 3D con tecnolog\u00eda de automatizaci\u00f3n inteligente<\/strong><\/p>\n","protected":false},"featured_media":25294,"template":"","meta":{"_exactmetrics_skip_tracking":false,"_exactmetrics_sitenote_active":false,"_exactmetrics_sitenote_note":"","_exactmetrics_sitenote_category":0,"_monsterinsights_skip_tracking":false,"_monsterinsights_sitenote_active":false,"_monsterinsights_sitenote_note":"","_monsterinsights_sitenote_category":0},"product_brand":[],"product_cat":[258,297,406,386,385,289],"product_tag":[],"class_list":{"0":"post-24517","1":"product","2":"type-product","3":"status-publish","4":"has-post-thumbnail","6":"product_cat-arquitectura","7":"product_cat-bim","8":"product_cat-bricscad","9":"product_cat-scan-to-bim","10":"product_cat-software-bim-rubros","11":"product_cat-software-arquitectura","13":"first","14":"instock","15":"shipping-taxable","16":"product-type-simple","17":"col-xxl","18":"col-xl-4","19":"col-lg-6","20":"col-sm-6"},"_links":{"self":[{"href":"https:\/\/kpn.com.uy\/web\/wp-json\/wp\/v2\/product\/24517","targetHints":{"allow":["GET"]}}],"collection":[{"href":"https:\/\/kpn.com.uy\/web\/wp-json\/wp\/v2\/product"}],"about":[{"href":"https:\/\/kpn.com.uy\/web\/wp-json\/wp\/v2\/types\/product"}],"wp:featuredmedia":[{"embeddable":true,"href":"https:\/\/kpn.com.uy\/web\/wp-json\/wp\/v2\/media\/25294"}],"wp:attachment":[{"href":"https:\/\/kpn.com.uy\/web\/wp-json\/wp\/v2\/media?parent=24517"}],"wp:term":[{"taxonomy":"product_brand","embeddable":true,"href":"https:\/\/kpn.com.uy\/web\/wp-json\/wp\/v2\/product_brand?post=24517"},{"taxonomy":"product_cat","embeddable":true,"href":"https:\/\/kpn.com.uy\/web\/wp-json\/wp\/v2\/product_cat?post=24517"},{"taxonomy":"product_tag","embeddable":true,"href":"https:\/\/kpn.com.uy\/web\/wp-json\/wp\/v2\/product_tag?post=24517"}],"curies":[{"name":"wp","href":"https:\/\/api.w.org\/{rel}","templated":true}]}}