{"id":25020,"date":"2025-02-07T14:44:35","date_gmt":"2025-02-07T17:44:35","guid":{"rendered":"https:\/\/kpn.com.uy\/web\/?post_type=product&#038;p=25020"},"modified":"2025-07-22T11:12:33","modified_gmt":"2025-07-22T14:12:33","slug":"iris-go","status":"publish","type":"product","link":"https:\/\/kpn.com.uy\/web\/producto\/iris-go\/","title":{"rendered":"Iris Go"},"content":{"rendered":"<div class=\"elementor-element elementor-element-2a5cf929 elementor-widget elementor-widget-heading\" data-id=\"2a5cf929\" data-element_type=\"widget\" data-widget_type=\"heading.default\">\n<div class=\"elementor-widget-container\">\n<h3 class=\"elementor-heading-title elementor-size-default\"><span>Caracter\u00edsticas<\/span><\/h3>\n<\/div>\n<\/div>\n<div class=\"elementor-element elementor-element-bbf1109 elementor-widget elementor-widget-text-editor\" data-id=\"bbf1109\" data-element_type=\"widget\" data-widget_type=\"text-editor.default\">\n<div class=\"elementor-widget-container\">\n<div class=\"et_pb_blurb_description\">\n<div class=\"et_pb_blurb_description\">\n<ul>\n<li>Las mismas potentes capacidades de creaci\u00f3n de perfiles, en un paquete port\u00e1til y f\u00e1cil de transportar<\/li>\n<li>El sistema se empaqueta en un resistente estuche Pelican para env\u00edo por tierra o aire.<\/li>\n<li>Mide el perfil longitudinal en cada trayectoria de rueda.<\/li>\n<li>Calcula la suavidad\/rugosidad del pavimento seg\u00fan los est\u00e1ndares de la industria.<\/li>\n<li>Disponible en m\u00faltiples configuraciones l\u00e1ser de 1 a 3 l\u00e1seres.<\/li>\n<li>Sistema de detecci\u00f3n de objetivos reflectantes<\/li>\n<li>GPS Garmin<\/li>\n<li>Teclado de eventos opcional de 20 teclas<\/li>\n<li>Im\u00e1genes opcionales de derecho de paso (c\u00e1mara Basler)<\/li>\n<\/ul>\n<div class=\"elementor-element elementor-element-74fb49af elementor-widget elementor-widget-heading\" data-id=\"74fb49af\" data-element_type=\"widget\" data-widget_type=\"heading.default\">\n<div class=\"elementor-widget-container\">\n<h3 class=\"elementor-heading-title elementor-size-default\"><span>Capacidades de medici\u00f3n<\/span><\/h3>\n<\/div>\n<\/div>\n<div class=\"elementor-element elementor-element-4e7b6061 elementor-widget elementor-widget-text-editor\" data-id=\"4e7b6061\" data-element_type=\"widget\" data-widget_type=\"text-editor.default\">\n<div class=\"elementor-widget-container\">\n<div class=\"et_pb_blurb_description\">\n<div class=\"et_pb_blurb_description\">\n<div class=\"et_pb_blurb_description\">\n<ul>\n<li><span>\u00cdndice de rugosidad internacional (IRI)<\/span><\/li>\n<li><span>\u00cdndice de perfil\u00f3grafo (PrI), a veces llamado \u00edndice de perfil (PI)<\/span><\/li>\n<li><span>N\u00famero de viaje (RN)<\/span><\/li>\n<li><span>\u00cdndice de impacto de Boeing<\/span><\/li>\n<li><span>Las correlaciones cruzadas entre m\u00faltiples ejecuciones suelen ser superiores a 0,97<\/span><\/li>\n<li><span>Elevaci\u00f3n bruta<\/span><\/li>\n<li><span>Elevaci\u00f3n filtrada de paso alto con longitud de onda de corte especificada por el usuario<\/span><\/li>\n<li><span>Lecturas l\u00e1ser sin procesar y alturas de referencia inercial derivadas del aceler\u00f3metro<\/span><\/li>\n<li><span>Rodeo de 3 puntos (con 3 sistemas l\u00e1ser)<\/span><\/li>\n<li><span>Grabar im\u00e1genes en formato JPG o MP4 (con c\u00e1mara Basler disponible)<\/span><\/li>\n<li><span>Activar c\u00e1maras a intervalos de distancia fijos especificados por el usuario (con c\u00e1mara opcional)<\/span><\/li>\n<\/ul>\n<\/div>\n<\/div>\n<\/div>\n<\/div>\n<\/div>\n<\/div>\n<\/div>\n<\/div>\n<\/div>\n","protected":false},"excerpt":{"rendered":"<p><span>Los perfiladores ICC son reconocidos por su precisi\u00f3n y repetibilidad. Nos complace anunciar que\u00a0<\/span><strong><span>nuestro perfilador ahora est\u00e1 disponible en una configuraci\u00f3n port\u00e1til completamente nueva: \u00a1el IrisGO!<\/span><\/strong><span>\u00a0Env\u00ede, ensamble, recoja y empaque la unidad con facilidad.\u00a0<\/span><\/p>\n<p><span>Los DOT, los ingenieros de distrito, los contratistas de pavimentaci\u00f3n y las autoridades aeroportuarias conf\u00edan en los perfiladores de ICC. Cuando necesite mediciones de suavidad y datos de perfil repetibles, no deje nada al azar.<\/span><\/p>\n","protected":false},"featured_media":25021,"template":"","meta":{"_exactmetrics_skip_tracking":false,"_exactmetrics_sitenote_active":false,"_exactmetrics_sitenote_note":"","_exactmetrics_sitenote_category":0,"_monsterinsights_skip_tracking":false,"_monsterinsights_sitenote_active":false,"_monsterinsights_sitenote_note":"","_monsterinsights_sitenote_category":0},"product_brand":[],"product_cat":[258,261],"product_tag":[],"class_list":{"0":"post-25020","1":"product","2":"type-product","3":"status-publish","4":"has-post-thumbnail","6":"product_cat-arquitectura","7":"product_cat-utiles-de-medicion","9":"first","10":"instock","11":"shipping-taxable","12":"product-type-simple","13":"col-xxl","14":"col-xl-4","15":"col-lg-6","16":"col-sm-6"},"_links":{"self":[{"href":"https:\/\/kpn.com.uy\/web\/wp-json\/wp\/v2\/product\/25020","targetHints":{"allow":["GET"]}}],"collection":[{"href":"https:\/\/kpn.com.uy\/web\/wp-json\/wp\/v2\/product"}],"about":[{"href":"https:\/\/kpn.com.uy\/web\/wp-json\/wp\/v2\/types\/product"}],"wp:featuredmedia":[{"embeddable":true,"href":"https:\/\/kpn.com.uy\/web\/wp-json\/wp\/v2\/media\/25021"}],"wp:attachment":[{"href":"https:\/\/kpn.com.uy\/web\/wp-json\/wp\/v2\/media?parent=25020"}],"wp:term":[{"taxonomy":"product_brand","embeddable":true,"href":"https:\/\/kpn.com.uy\/web\/wp-json\/wp\/v2\/product_brand?post=25020"},{"taxonomy":"product_cat","embeddable":true,"href":"https:\/\/kpn.com.uy\/web\/wp-json\/wp\/v2\/product_cat?post=25020"},{"taxonomy":"product_tag","embeddable":true,"href":"https:\/\/kpn.com.uy\/web\/wp-json\/wp\/v2\/product_tag?post=25020"}],"curies":[{"name":"wp","href":"https:\/\/api.w.org\/{rel}","templated":true}]}}