{"id":25050,"date":"2025-05-27T11:02:24","date_gmt":"2025-05-27T14:02:24","guid":{"rendered":"https:\/\/kpn.com.uy\/web\/?post_type=product&#038;p=25050"},"modified":"2025-05-27T11:18:34","modified_gmt":"2025-05-27T14:18:34","slug":"mavic-3-multiespectral","status":"publish","type":"product","link":"https:\/\/kpn.com.uy\/web\/producto\/mavic-3-multiespectral\/","title":{"rendered":"Mavic 3 Multiespectral"},"content":{"rendered":"<p class=\"style__headline___1ripS style__headline-text___1tW5r\" data-aos=\"none\" data-aos-once=\"true\"><strong>Compacto y port\u00e1til: <\/strong>Plegable para f\u00e1cil almacenamiento<\/p>\n<p class=\"style__headline___1ripS style__headline-text___1tW5r\" data-aos=\"none\" data-aos-once=\"true\"><strong>C\u00e1mara multiespectral:<\/strong> 4 \u00d7 5 MP\u00a0 \/ G\/R\/RE\/NIR<\/p>\n<p class=\"style__headline___1ripS style__headline-text___1tW5r\" data-aos=\"none\" data-aos-once=\"true\"><strong>C\u00e1mara RGB <\/strong>CMOS 4\/3 de 20 MP, obturador mec\u00e1nico<\/p>\n<p class=\"style__headline___1ripS style__headline-text___1tW5r\" data-aos=\"none\" data-aos-once=\"true\"><strong>Seguro y estable: <\/strong>Evitaci\u00f3n de obst\u00e1culos omnidireccional.<sup>\u00a0<\/sup>Distancia de transmisi\u00f3n de 15 km<\/p>\n<p class=\"style__headline___1ripS style__headline-text___1tW5r\" data-aos=\"none\" data-aos-once=\"true\"><strong>Posicionamiento preciso:<\/strong> Posicionamiento RTK a nivel de cent\u00edmetros. Sincronizaci\u00f3n horaria a nivel de microsegundos<\/p>\n<p class=\"style__headline___1ripS style__headline-text___1tW5r\" data-aos=\"none\" data-aos-once=\"true\"><strong>Topograf\u00eda a\u00e9rea eficiente:<\/strong> Hasta 200 hect\u00e1reas por vuelo<\/p>\n<div class=\"style__imaging-system-text-wrapper___2HW_w\">\n<div class=\"style__imaging-system-text-duration-content___2hvpA\">\n<div class=\"\">\n<div class=\"style__text-content-lightImageSystemText___3b1rV\">Sistema de im\u00e1genes multiespectrales + RGB<\/div>\n<div class=\"style__text-content-ImageSystemTitle___2t1Yz\"><strong>Sistema de im\u00e1genes altamente integrado<\/strong><\/div>\n<p class=\"style__text-content-ImageSystemDesc___2SxKq\">Sistema de im\u00e1genes recientemente actualizado con una c\u00e1mara RGB de 20 MP y cuatro c\u00e1maras multiespectrales de 5 MP (verde, roja, borde rojo e infrarrojo cercano). Permite aplicaciones como topograf\u00eda a\u00e9rea de alta precisi\u00f3n, monitoreo del crecimiento de cultivos y estudios de recursos naturales.<\/p>\n<\/div>\n<\/div>\n<\/div>\n<div class=\"style__light-intensity-sensor-text-wrapper___2x52R\">\n<div class=\"\">\n<div class=\"style__light-intensity-sensor-text-title___U2x2h\">Sensor de luz solar<\/div>\n<p class=\"style__light-intensity-sensor-text-desc___3LbK4\">El sensor de luz solar integrado captura la irradiancia solar y la registra en un archivo de imagen, lo que permite la compensaci\u00f3n de luz de los datos de imagen durante la reconstrucci\u00f3n 2D. Esto produce resultados de NDVI m\u00e1s precisos, as\u00ed como una mayor precisi\u00f3n y consistencia de los datos adquiridos a lo largo del tiempo.<\/p>\n<h5 class=\"text-ms-24 style__eyebrow-text___1gRhT style__eyebrow___3m_hp\" data-aos=\"none\" data-aos-once=\"true\">M\u00f3dulo RTK<\/h5>\n<p class=\"style__headline___1ripS style__headline-text___1tW5r\" data-aos=\"none\" data-aos-once=\"true\"><strong>Im\u00e1genes precisas que capturan cada p\u00edxel<\/strong><\/p>\n<p class=\"text-ms-20 style__description___2V1Q7\" data-aos=\"none\" data-aos-once=\"true\">Mavic 3M con m\u00f3dulo RTK para posicionamiento centim\u00e9trico. El control de vuelo, la c\u00e1mara y el m\u00f3dulo RTK se sincronizan en microsegundos para capturar con precisi\u00f3n la ubicaci\u00f3n del centro de imagen de cada c\u00e1mara. Esto permite al Mavic 3M realizar levantamientos a\u00e9reos de alta precisi\u00f3n sin usar puntos de control terrestres.<\/p>\n<h5 class=\"style__headline___1ripS style__headline-text___1tW5r\" data-aos=\"none\" data-aos-once=\"true\">Duraci\u00f3n de la bater\u00eda eficiente y confiable<\/h5>\n<div style=\"width: 1136px;\" class=\"wp-video\"><!--[if lt IE 9]><script>document.createElement('video');<\/script><![endif]-->\n<video class=\"wp-video-shortcode\" id=\"video-25050-1\" width=\"1136\" height=\"852\" preload=\"metadata\" controls=\"controls\"><source type=\"video\/mp4\" src=\"https:\/\/kpn.com.uy\/web\/wp-content\/uploads\/2025\/05\/1cb03af0-d384-4949-946e-69e561805c21.mp4?_=1\" \/><a href=\"https:\/\/kpn.com.uy\/web\/wp-content\/uploads\/2025\/05\/1cb03af0-d384-4949-946e-69e561805c21.mp4\">https:\/\/kpn.com.uy\/web\/wp-content\/uploads\/2025\/05\/1cb03af0-d384-4949-946e-69e561805c21.mp4<\/a><\/video><\/div>\n<div id=\"38503\" class=\"section-content\" data-hydration-on-demand=\"true\" data-ga-category=\"ag\/mavic-3-m_38503\" data-component=\"8820e547\">\n<div class=\"atom-component\" tabindex=\"0\" role=\"button\">\n<div class=\"atom-design-v1 style__hero-vertical-component___2JEHR\">\n<div id=\"\" class=\"style__hero-vertical-wrapper___2mUEj style__media-screen-1440___2Mhdb\">\n<div class=\"style__vertical-card-list___LceQJ style__vertical-center-align___39Pu3\" data-aos=\"none\" data-aos-once=\"true\">\n<div class=\"style__vertical-card-col___3agtC\">\n<div class=\"atom-design-v1 style__hero-vertical-card___2B64y style__media-screen-1440___2do0U\">\n<div class=\"style__card-wrapper___3yqfZ style__vertical-center-align___3RP93 style__horizontal-center-align___YtBVc\" tabindex=\"0\" role=\"button\" data-ga-label=\"\">\n<div class=\"style__card-container___KPQkl style__size-xxxxxl___3-JTI\">\n<div class=\"style__text-content-container___1aLKY\">\n<h5 class=\"style__headline___1ripS style__headline-text___1tW5r\" data-aos=\"none\" data-aos-once=\"true\">Duraci\u00f3n de la bater\u00eda eficiente y confiable<\/h5>\n<\/div>\n<\/div>\n<\/div>\n<\/div>\n<\/div>\n<\/div>\n<\/div>\n<\/div>\n<\/div>\n<\/div>\n<div id=\"38504\" class=\"section-content\" data-hydration-on-demand=\"true\" data-ga-category=\"ag\/mavic-3-m_38504\">\n<div class=\"atom-component\" tabindex=\"0\" role=\"button\">\n<div class=\"atom-design-v1 style__hero-vertical-component___2JEHR\">\n<div id=\"\" class=\"style__hero-vertical-wrapper___2mUEj style__media-screen-1440___2Mhdb\">\n<div class=\"style__vertical-card-list___LceQJ style__vertical-center-align___39Pu3\" data-aos=\"none\" data-aos-once=\"true\">\n<div class=\"style__vertical-card-col___3agtC\">\n<div class=\"atom-design-v1 style__hero-vertical-card___2B64y style__media-screen-1440___2do0U\">\n<div class=\"style__card-wrapper___3yqfZ style__vertical-center-align___3RP93 style__horizontal-left-align___3tk_z\" tabindex=\"0\" role=\"button\" data-ga-label=\"\">\n<div class=\"style__card-container___KPQkl style__size-m___QlNqG\">\n<div class=\"style__text-content-container___1aLKY\">\n<p class=\"text-ms-32 style__headline___1ripS style__headline-text___1tW5r\" data-aos=\"none\" data-aos-once=\"true\"><strong>Bater\u00eda de duraci\u00f3n ultralarga, r\u00e1fagas r\u00e1pidas<\/strong><\/p>\n<div class=\"style__icons-container___1CoW-\">\n<div class=\"style__icon-row-container___3A3EC\">\n<div class=\"style__icon-col-container___2pohI\" data-aos=\"none\" data-aos-once=\"true\">\n<div class=\"style__icon-item___UZU5k style__image-text___7HoYo\">\n<div class=\"style__icon-number-container___2cK9V\"><span class=\"style__icon-number___2OOlV\">43 minutos . <\/span>Un solo vuelo puede completar operaciones de mapeo en un \u00e1rea de 200 hect\u00e1reas.<\/div>\n<div>\n<p><img fetchpriority=\"high\" decoding=\"async\" class=\"\" src=\"https:\/\/www-cdn.djiits.com\/dps\/09d051de6f793363e331422963aabf1b.jpg\" alt=\"Mavic 3 multiespectral\" width=\"330\" height=\"248\" \/><\/p>\n<h5 class=\"text-ms-32 style__headline___1ripS style__headline-text___1tW5r\" data-aos=\"none\" data-aos-once=\"true\">Carga r\u00e1pida<\/h5>\n<div class=\"style__icons-container___1CoW-\">\n<div class=\"style__icon-row-container___3A3EC\">\n<div class=\"style__icon-col-container___2pohI\" data-aos=\"none\" data-aos-once=\"true\">\n<div class=\"style__icon-item___UZU5k style__image-text___7HoYo\">\n<div class=\"style__icon-number-container___2cK9V\"><span class=\"style__icon-number___2OOlV\">Centro de carga de bater\u00eda de 100 W<\/span><\/div>\n<p class=\"text-ms-20 style__icon-desc___Otw9j\">Carga r\u00e1pida de alta eficiencia<\/p>\n<\/div>\n<\/div>\n<\/div>\n<div class=\"style__icon-row-container___3A3EC\">\n<div class=\"style__icon-col-container___2pohI\" data-aos=\"none\" data-aos-once=\"true\">\n<div class=\"style__icon-item___UZU5k style__image-text___7HoYo\">\n<div class=\"style__icon-number-container___2cK9V\"><span class=\"style__icon-number___2OOlV\">Carga r\u00e1pida de 88 W<\/span><\/div>\n<p class=\"text-ms-20 style__icon-desc___Otw9j\">Aeronave<\/p>\n<h5 class=\"style__headline___1ripS style__headline-text___1tW5r\" data-aos=\"none\" data-aos-once=\"true\">Se\u00f1al estable, transmisi\u00f3n de imagen fluida.<\/h5>\n<p>La transmisi\u00f3n O3 integra dos se\u00f1ales de transmisi\u00f3n y cuatro se\u00f1ales de recepci\u00f3n para soportar distancias de transmisi\u00f3n ultralargas de 15 km.<\/p>\n<div style=\"width: 1136px;\" class=\"wp-video\"><video class=\"wp-video-shortcode\" id=\"video-25050-2\" width=\"1136\" height=\"757\" preload=\"metadata\" controls=\"controls\"><source type=\"video\/mp4\" src=\"https:\/\/kpn.com.uy\/web\/wp-content\/uploads\/2025\/05\/92501ffa-a51c-4081-b921-c5c0ce26d7d7.mp4?_=2\" \/><a href=\"https:\/\/kpn.com.uy\/web\/wp-content\/uploads\/2025\/05\/92501ffa-a51c-4081-b921-c5c0ce26d7d7.mp4\">https:\/\/kpn.com.uy\/web\/wp-content\/uploads\/2025\/05\/92501ffa-a51c-4081-b921-c5c0ce26d7d7.mp4<\/a><\/video><\/div>\n<h3 class=\"style__headline___1ripS style__headline-text___1tW5r\" data-aos=\"none\" data-aos-once=\"true\">Detecci\u00f3n de obst\u00e1culos omnidireccional\u00a0, topograf\u00eda a\u00e9rea con seguimiento del terreno<\/h3>\n<p class=\"text-ms-16 style__description___2V1Q7\" data-aos=\"none\" data-aos-once=\"true\">La aeronave cuenta con m\u00faltiples sensores de visi\u00f3n de amplio campo de visi\u00f3n que detectan con precisi\u00f3n obst\u00e1culos en todas direcciones para una evasi\u00f3n omnidireccional. El seguimiento del terreno permite realizar f\u00e1cilmente estudios a\u00e9reos en terrenos con pendientes pronunciadas.<\/p>\n<h2 class=\"style__headline___1ripS style__headline-text___1tW5r\" data-aos=\"none\" data-aos-once=\"true\">Aplicaciones<\/h2>\n<div class=\"style__title___2VH5C\"><strong>Mapeo de huertos: <\/strong>El Mavic 3M permite la topograf\u00eda a\u00e9rea de huertos con seguimiento del terreno, incluso en terrenos con pendiente. Junto con DJI Terra o DJI SmartFarm Web, permite reconstruir mapas de huertos de alta resoluci\u00f3n, identificar autom\u00e1ticamente el n\u00famero de \u00e1rboles, distinguirlos de otros obst\u00e1culos u objetos y generar rutas de operaci\u00f3n tridimensionales para drones agr\u00edcolas, lo que aumenta la seguridad y la eficiencia de las operaciones.<\/div>\n<div><\/div>\n<div>\n<div class=\"style__title___2VH5C\"><strong>Gu\u00eda de aplicaciones de tasa variable: <\/strong>Para la fertilizaci\u00f3n del arroz, la regulaci\u00f3n del crecimiento del algod\u00f3n y la pulverizaci\u00f3n de fertilizantes foliares en papa, el Mavic 3M se utiliza para obtener im\u00e1genes multiespectrales de los cultivos. DJI Terra o DJI SmartFarm Web \u00a0pueden generar mapas de NDVI y otros \u00edndices de vegetaci\u00f3n, capturando las diferencias en el potencial del cultivo y generando mapas de prescripci\u00f3n que permiten a los drones agr\u00edcolas realizar aplicaciones de dosis variable. Esto, en \u00faltima instancia, permite a los usuarios reducir costos, aumentar la producci\u00f3n y proteger el medio ambiente.<\/div>\n<div>\n<p class=\"text-ms-32 style__headline___1ripS style__headline-text___1tW5r\" data-aos=\"none\" data-aos-once=\"true\"><strong>Exploraci\u00f3n de campo inteligente: <\/strong>El Mavic 3M puede realizar reconocimiento autom\u00e1tico de campos. Las im\u00e1genes obtenidas se pueden subir a la web DJI SmartFarm \u00a0en tiempo real a trav\u00e9s de una red 4G. Tambi\u00e9n puede realizar an\u00e1lisis inteligentes, como la identificaci\u00f3n de pl\u00e1ntulas de algod\u00f3n y las pruebas de producci\u00f3n de arroz, para compartir informaci\u00f3n sobre el crecimiento de los cultivos en tiempo real, guiar las actividades agron\u00f3micas y facilitar la gesti\u00f3n de 70 hect\u00e1reas de tierras de cultivo por una sola persona.<\/p>\n<p class=\"style__headline___1ripS style__headline-text___1tW5r\" data-aos=\"none\" data-aos-once=\"true\"><strong>Monitoreo Ambiental y Encuesta de Recursos Naturales: <\/strong>El Mavic 3M tambi\u00e9n se puede utilizar en estudios medioambientales y de recursos naturales, como por ejemplo en el monitoreo del enriquecimiento de agua, estudios de distribuci\u00f3n forestal, estudios de \u00e1reas verdes urbanas y m\u00e1s.<\/p>\n<\/div>\n<\/div>\n<div><\/div>\n<\/div>\n<\/div>\n<\/div>\n<\/div>\n<\/div>\n<\/div>\n<\/div>\n<\/div>\n<\/div>\n<\/div>\n<\/div>\n<\/div>\n<\/div>\n<\/div>\n<\/div>\n<\/div>\n<\/div>\n<\/div>\n<\/div>\n<\/div>\n<\/div>\n","protected":false},"excerpt":{"rendered":"<p>Una topograf\u00eda a\u00e9rea eficaz necesita ver lo invisible. Por eso, el Mavic 3 Multispectral cuenta con dos tipos de visi\u00f3n. Combina una c\u00e1mara RGB con una c\u00e1mara multiespectral para escanear y analizar el crecimiento de los cultivos con total claridad. La gesti\u00f3n de la producci\u00f3n agr\u00edcola requiere precisi\u00f3n y datos, y el Mavic 3M ofrece ambos.<\/p>\n[video width=\"1200\" height=\"674\" mp4=\"https:\/\/kpn.com.uy\/web\/wp-content\/uploads\/2025\/05\/b9cc6b7d-eb42-49a8-ac14-595a8edab4c4.mp4\"][\/video]\n<p>&nbsp;<\/p>\n[maxbutton id=\"1\" url=\"https:\/\/drive.google.com\/file\/d\/1yAp4XlHdyi10cAAxYD5vOHzub1e5MuEr\/view?usp=sharing\" text=\"DESCARGAR PDF\" window=\"new\" ]\n","protected":false},"featured_media":25055,"template":"","meta":{"_exactmetrics_skip_tracking":false,"_exactmetrics_sitenote_active":false,"_exactmetrics_sitenote_note":"","_exactmetrics_sitenote_category":0,"_monsterinsights_skip_tracking":false,"_monsterinsights_sitenote_active":false,"_monsterinsights_sitenote_note":"","_monsterinsights_sitenote_category":0},"product_brand":[],"product_cat":[314],"product_tag":[],"class_list":{"0":"post-25050","1":"product","2":"type-product","3":"status-publish","4":"has-post-thumbnail","6":"product_cat-drones","8":"first","9":"instock","10":"shipping-taxable","11":"product-type-simple","12":"col-xxl","13":"col-xl-4","14":"col-lg-6","15":"col-sm-6"},"_links":{"self":[{"href":"https:\/\/kpn.com.uy\/web\/wp-json\/wp\/v2\/product\/25050","targetHints":{"allow":["GET"]}}],"collection":[{"href":"https:\/\/kpn.com.uy\/web\/wp-json\/wp\/v2\/product"}],"about":[{"href":"https:\/\/kpn.com.uy\/web\/wp-json\/wp\/v2\/types\/product"}],"wp:featuredmedia":[{"embeddable":true,"href":"https:\/\/kpn.com.uy\/web\/wp-json\/wp\/v2\/media\/25055"}],"wp:attachment":[{"href":"https:\/\/kpn.com.uy\/web\/wp-json\/wp\/v2\/media?parent=25050"}],"wp:term":[{"taxonomy":"product_brand","embeddable":true,"href":"https:\/\/kpn.com.uy\/web\/wp-json\/wp\/v2\/product_brand?post=25050"},{"taxonomy":"product_cat","embeddable":true,"href":"https:\/\/kpn.com.uy\/web\/wp-json\/wp\/v2\/product_cat?post=25050"},{"taxonomy":"product_tag","embeddable":true,"href":"https:\/\/kpn.com.uy\/web\/wp-json\/wp\/v2\/product_tag?post=25050"}],"curies":[{"name":"wp","href":"https:\/\/api.w.org\/{rel}","templated":true}]}}